{"id":217117,"date":"2021-12-02T18:53:51","date_gmt":"2021-12-02T18:53:51","guid":{"rendered":"https:\/\/doremimusical.com.br\/2019\/?post_type=product&#038;p=217117"},"modified":"2021-12-02T18:57:54","modified_gmt":"2021-12-02T18:57:54","slug":"piano-yamaha-p125b-digital-compacto-com-fonte-preto","status":"publish","type":"product","link":"https:\/\/doremimusical.com.br\/2019\/produto\/piano-yamaha-p125b-digital-compacto-com-fonte-preto\/","title":{"rendered":"Piano Yamaha P125B Digital Compacto com Fonte Preto"},"content":{"rendered":"<p><strong>Um cl\u00e1ssico moderno<\/strong><br \/>\nO design modesto do P-125 foi criado pensando na acessibilidade para o usu\u00e1rio. Com o objetivo de ser o mais f\u00e1cil de utilizar e acess\u00edvel poss\u00edvel, cada elemento do P-125 foi desenvolvido para ajudar o m\u00fasico a se manter focado em tocar. A reflex\u00e3o de luz m\u00ednima de sua superf\u00edcie cont\u00ednua e o discreto design de alto falantes todos trabalham em conjunto para atingir um acabamento lindo e elegante.<\/p>\n<p>&#8211; Modelo: P-125 B<br \/>\n&#8211; N\u00famero de Teclas: 88<br \/>\n&#8211; Polifonia M\u00e1xima: 192 Vozes<br \/>\n&#8211; A\u00e7\u00e3o de tecla: Graded hammer standard (GHS) keyboard, acabamento fosco nas teclas pretas<br \/>\n&#8211; Sensibilidade ao toque: Hard\/medium\/soft\/fixed<br \/>\n&#8211; Tecnologia: Pure CF Sound Engine<br \/>\n&#8211; Otimizador estereof\u00f4nico (Stereophonic Optimizer)<br \/>\n&#8211; Integra\u00e7\u00e3o com o app &#8216;Smart Pianist&#8217; para iOS<br \/>\n&#8211; Novos Ritmos<br \/>\n&#8211; Novo Tweeter recentemente desenvolvido<\/p>\n<p><strong>ITENS INCLUSOS:<\/strong><br \/>\n&#8211; 01 Piano Digital<br \/>\n&#8211; 01 Porta Partitura<br \/>\n&#8211; 01 Fonte (Adaptador AC)<br \/>\n&#8211; 01 Pedal de Sustain<\/p>\n","protected":false},"excerpt":{"rendered":"<p><img loading=\"lazy\" class=\"alignnone size-full wp-image-211708\" src=\"https:\/\/doremimusical.com.br\/2019\/wp-content\/uploads\/2019\/07\/Yamaha1.png\" alt=\"\" width=\"179\" height=\"41\" srcset=\"https:\/\/doremimusical.com.br\/2019\/wp-content\/uploads\/2019\/07\/Yamaha1.png 179w, https:\/\/doremimusical.com.br\/2019\/wp-content\/uploads\/2019\/07\/Yamaha1-150x34.png 150w\" sizes=\"(max-width: 179px) 100vw, 179px\" \/><\/p>\n","protected":false},"featured_media":217121,"template":"","meta":{"_et_pb_use_builder":"","_et_pb_old_content":"","_et_gb_content_width":""},"product_cat":[79,136,141],"product_tag":[],"_links":{"self":[{"href":"https:\/\/doremimusical.com.br\/2019\/wp-json\/wp\/v2\/product\/217117"}],"collection":[{"href":"https:\/\/doremimusical.com.br\/2019\/wp-json\/wp\/v2\/product"}],"about":[{"href":"https:\/\/doremimusical.com.br\/2019\/wp-json\/wp\/v2\/types\/product"}],"wp:featuredmedia":[{"embeddable":true,"href":"https:\/\/doremimusical.com.br\/2019\/wp-json\/wp\/v2\/media\/217121"}],"wp:attachment":[{"href":"https:\/\/doremimusical.com.br\/2019\/wp-json\/wp\/v2\/media?parent=217117"}],"wp:term":[{"taxonomy":"product_cat","embeddable":true,"href":"https:\/\/doremimusical.com.br\/2019\/wp-json\/wp\/v2\/product_cat?post=217117"},{"taxonomy":"product_tag","embeddable":true,"href":"https:\/\/doremimusical.com.br\/2019\/wp-json\/wp\/v2\/product_tag?post=217117"}],"curies":[{"name":"wp","href":"https:\/\/api.w.org\/{rel}","templated":true}]}}