{"id":217021,"date":"2021-11-16T21:20:04","date_gmt":"2021-11-16T21:20:04","guid":{"rendered":"https:\/\/doremimusical.com.br\/2019\/?post_type=product&#038;p=217021"},"modified":"2021-11-16T21:21:07","modified_gmt":"2021-11-16T21:21:07","slug":"canoa-para-tom-tom-dlb03","status":"publish","type":"product","link":"https:\/\/doremimusical.com.br\/2019\/produto\/canoa-para-tom-tom-dlb03\/","title":{"rendered":"Canoa para Tom Tom DLB03"},"content":{"rendered":"<p style=\"text-align: left;\">Caracter\u00edsticas<\/p>\n<p>&#8211; Canoa compat\u00edvel com tons e surdos<br \/>\n&#8211; Marca: premium<br \/>\n&#8211; Modelo: DLB03<br \/>\n&#8211; Cor: cromada<br \/>\n&#8211; Material de constru\u00e7\u00e3o: Liga de Metal<br \/>\n&#8211; Acompanha parafusos de fixa\u00e7\u00e3o<br \/>\n-Dist\u00e2ncia entre furos de fixa\u00e7\u00e3o de 25mm<\/p>\n","protected":false},"excerpt":{"rendered":"<p><img loading=\"lazy\" class=\"alignnone size-full wp-image-216974\" src=\"https:\/\/doremimusical.com.br\/2019\/wp-content\/uploads\/2021\/11\/musimax.png\" alt=\"\" width=\"160\" height=\"52\" \/><\/p>\n","protected":false},"featured_media":217022,"template":"","meta":{"_et_pb_use_builder":"","_et_pb_old_content":"","_et_gb_content_width":""},"product_cat":[79,82,636,330],"product_tag":[],"_links":{"self":[{"href":"https:\/\/doremimusical.com.br\/2019\/wp-json\/wp\/v2\/product\/217021"}],"collection":[{"href":"https:\/\/doremimusical.com.br\/2019\/wp-json\/wp\/v2\/product"}],"about":[{"href":"https:\/\/doremimusical.com.br\/2019\/wp-json\/wp\/v2\/types\/product"}],"wp:featuredmedia":[{"embeddable":true,"href":"https:\/\/doremimusical.com.br\/2019\/wp-json\/wp\/v2\/media\/217022"}],"wp:attachment":[{"href":"https:\/\/doremimusical.com.br\/2019\/wp-json\/wp\/v2\/media?parent=217021"}],"wp:term":[{"taxonomy":"product_cat","embeddable":true,"href":"https:\/\/doremimusical.com.br\/2019\/wp-json\/wp\/v2\/product_cat?post=217021"},{"taxonomy":"product_tag","embeddable":true,"href":"https:\/\/doremimusical.com.br\/2019\/wp-json\/wp\/v2\/product_tag?post=217021"}],"curies":[{"name":"wp","href":"https:\/\/api.w.org\/{rel}","templated":true}]}}