{"id":217018,"date":"2021-11-16T21:06:40","date_gmt":"2021-11-16T21:06:40","guid":{"rendered":"https:\/\/doremimusical.com.br\/2019\/?post_type=product&#038;p=217018"},"modified":"2021-11-16T21:08:16","modified_gmt":"2021-11-16T21:08:16","slug":"canoa-para-caixa-pemium-dlb02","status":"publish","type":"product","link":"https:\/\/doremimusical.com.br\/2019\/produto\/canoa-para-caixa-pemium-dlb02\/","title":{"rendered":"Canoa para Caixa Pemium DLB02"},"content":{"rendered":"<p>Canoa para Caixa de bateria &#8211; Marca: PREMIUM &#8211; Modelo: DLB02 &#8211; Cor: cromada &#8211; Material de constru\u00e7\u00e3o: Liga de Metal &#8211; Acompanha parafusos de fixa\u00e7\u00e3o -Dist\u00e2ncia do centro de um parafuso ao outro \u00e9 de 3 cm -Medidas: 4,6 cm comprimento x 2,3 cm de altura x 2,5 cm de largura<\/p>\n","protected":false},"excerpt":{"rendered":"<p><img loading=\"lazy\" class=\"alignnone size-full wp-image-216974\" src=\"https:\/\/doremimusical.com.br\/2019\/wp-content\/uploads\/2021\/11\/musimax.png\" alt=\"\" width=\"160\" height=\"52\" \/><\/p>\n","protected":false},"featured_media":217020,"template":"","meta":{"_et_pb_use_builder":"","_et_pb_old_content":"","_et_gb_content_width":""},"product_cat":[79,82,636,330],"product_tag":[],"_links":{"self":[{"href":"https:\/\/doremimusical.com.br\/2019\/wp-json\/wp\/v2\/product\/217018"}],"collection":[{"href":"https:\/\/doremimusical.com.br\/2019\/wp-json\/wp\/v2\/product"}],"about":[{"href":"https:\/\/doremimusical.com.br\/2019\/wp-json\/wp\/v2\/types\/product"}],"wp:featuredmedia":[{"embeddable":true,"href":"https:\/\/doremimusical.com.br\/2019\/wp-json\/wp\/v2\/media\/217020"}],"wp:attachment":[{"href":"https:\/\/doremimusical.com.br\/2019\/wp-json\/wp\/v2\/media?parent=217018"}],"wp:term":[{"taxonomy":"product_cat","embeddable":true,"href":"https:\/\/doremimusical.com.br\/2019\/wp-json\/wp\/v2\/product_cat?post=217018"},{"taxonomy":"product_tag","embeddable":true,"href":"https:\/\/doremimusical.com.br\/2019\/wp-json\/wp\/v2\/product_tag?post=217018"}],"curies":[{"name":"wp","href":"https:\/\/api.w.org\/{rel}","templated":true}]}}