{"id":216979,"date":"2021-11-09T21:04:47","date_gmt":"2021-11-09T21:04:47","guid":{"rendered":"https:\/\/doremimusical.com.br\/2019\/?post_type=product&#038;p=216979"},"modified":"2021-11-09T21:04:48","modified_gmt":"2021-11-09T21:04:48","slug":"estante-de-caixa-premium-ss310","status":"publish","type":"product","link":"https:\/\/doremimusical.com.br\/2019\/produto\/estante-de-caixa-premium-ss310\/","title":{"rendered":"Estante de Caixa Premium SS310"},"content":{"rendered":"<p>A Estante Caixa Premium SS 310, \u00e9 um produto que combina qualidade e pre\u00e7o acess\u00edvel. Sem d\u00favida nenhuma um excelente custo-benef\u00edcio.<\/p>\n<p>A Premium \u00e9 uma empresa fabricante de acess\u00f3rios de percuss\u00e3o que oferece uma ampla gama de produtos de qualidade e pre\u00e7o acess\u00edvel.<\/p>\n<p>Estante Premium SS 310 para caixa. Um produto resistente feito em metal, pr\u00e1tico e de f\u00e1cil montagem em palcos ou est\u00fadios. Com duas regulagens de tamanho e uma de \u00e2ngulo, possui a constru\u00e7\u00e3o do pedestal tubular, base com ferragem dupla e p\u00e9s emborrachados que oferecem estabilidade e firmeza nas performances.<\/p>\n<p>Caracter\u00edsticas Gerais<\/p>\n<p>&#8211; Modelo SS 310<br \/>\n&#8211; C\u00f3digo Fornecedor 3641<br \/>\n&#8211; Material Metal<br \/>\n&#8211; Cor Cromado com detalhes pretos<br \/>\n&#8211; Acabamento Cromado<br \/>\n&#8211; Regulador de tamanho e \u00e2ngulo<\/p>\n","protected":false},"excerpt":{"rendered":"<p><img loading=\"lazy\" class=\"alignnone size-full wp-image-216974\" src=\"https:\/\/doremimusical.com.br\/2019\/wp-content\/uploads\/2021\/11\/musimax.png\" alt=\"\" width=\"160\" height=\"52\" \/><\/p>\n","protected":false},"featured_media":216980,"template":"","meta":{"_et_pb_use_builder":"","_et_pb_old_content":"","_et_gb_content_width":""},"product_cat":[79,82,632,330],"product_tag":[],"_links":{"self":[{"href":"https:\/\/doremimusical.com.br\/2019\/wp-json\/wp\/v2\/product\/216979"}],"collection":[{"href":"https:\/\/doremimusical.com.br\/2019\/wp-json\/wp\/v2\/product"}],"about":[{"href":"https:\/\/doremimusical.com.br\/2019\/wp-json\/wp\/v2\/types\/product"}],"wp:featuredmedia":[{"embeddable":true,"href":"https:\/\/doremimusical.com.br\/2019\/wp-json\/wp\/v2\/media\/216980"}],"wp:attachment":[{"href":"https:\/\/doremimusical.com.br\/2019\/wp-json\/wp\/v2\/media?parent=216979"}],"wp:term":[{"taxonomy":"product_cat","embeddable":true,"href":"https:\/\/doremimusical.com.br\/2019\/wp-json\/wp\/v2\/product_cat?post=216979"},{"taxonomy":"product_tag","embeddable":true,"href":"https:\/\/doremimusical.com.br\/2019\/wp-json\/wp\/v2\/product_tag?post=216979"}],"curies":[{"name":"wp","href":"https:\/\/api.w.org\/{rel}","templated":true}]}}