{"id":216937,"date":"2021-10-15T22:03:59","date_gmt":"2021-10-15T22:03:59","guid":{"rendered":"https:\/\/doremimusical.com.br\/2019\/?post_type=product&#038;p=216937"},"modified":"2021-10-15T22:03:59","modified_gmt":"2021-10-15T22:03:59","slug":"baqueta-liverpool-gospel-series-principe-da-paz-5b-ponta-de-madeira-marfim","status":"publish","type":"product","link":"https:\/\/doremimusical.com.br\/2019\/produto\/baqueta-liverpool-gospel-series-principe-da-paz-5b-ponta-de-madeira-marfim\/","title":{"rendered":"Baqueta Liverpool Gospel Series Pr\u00edncipe da Paz 5B Ponta de Madeira &#8211; Marfim"},"content":{"rendered":"<p>Modelo indicado para uma pegada mais forte. Proporciona uma sonoridade mais encorpada. Apresenta acabamento encerado com ilustra\u00e7\u00e3o Pr\u00edncipe da Paz.<br \/>\nEspecifica\u00e7\u00f5es t\u00e9cnicas:<br \/>\ncomp. 420mm<br \/>\ndia. 16mm<br \/>\nL. 16 1\/2\u00b4\u00b4 D. 0,626\u00b4\u00b4<\/p>\n","protected":false},"excerpt":{"rendered":"<p><img loading=\"lazy\" class=\"alignnone size-full wp-image-212351\" src=\"https:\/\/doremimusical.com.br\/2019\/wp-content\/uploads\/2019\/09\/Liverpool.png\" alt=\"\" width=\"157\" height=\"41\" srcset=\"https:\/\/doremimusical.com.br\/2019\/wp-content\/uploads\/2019\/09\/Liverpool.png 157w, https:\/\/doremimusical.com.br\/2019\/wp-content\/uploads\/2019\/09\/Liverpool-150x39.png 150w\" sizes=\"(max-width: 157px) 100vw, 157px\" \/><\/p>\n","protected":false},"featured_media":216939,"template":"","meta":{"_et_pb_use_builder":"","_et_pb_old_content":"","_et_gb_content_width":""},"product_cat":[79,82,488,629,330],"product_tag":[],"_links":{"self":[{"href":"https:\/\/doremimusical.com.br\/2019\/wp-json\/wp\/v2\/product\/216937"}],"collection":[{"href":"https:\/\/doremimusical.com.br\/2019\/wp-json\/wp\/v2\/product"}],"about":[{"href":"https:\/\/doremimusical.com.br\/2019\/wp-json\/wp\/v2\/types\/product"}],"wp:featuredmedia":[{"embeddable":true,"href":"https:\/\/doremimusical.com.br\/2019\/wp-json\/wp\/v2\/media\/216939"}],"wp:attachment":[{"href":"https:\/\/doremimusical.com.br\/2019\/wp-json\/wp\/v2\/media?parent=216937"}],"wp:term":[{"taxonomy":"product_cat","embeddable":true,"href":"https:\/\/doremimusical.com.br\/2019\/wp-json\/wp\/v2\/product_cat?post=216937"},{"taxonomy":"product_tag","embeddable":true,"href":"https:\/\/doremimusical.com.br\/2019\/wp-json\/wp\/v2\/product_tag?post=216937"}],"curies":[{"name":"wp","href":"https:\/\/api.w.org\/{rel}","templated":true}]}}