{"id":216893,"date":"2021-10-14T14:01:54","date_gmt":"2021-10-14T14:01:54","guid":{"rendered":"https:\/\/doremimusical.com.br\/2019\/?post_type=product&#038;p=216893"},"modified":"2021-10-14T14:01:55","modified_gmt":"2021-10-14T14:01:55","slug":"vassourinha-liverpool-classic-medium-brush-aco","status":"publish","type":"product","link":"https:\/\/doremimusical.com.br\/2019\/produto\/vassourinha-liverpool-classic-medium-brush-aco\/","title":{"rendered":"Vassourinha Liverpool &#8211; Classic Medium Brush A\u00e7o"},"content":{"rendered":"<p>O comprimento da extremidade do cabo at\u00e9 as pontas das cerdas est\u00e1 na m\u00e9dia de 32,5 cm. O leque de abertura total das cerdas fica em torno de 8 a 9 cm. Possui menor quantidade de cerdas, mais grossas, menos flex\u00edveis e de peso \u201cm\u00e9dio-leve\u201d. Cabo de alum\u00ednio no comprimento de 17,8 cm e di\u00e2metro de 1,38 cm, revestido com uma camada pl\u00e1stica.<\/p>\n","protected":false},"excerpt":{"rendered":"<p><img loading=\"lazy\" class=\"alignnone size-full wp-image-212351\" src=\"https:\/\/doremimusical.com.br\/2019\/wp-content\/uploads\/2019\/09\/Liverpool.png\" alt=\"\" width=\"157\" height=\"41\" srcset=\"https:\/\/doremimusical.com.br\/2019\/wp-content\/uploads\/2019\/09\/Liverpool.png 157w, https:\/\/doremimusical.com.br\/2019\/wp-content\/uploads\/2019\/09\/Liverpool-150x39.png 150w\" sizes=\"(max-width: 157px) 100vw, 157px\" \/><\/p>\n","protected":false},"featured_media":216895,"template":"","meta":{"_et_pb_use_builder":"","_et_pb_old_content":"","_et_gb_content_width":""},"product_cat":[79,82,488,629,330],"product_tag":[],"_links":{"self":[{"href":"https:\/\/doremimusical.com.br\/2019\/wp-json\/wp\/v2\/product\/216893"}],"collection":[{"href":"https:\/\/doremimusical.com.br\/2019\/wp-json\/wp\/v2\/product"}],"about":[{"href":"https:\/\/doremimusical.com.br\/2019\/wp-json\/wp\/v2\/types\/product"}],"wp:featuredmedia":[{"embeddable":true,"href":"https:\/\/doremimusical.com.br\/2019\/wp-json\/wp\/v2\/media\/216895"}],"wp:attachment":[{"href":"https:\/\/doremimusical.com.br\/2019\/wp-json\/wp\/v2\/media?parent=216893"}],"wp:term":[{"taxonomy":"product_cat","embeddable":true,"href":"https:\/\/doremimusical.com.br\/2019\/wp-json\/wp\/v2\/product_cat?post=216893"},{"taxonomy":"product_tag","embeddable":true,"href":"https:\/\/doremimusical.com.br\/2019\/wp-json\/wp\/v2\/product_tag?post=216893"}],"curies":[{"name":"wp","href":"https:\/\/api.w.org\/{rel}","templated":true}]}}