{"id":216819,"date":"2021-09-29T15:14:05","date_gmt":"2021-09-29T15:14:05","guid":{"rendered":"https:\/\/doremimusical.com.br\/2019\/?post_type=product&#038;p=216819"},"modified":"2021-09-29T15:14:06","modified_gmt":"2021-09-29T15:14:06","slug":"metodo-harmonia-e-improvisacao-vol-i-almir-chediak","status":"publish","type":"product","link":"https:\/\/doremimusical.com.br\/2019\/produto\/metodo-harmonia-e-improvisacao-vol-i-almir-chediak\/","title":{"rendered":"M\u00c9TODO HARMONIA E IMPROVISA\u00c7\u00c3O &#8211; VOL. I Almir Chediak"},"content":{"rendered":"<p>Neste primeiro volume da s\u00e9rie, Almir Chediak explica os elementos b\u00e1sicos da m\u00fasica, no\u00e7\u00f5es de estrutura de acordes, tipos de modula\u00e7\u00e3o, harmonia modal e fundamentos da harmonia funcional. De forma clara e objetiva estuda os intervalos usados em cifras e aplica\u00e7\u00e3o pr\u00e1tica desses intervalos na forma\u00e7\u00e3o e reconhecimento dos acordes. S\u00e3o analisadas 70 m\u00fasicas do repert\u00f3rio popular, para o estudante praticar os conceitos expostos no livro.<\/p>\n","protected":false},"excerpt":{"rendered":"<p><img loading=\"lazy\" class=\"alignnone size-full wp-image-216781\" src=\"https:\/\/doremimusical.com.br\/2019\/wp-content\/uploads\/2021\/09\/logo2-1.png\" alt=\"\" width=\"97\" height=\"115\" \/><\/p>\n","protected":false},"featured_media":216820,"template":"","meta":{"_et_pb_use_builder":"","_et_pb_old_content":"","_et_gb_content_width":""},"product_cat":[79,82,628,626],"product_tag":[],"_links":{"self":[{"href":"https:\/\/doremimusical.com.br\/2019\/wp-json\/wp\/v2\/product\/216819"}],"collection":[{"href":"https:\/\/doremimusical.com.br\/2019\/wp-json\/wp\/v2\/product"}],"about":[{"href":"https:\/\/doremimusical.com.br\/2019\/wp-json\/wp\/v2\/types\/product"}],"wp:featuredmedia":[{"embeddable":true,"href":"https:\/\/doremimusical.com.br\/2019\/wp-json\/wp\/v2\/media\/216820"}],"wp:attachment":[{"href":"https:\/\/doremimusical.com.br\/2019\/wp-json\/wp\/v2\/media?parent=216819"}],"wp:term":[{"taxonomy":"product_cat","embeddable":true,"href":"https:\/\/doremimusical.com.br\/2019\/wp-json\/wp\/v2\/product_cat?post=216819"},{"taxonomy":"product_tag","embeddable":true,"href":"https:\/\/doremimusical.com.br\/2019\/wp-json\/wp\/v2\/product_tag?post=216819"}],"curies":[{"name":"wp","href":"https:\/\/api.w.org\/{rel}","templated":true}]}}