{"id":216815,"date":"2021-09-29T15:04:01","date_gmt":"2021-09-29T15:04:01","guid":{"rendered":"https:\/\/doremimusical.com.br\/2019\/?post_type=product&#038;p=216815"},"modified":"2021-09-29T15:04:02","modified_gmt":"2021-09-29T15:04:02","slug":"metodo-schmoll-musica-para-orgao-ana-mary-de-cervantes","status":"publish","type":"product","link":"https:\/\/doremimusical.com.br\/2019\/produto\/metodo-schmoll-musica-para-orgao-ana-mary-de-cervantes\/","title":{"rendered":"M\u00c9TODO SCHMOLL &#8211; M\u00daSICA PARA \u00d3RG\u00c3O Ana Mary de Cervantes"},"content":{"rendered":"<p>Este m\u00e9todo cont\u00e9m pe\u00e7as musicais compostas pelo celebrado educador e compositor franc\u00eas Schmoll. As melodias s\u00e3o criativas e trabalham tecnicamente toda a extens\u00e3o do teclado do \u00f3rg\u00e3o eletr\u00f4nico, com v\u00e1rios elementos r\u00edtmicos e harm\u00f4nicos. Toda a teoria \u00e9 aplicativa, o que favorece a compreens\u00e3o das pe\u00e7as musicais e conduz o aluno \u00e0 r\u00e1pida inser\u00e7\u00e3o musical e dom\u00ednio do \u00f3rg\u00e3o eletr\u00f4nico com pedaleira de uma oitava.<\/p>\n","protected":false},"excerpt":{"rendered":"<p><img loading=\"lazy\" class=\"alignnone size-full wp-image-216781\" src=\"https:\/\/doremimusical.com.br\/2019\/wp-content\/uploads\/2021\/09\/logo2-1.png\" alt=\"\" width=\"97\" height=\"115\" \/><\/p>\n","protected":false},"featured_media":216816,"template":"","meta":{"_et_pb_use_builder":"","_et_pb_old_content":"","_et_gb_content_width":""},"product_cat":[79,82,628,626],"product_tag":[],"_links":{"self":[{"href":"https:\/\/doremimusical.com.br\/2019\/wp-json\/wp\/v2\/product\/216815"}],"collection":[{"href":"https:\/\/doremimusical.com.br\/2019\/wp-json\/wp\/v2\/product"}],"about":[{"href":"https:\/\/doremimusical.com.br\/2019\/wp-json\/wp\/v2\/types\/product"}],"wp:featuredmedia":[{"embeddable":true,"href":"https:\/\/doremimusical.com.br\/2019\/wp-json\/wp\/v2\/media\/216816"}],"wp:attachment":[{"href":"https:\/\/doremimusical.com.br\/2019\/wp-json\/wp\/v2\/media?parent=216815"}],"wp:term":[{"taxonomy":"product_cat","embeddable":true,"href":"https:\/\/doremimusical.com.br\/2019\/wp-json\/wp\/v2\/product_cat?post=216815"},{"taxonomy":"product_tag","embeddable":true,"href":"https:\/\/doremimusical.com.br\/2019\/wp-json\/wp\/v2\/product_tag?post=216815"}],"curies":[{"name":"wp","href":"https:\/\/api.w.org\/{rel}","templated":true}]}}