{"id":216803,"date":"2021-09-27T14:39:39","date_gmt":"2021-09-27T14:39:39","guid":{"rendered":"https:\/\/doremimusical.com.br\/2019\/?post_type=product&#038;p=216803"},"modified":"2021-09-27T14:39:40","modified_gmt":"2021-09-27T14:39:40","slug":"metodo-curso-completo-de-teoria-musical-e-solfejo-2o-vol-mario-mascarenhas-e-b-cardoso","status":"publish","type":"product","link":"https:\/\/doremimusical.com.br\/2019\/produto\/metodo-curso-completo-de-teoria-musical-e-solfejo-2o-vol-mario-mascarenhas-e-b-cardoso\/","title":{"rendered":"M\u00e9todo CURSO COMPLETO DE TEORIA MUSICAL E SOLFEJO &#8211; 2\u00ba VOL. M\u00e1rio Mascarenhas e B. Cardoso"},"content":{"rendered":"<p>M\u00e9todo de teoria musical concebido em dois volumes, com todos os conceitos te\u00f3ricos necess\u00e1rios ao aprendizado musical. Ao final de cada cap\u00edtulo o estudante encontra um question\u00e1rio, exerc\u00edcios de teoria e de solfejo relativos a cada ponto abordado. Este segundo volume real\u00e7a os seguintes t\u00f3picos: compassos compostos, leitura em clave de D\u00f3, qui\u00e1lteras, tons vizinhos, sinais de intensidade e tonalidades, entre outros.<\/p>\n","protected":false},"excerpt":{"rendered":"<p><img loading=\"lazy\" class=\"alignnone size-full wp-image-216781\" src=\"https:\/\/doremimusical.com.br\/2019\/wp-content\/uploads\/2021\/09\/logo2-1.png\" alt=\"\" width=\"97\" height=\"115\" \/><\/p>\n","protected":false},"featured_media":216804,"template":"","meta":{"_et_pb_use_builder":"","_et_pb_old_content":"","_et_gb_content_width":""},"product_cat":[79,82,628,626],"product_tag":[],"_links":{"self":[{"href":"https:\/\/doremimusical.com.br\/2019\/wp-json\/wp\/v2\/product\/216803"}],"collection":[{"href":"https:\/\/doremimusical.com.br\/2019\/wp-json\/wp\/v2\/product"}],"about":[{"href":"https:\/\/doremimusical.com.br\/2019\/wp-json\/wp\/v2\/types\/product"}],"wp:featuredmedia":[{"embeddable":true,"href":"https:\/\/doremimusical.com.br\/2019\/wp-json\/wp\/v2\/media\/216804"}],"wp:attachment":[{"href":"https:\/\/doremimusical.com.br\/2019\/wp-json\/wp\/v2\/media?parent=216803"}],"wp:term":[{"taxonomy":"product_cat","embeddable":true,"href":"https:\/\/doremimusical.com.br\/2019\/wp-json\/wp\/v2\/product_cat?post=216803"},{"taxonomy":"product_tag","embeddable":true,"href":"https:\/\/doremimusical.com.br\/2019\/wp-json\/wp\/v2\/product_tag?post=216803"}],"curies":[{"name":"wp","href":"https:\/\/api.w.org\/{rel}","templated":true}]}}