{"id":216790,"date":"2021-09-27T14:17:53","date_gmt":"2021-09-27T14:17:53","guid":{"rendered":"https:\/\/doremimusical.com.br\/2019\/?post_type=product&#038;p=216790"},"modified":"2021-09-27T14:17:54","modified_gmt":"2021-09-27T14:17:54","slug":"metodo-duas-maozinhas-no-teclado","status":"publish","type":"product","link":"https:\/\/doremimusical.com.br\/2019\/produto\/metodo-duas-maozinhas-no-teclado\/","title":{"rendered":"M\u00e9todo DUAS M\u00c3OZINHAS NO TECLADO"},"content":{"rendered":"<p>Desenvolvido pelo mestre M\u00e1rio Mascarenhas, este m\u00e9todo j\u00e1 foi utilizado por mais de 200 mil crian\u00e7as, o que atesta sua adequabilidade e aprova\u00e7\u00e3o junto a professores de piano em todo o Brasil. Voltado para alunos a partir de 4 anos, foi escrito numa linguagem f\u00e1cil, divertida e de efici\u00eancia did\u00e1tica muito superior \u00e0 dos demais livros da categoria.<\/p>\n","protected":false},"excerpt":{"rendered":"<p><img loading=\"lazy\" class=\"alignnone size-full wp-image-216781\" src=\"https:\/\/doremimusical.com.br\/2019\/wp-content\/uploads\/2021\/09\/logo2-1.png\" alt=\"\" width=\"97\" height=\"115\" \/><\/p>\n","protected":false},"featured_media":216791,"template":"","meta":{"_et_pb_use_builder":"","_et_pb_old_content":"","_et_gb_content_width":""},"product_cat":[79,82,628,626],"product_tag":[],"_links":{"self":[{"href":"https:\/\/doremimusical.com.br\/2019\/wp-json\/wp\/v2\/product\/216790"}],"collection":[{"href":"https:\/\/doremimusical.com.br\/2019\/wp-json\/wp\/v2\/product"}],"about":[{"href":"https:\/\/doremimusical.com.br\/2019\/wp-json\/wp\/v2\/types\/product"}],"wp:featuredmedia":[{"embeddable":true,"href":"https:\/\/doremimusical.com.br\/2019\/wp-json\/wp\/v2\/media\/216791"}],"wp:attachment":[{"href":"https:\/\/doremimusical.com.br\/2019\/wp-json\/wp\/v2\/media?parent=216790"}],"wp:term":[{"taxonomy":"product_cat","embeddable":true,"href":"https:\/\/doremimusical.com.br\/2019\/wp-json\/wp\/v2\/product_cat?post=216790"},{"taxonomy":"product_tag","embeddable":true,"href":"https:\/\/doremimusical.com.br\/2019\/wp-json\/wp\/v2\/product_tag?post=216790"}],"curies":[{"name":"wp","href":"https:\/\/api.w.org\/{rel}","templated":true}]}}