{"id":216775,"date":"2021-09-27T13:57:27","date_gmt":"2021-09-27T13:57:27","guid":{"rendered":"https:\/\/doremimusical.com.br\/2019\/?post_type=product&#038;p=216775"},"modified":"2021-09-27T13:57:28","modified_gmt":"2021-09-27T13:57:28","slug":"metodo-o-castelo-do-re-mi","status":"publish","type":"product","link":"https:\/\/doremimusical.com.br\/2019\/produto\/metodo-o-castelo-do-re-mi\/","title":{"rendered":"M\u00e9todo O Castelo D\u00f3-R\u00e9-Mi"},"content":{"rendered":"<h2 class=\"description__product-title\">O Castelo D\u00f3, R\u00e9, Mi Ricordi<\/h2>\n<p class=\"description__text\">\n<p>Elaborado com carinho e esmero pela professora Aparecida Faulin, O Castelo D\u00f3 R\u00e9 M\u00ed&#8230; \u00e9 um novo m\u00e9todo de inicia\u00e7\u00e3o musical, onde a autora, foi muito feliz na cria\u00e7\u00e3o dos desenhos e &#8220;est\u00f3rias&#8221;, que levam o educador a caminhar agradavelmente dentro do maravilhoso mundo dos sons, colhendo, a cada passo, um trof\u00e9u de gloria art\u00edstica.<\/p>\n","protected":false},"excerpt":{"rendered":"<p><img loading=\"lazy\" class=\"alignnone size-full wp-image-216662\" src=\"https:\/\/doremimusical.com.br\/2019\/wp-content\/uploads\/2021\/09\/ricordi.png\" alt=\"\" width=\"158\" height=\"49\" \/><\/p>\n","protected":false},"featured_media":216776,"template":"","meta":{"_et_pb_use_builder":"","_et_pb_old_content":"","_et_gb_content_width":""},"product_cat":[79,82,626,627],"product_tag":[],"_links":{"self":[{"href":"https:\/\/doremimusical.com.br\/2019\/wp-json\/wp\/v2\/product\/216775"}],"collection":[{"href":"https:\/\/doremimusical.com.br\/2019\/wp-json\/wp\/v2\/product"}],"about":[{"href":"https:\/\/doremimusical.com.br\/2019\/wp-json\/wp\/v2\/types\/product"}],"wp:featuredmedia":[{"embeddable":true,"href":"https:\/\/doremimusical.com.br\/2019\/wp-json\/wp\/v2\/media\/216776"}],"wp:attachment":[{"href":"https:\/\/doremimusical.com.br\/2019\/wp-json\/wp\/v2\/media?parent=216775"}],"wp:term":[{"taxonomy":"product_cat","embeddable":true,"href":"https:\/\/doremimusical.com.br\/2019\/wp-json\/wp\/v2\/product_cat?post=216775"},{"taxonomy":"product_tag","embeddable":true,"href":"https:\/\/doremimusical.com.br\/2019\/wp-json\/wp\/v2\/product_tag?post=216775"}],"curies":[{"name":"wp","href":"https:\/\/api.w.org\/{rel}","templated":true}]}}