{"id":216745,"date":"2021-09-25T13:11:00","date_gmt":"2021-09-25T13:11:00","guid":{"rendered":"https:\/\/doremimusical.com.br\/2019\/?post_type=product&#038;p=216745"},"modified":"2021-09-25T13:11:01","modified_gmt":"2021-09-25T13:11:01","slug":"metodo-violino-j-lambert-ribeiro-1o-a-5o-posicao","status":"publish","type":"product","link":"https:\/\/doremimusical.com.br\/2019\/produto\/metodo-violino-j-lambert-ribeiro-1o-a-5o-posicao\/","title":{"rendered":"M\u00e9todo Violino J Lambert Ribeiro 1\u00ba a 5\u00ba posi\u00e7\u00e3o"},"content":{"rendered":"<div id=\"tab-label-description\" class=\"data item title active\" tabindex=\"0\" role=\"tab\" data-role=\"collapsible\" data-collapsible=\"true\" aria-controls=\"description\" aria-selected=\"false\" aria-expanded=\"true\"><a id=\"tab-label-description-title\" class=\"data switch\" tabindex=\"-1\" href=\"https:\/\/hpgmusical.com\/metodo-de-violino-j-lambert-ribeiro-1-a-5-posicao#description\" data-toggle=\"trigger\">DETALHES<\/a><\/div>\n<p>&nbsp;<\/p>\n<div id=\"description\" class=\"data item content\" role=\"tabpanel\" aria-labelledby=\"tab-label-description\" data-role=\"content\" aria-hidden=\"false\">\n<div class=\"product attribute description\">\n<div class=\"value\">\n<div>\n<p>Ao fazer este m\u00e9todo, Ribeiro teve cuidado de empregar uma uniformidade de ritmo e tonalidade bem f\u00e1ceis, a fim de que o aluno principiante possa, com relativa facilidade, vencer as primeiras li\u00e7\u00f5es do estudo do violino e, com ele, familiarizar-se, para depois prosseguir em trabalhos mais desenvolvidos. Um m\u00e9todo excelente e utilizado por diversos professores conceituados que comprovaram obter grande sucesso no ensino do violino.<\/p>\n<\/div>\n<\/div>\n<\/div>\n<\/div>\n","protected":false},"excerpt":{"rendered":"<p><img loading=\"lazy\" class=\"alignnone size-full wp-image-216662\" src=\"https:\/\/doremimusical.com.br\/2019\/wp-content\/uploads\/2021\/09\/ricordi.png\" alt=\"\" width=\"158\" height=\"49\" \/><\/p>\n","protected":false},"featured_media":216746,"template":"","meta":{"_et_pb_use_builder":"","_et_pb_old_content":"","_et_gb_content_width":""},"product_cat":[79,82,626,627],"product_tag":[],"_links":{"self":[{"href":"https:\/\/doremimusical.com.br\/2019\/wp-json\/wp\/v2\/product\/216745"}],"collection":[{"href":"https:\/\/doremimusical.com.br\/2019\/wp-json\/wp\/v2\/product"}],"about":[{"href":"https:\/\/doremimusical.com.br\/2019\/wp-json\/wp\/v2\/types\/product"}],"wp:featuredmedia":[{"embeddable":true,"href":"https:\/\/doremimusical.com.br\/2019\/wp-json\/wp\/v2\/media\/216746"}],"wp:attachment":[{"href":"https:\/\/doremimusical.com.br\/2019\/wp-json\/wp\/v2\/media?parent=216745"}],"wp:term":[{"taxonomy":"product_cat","embeddable":true,"href":"https:\/\/doremimusical.com.br\/2019\/wp-json\/wp\/v2\/product_cat?post=216745"},{"taxonomy":"product_tag","embeddable":true,"href":"https:\/\/doremimusical.com.br\/2019\/wp-json\/wp\/v2\/product_tag?post=216745"}],"curies":[{"name":"wp","href":"https:\/\/api.w.org\/{rel}","templated":true}]}}