{"id":216721,"date":"2021-09-23T20:59:32","date_gmt":"2021-09-23T20:59:32","guid":{"rendered":"https:\/\/doremimusical.com.br\/2019\/?post_type=product&#038;p=216721"},"modified":"2021-09-23T20:59:32","modified_gmt":"2021-09-23T20:59:32","slug":"pozzoli-guia-teorico-pratico-para-o-ditado-mus-1-e-2-parte","status":"publish","type":"product","link":"https:\/\/doremimusical.com.br\/2019\/produto\/pozzoli-guia-teorico-pratico-para-o-ditado-mus-1-e-2-parte\/","title":{"rendered":"Pozzoli Guia Te\u00f3rico Pr\u00e1tico Para o Ditado Mus.. 1 E 2 PARTE"},"content":{"rendered":"<p>Proporcionando ao mundo musical brasileiro o Guia Te\u00f3rico- Pr\u00e1tico para o ensino do Ditado Musical, de autoria de Heitor Pozzili, traduzido para o portugu\u00eas, fazemos votos para que esse livro seja propagado por todos os cantos de nossa terra, pelo bem que ele poder\u00e1 fazer \u00e0 gera\u00e7\u00e3o musical nascente. O papel proeminente do ensino do ditado na did\u00e1tica musical moderna est\u00e1 mais do que patenteado por todos; assim \u00e9 que ent\u00e3o, um livro sobre essa pr\u00e1tica t\u00e3o completo e claro como este, merece sem favor nenhum o melhor acolhimento poss\u00edvel de todos os professores, como sendo quase que um dever, pois \u00e9 com uma base racional que se formam gera\u00e7\u00f5es fortes. O exerc\u00edcio do ditado musical desenvolve extraordinariamente a intelig\u00eancia do aluno, tornando -a mais pronta e segura, e prodigaliza a todos os alunos in\u00fameros benef\u00edcios, seja qual for o ramo a que se destine o estudante: ao futuro cantor, ao futuro instrumentista, e de um modo todo especial, ao futuro compositor.<\/p>\n","protected":false},"excerpt":{"rendered":"<p><img loading=\"lazy\" class=\"alignnone size-full wp-image-216662\" src=\"https:\/\/doremimusical.com.br\/2019\/wp-content\/uploads\/2021\/09\/ricordi.png\" alt=\"\" width=\"158\" height=\"49\" \/><\/p>\n","protected":false},"featured_media":216723,"template":"","meta":{"_et_pb_use_builder":"","_et_pb_old_content":"","_et_gb_content_width":""},"product_cat":[79,82,626,627],"product_tag":[],"_links":{"self":[{"href":"https:\/\/doremimusical.com.br\/2019\/wp-json\/wp\/v2\/product\/216721"}],"collection":[{"href":"https:\/\/doremimusical.com.br\/2019\/wp-json\/wp\/v2\/product"}],"about":[{"href":"https:\/\/doremimusical.com.br\/2019\/wp-json\/wp\/v2\/types\/product"}],"wp:featuredmedia":[{"embeddable":true,"href":"https:\/\/doremimusical.com.br\/2019\/wp-json\/wp\/v2\/media\/216723"}],"wp:attachment":[{"href":"https:\/\/doremimusical.com.br\/2019\/wp-json\/wp\/v2\/media?parent=216721"}],"wp:term":[{"taxonomy":"product_cat","embeddable":true,"href":"https:\/\/doremimusical.com.br\/2019\/wp-json\/wp\/v2\/product_cat?post=216721"},{"taxonomy":"product_tag","embeddable":true,"href":"https:\/\/doremimusical.com.br\/2019\/wp-json\/wp\/v2\/product_tag?post=216721"}],"curies":[{"name":"wp","href":"https:\/\/api.w.org\/{rel}","templated":true}]}}