{"id":216714,"date":"2021-09-23T19:52:53","date_gmt":"2021-09-23T19:52:53","guid":{"rendered":"https:\/\/doremimusical.com.br\/2019\/?post_type=product&#038;p=216714"},"modified":"2021-09-23T19:52:54","modified_gmt":"2021-09-23T19:52:54","slug":"diverta-se-tocando-volume-1-meu-piano-e-divertido-3","status":"publish","type":"product","link":"https:\/\/doremimusical.com.br\/2019\/produto\/diverta-se-tocando-volume-1-meu-piano-e-divertido-3\/","title":{"rendered":"Diverta-se Tocando Volume 1 (Meu Piano \u00e9 Divertido 3)"},"content":{"rendered":"<p>Este 3\u00ba volume \u00e9 o complemento da cole\u00e7\u00e3o &#8220;Meu piano \u00e9 divertido&#8221;. Ao contr\u00e1rio dos volumes iniciais, trata-se de uma compila\u00e7\u00e3o de obras de autoria de grandes mestres da m\u00fasica cl\u00e1ssica, entre os quais destacamos: Bach, Beethoven, Burgm\u00fcller, Clementi, Czerny, Diabelli, Gurlitt, Haendel, Kohler, Kuhlau, Mozart e Schumann.<\/p>\n","protected":false},"excerpt":{"rendered":"<p><img loading=\"lazy\" class=\"alignnone size-full wp-image-216662\" src=\"https:\/\/doremimusical.com.br\/2019\/wp-content\/uploads\/2021\/09\/ricordi.png\" alt=\"\" width=\"158\" height=\"49\" \/><\/p>\n","protected":false},"featured_media":216715,"template":"","meta":{"_et_pb_use_builder":"","_et_pb_old_content":"","_et_gb_content_width":""},"product_cat":[79,82,626,627],"product_tag":[],"_links":{"self":[{"href":"https:\/\/doremimusical.com.br\/2019\/wp-json\/wp\/v2\/product\/216714"}],"collection":[{"href":"https:\/\/doremimusical.com.br\/2019\/wp-json\/wp\/v2\/product"}],"about":[{"href":"https:\/\/doremimusical.com.br\/2019\/wp-json\/wp\/v2\/types\/product"}],"wp:featuredmedia":[{"embeddable":true,"href":"https:\/\/doremimusical.com.br\/2019\/wp-json\/wp\/v2\/media\/216715"}],"wp:attachment":[{"href":"https:\/\/doremimusical.com.br\/2019\/wp-json\/wp\/v2\/media?parent=216714"}],"wp:term":[{"taxonomy":"product_cat","embeddable":true,"href":"https:\/\/doremimusical.com.br\/2019\/wp-json\/wp\/v2\/product_cat?post=216714"},{"taxonomy":"product_tag","embeddable":true,"href":"https:\/\/doremimusical.com.br\/2019\/wp-json\/wp\/v2\/product_tag?post=216714"}],"curies":[{"name":"wp","href":"https:\/\/api.w.org\/{rel}","templated":true}]}}