{"id":216682,"date":"2021-09-21T19:54:01","date_gmt":"2021-09-21T19:54:01","guid":{"rendered":"https:\/\/doremimusical.com.br\/2019\/?post_type=product&#038;p=216682"},"modified":"2021-09-21T19:54:02","modified_gmt":"2021-09-21T19:54:02","slug":"metodo-a-dose-do-dia-mini-livro","status":"publish","type":"product","link":"https:\/\/doremimusical.com.br\/2019\/produto\/metodo-a-dose-do-dia-mini-livro\/","title":{"rendered":"M\u00e9todo A Dose do Dia Mini Livro"},"content":{"rendered":"<p>A s\u00e9rie &#8220;A dose do dia&#8221; (A dozen e day), de autoria da aclamada professora americana Edna-Mae Burnam, foi especialmente concebida para e exerc\u00edcio di\u00e1rio dos dedos, antes de iniciar e aula de piano.<br \/>\nEla \u00e9 composta por este Mini livro de inicia\u00e7\u00e3o e por mais 5 livros de progressiva dificuldade t\u00e9cnica.<\/p>\n<p>Cada livro \u00e9 formado por 5 grupos, compostos de 12 estudos por grupo. e s\u00e9rie \u00e9 direcionada e principiantes e deve ser vista como estudo subsidi\u00e1rio e qualquer m\u00e9todo de aprendizado de piano.<\/p>\n<p>Os exerc\u00edcios s\u00e3o estruturados sobre notas musicais com as quais e aluno est\u00e1 aprendendo e conviver, e fim de auxili\u00e1-lo e l\u00ea-las com mais facilidade.<\/p>\n","protected":false},"excerpt":{"rendered":"<p><img loading=\"lazy\" class=\"alignnone size-full wp-image-216662\" src=\"https:\/\/doremimusical.com.br\/2019\/wp-content\/uploads\/2021\/09\/ricordi.png\" alt=\"\" width=\"158\" height=\"49\" \/><\/p>\n","protected":false},"featured_media":216683,"template":"","meta":{"_et_pb_use_builder":"","_et_pb_old_content":"","_et_gb_content_width":""},"product_cat":[79,82,626,627],"product_tag":[],"_links":{"self":[{"href":"https:\/\/doremimusical.com.br\/2019\/wp-json\/wp\/v2\/product\/216682"}],"collection":[{"href":"https:\/\/doremimusical.com.br\/2019\/wp-json\/wp\/v2\/product"}],"about":[{"href":"https:\/\/doremimusical.com.br\/2019\/wp-json\/wp\/v2\/types\/product"}],"wp:featuredmedia":[{"embeddable":true,"href":"https:\/\/doremimusical.com.br\/2019\/wp-json\/wp\/v2\/media\/216683"}],"wp:attachment":[{"href":"https:\/\/doremimusical.com.br\/2019\/wp-json\/wp\/v2\/media?parent=216682"}],"wp:term":[{"taxonomy":"product_cat","embeddable":true,"href":"https:\/\/doremimusical.com.br\/2019\/wp-json\/wp\/v2\/product_cat?post=216682"},{"taxonomy":"product_tag","embeddable":true,"href":"https:\/\/doremimusical.com.br\/2019\/wp-json\/wp\/v2\/product_tag?post=216682"}],"curies":[{"name":"wp","href":"https:\/\/api.w.org\/{rel}","templated":true}]}}