{"id":216678,"date":"2021-09-21T19:36:27","date_gmt":"2021-09-21T19:36:27","guid":{"rendered":"https:\/\/doremimusical.com.br\/2019\/?post_type=product&#038;p=216678"},"modified":"2021-09-21T19:36:28","modified_gmt":"2021-09-21T19:36:28","slug":"g-bull-op-90-orgao-eletronico-estudos-escalas-teoria-ana-mary-de-cervantes","status":"publish","type":"product","link":"https:\/\/doremimusical.com.br\/2019\/produto\/g-bull-op-90-orgao-eletronico-estudos-escalas-teoria-ana-mary-de-cervantes\/","title":{"rendered":"G. BULL OP.90 \u00d3rg\u00e3o Eletr\u00f4nico Estudos, Escalas, Teoria &#8211; Ana Mary de Cervantes"},"content":{"rendered":"<ul>\n<li>Este material foi especialmente preparado para o ensino de \u00f3rg\u00e3o eletr\u00f4nico com Pedaleira. Ele contem pe\u00e7as adaptadas para \u00f3rg\u00e3o eletr\u00f4nico com pedaleira de uma oitava. Algumas numera\u00e7\u00f5es das li\u00e7\u00f5es do m\u00e9todo de piano foram alteradas para que assim o aluno tenha uma aprendizagem construtiva referente as dificuldades.<\/li>\n<\/ul>\n","protected":false},"excerpt":{"rendered":"<p><img loading=\"lazy\" class=\"alignnone size-full wp-image-216662\" src=\"https:\/\/doremimusical.com.br\/2019\/wp-content\/uploads\/2021\/09\/ricordi.png\" alt=\"\" width=\"158\" height=\"49\" \/><\/p>\n","protected":false},"featured_media":216679,"template":"","meta":{"_et_pb_use_builder":"","_et_pb_old_content":"","_et_gb_content_width":""},"product_cat":[79,82,626,627],"product_tag":[],"_links":{"self":[{"href":"https:\/\/doremimusical.com.br\/2019\/wp-json\/wp\/v2\/product\/216678"}],"collection":[{"href":"https:\/\/doremimusical.com.br\/2019\/wp-json\/wp\/v2\/product"}],"about":[{"href":"https:\/\/doremimusical.com.br\/2019\/wp-json\/wp\/v2\/types\/product"}],"wp:featuredmedia":[{"embeddable":true,"href":"https:\/\/doremimusical.com.br\/2019\/wp-json\/wp\/v2\/media\/216679"}],"wp:attachment":[{"href":"https:\/\/doremimusical.com.br\/2019\/wp-json\/wp\/v2\/media?parent=216678"}],"wp:term":[{"taxonomy":"product_cat","embeddable":true,"href":"https:\/\/doremimusical.com.br\/2019\/wp-json\/wp\/v2\/product_cat?post=216678"},{"taxonomy":"product_tag","embeddable":true,"href":"https:\/\/doremimusical.com.br\/2019\/wp-json\/wp\/v2\/product_tag?post=216678"}],"curies":[{"name":"wp","href":"https:\/\/api.w.org\/{rel}","templated":true}]}}