{"id":216671,"date":"2021-09-21T19:20:10","date_gmt":"2021-09-21T19:20:10","guid":{"rendered":"https:\/\/doremimusical.com.br\/2019\/?post_type=product&#038;p=216671"},"modified":"2021-09-21T19:20:11","modified_gmt":"2021-09-21T19:20:11","slug":"metodo-schmoll-musica-para-orgao","status":"publish","type":"product","link":"https:\/\/doremimusical.com.br\/2019\/produto\/metodo-schmoll-musica-para-orgao\/","title":{"rendered":"M\u00e9todo Schmoll &#8211; M\u00fasica para \u00f3rg\u00e3o"},"content":{"rendered":"<h2 class=\"description__product-title\">Livro &#8211; M\u00e9todo Schmoll &#8211; M\u00fasica para \u00f3rg\u00e3o<\/h2>\n<p class=\"description__text\">\n<p>Este m\u00e9todo cont\u00e9m pe\u00e7as musicais compostas pelo celebrado educador e compositor franc\u00eas Schmoll. As melodias s\u00e3o criativas e trabalham tecnicamente toda a extens\u00e3o do teclado do \u00f3rg\u00e3o eletr\u00f4nico, com v\u00e1rios elementos r\u00edtmicos e harm\u00f4nicos. Toda a teoria \u00e9 aplicativa, o que favorece a compreens\u00e3o das pe\u00e7as musicais e conduz o aluno \u00e0 r\u00e1pida inser\u00e7\u00e3o musical e dom\u00ednio do \u00f3rg\u00e3o eletr\u00f4nico com pedaleira de uma oitava.<\/p>\n","protected":false},"excerpt":{"rendered":"<p><img loading=\"lazy\" class=\"alignnone size-full wp-image-216662\" src=\"https:\/\/doremimusical.com.br\/2019\/wp-content\/uploads\/2021\/09\/ricordi.png\" alt=\"\" width=\"158\" height=\"49\" \/><\/p>\n","protected":false},"featured_media":216672,"template":"","meta":{"_et_pb_use_builder":"","_et_pb_old_content":"","_et_gb_content_width":""},"product_cat":[79,82,626,627],"product_tag":[],"_links":{"self":[{"href":"https:\/\/doremimusical.com.br\/2019\/wp-json\/wp\/v2\/product\/216671"}],"collection":[{"href":"https:\/\/doremimusical.com.br\/2019\/wp-json\/wp\/v2\/product"}],"about":[{"href":"https:\/\/doremimusical.com.br\/2019\/wp-json\/wp\/v2\/types\/product"}],"wp:featuredmedia":[{"embeddable":true,"href":"https:\/\/doremimusical.com.br\/2019\/wp-json\/wp\/v2\/media\/216672"}],"wp:attachment":[{"href":"https:\/\/doremimusical.com.br\/2019\/wp-json\/wp\/v2\/media?parent=216671"}],"wp:term":[{"taxonomy":"product_cat","embeddable":true,"href":"https:\/\/doremimusical.com.br\/2019\/wp-json\/wp\/v2\/product_cat?post=216671"},{"taxonomy":"product_tag","embeddable":true,"href":"https:\/\/doremimusical.com.br\/2019\/wp-json\/wp\/v2\/product_tag?post=216671"}],"curies":[{"name":"wp","href":"https:\/\/api.w.org\/{rel}","templated":true}]}}