{"id":216663,"date":"2021-09-18T18:59:31","date_gmt":"2021-09-18T18:59:31","guid":{"rendered":"https:\/\/doremimusical.com.br\/2019\/?post_type=product&#038;p=216663"},"modified":"2021-09-18T18:59:32","modified_gmt":"2021-09-18T18:59:32","slug":"metodo-czerny-25-pecas-op-599-orgao-eletronico","status":"publish","type":"product","link":"https:\/\/doremimusical.com.br\/2019\/produto\/metodo-czerny-25-pecas-op-599-orgao-eletronico\/","title":{"rendered":"M\u00e9todo Czerny &#8211; 25 Pe\u00e7as OP. 599   Org\u00e3o Eletronico"},"content":{"rendered":"<p>Este material foi especialmente preparado para o ensino de \u00f3rg\u00e3o eletr\u00f4nico com Pedaleira. Ele contem pe\u00e7as adaptadas para \u00f3rg\u00e3o eletr\u00f4nico com pedaleira de uma oitava. Algumas numera\u00e7\u00f5es das li\u00e7\u00f5es do m\u00e9todo de piano foram alteradas para que assim o aluno tenha uma aprendizagem construtiva referente \u00e0s dificuldades<\/p>\n","protected":false},"excerpt":{"rendered":"<p><img loading=\"lazy\" class=\"alignnone size-full wp-image-216662\" src=\"https:\/\/doremimusical.com.br\/2019\/wp-content\/uploads\/2021\/09\/ricordi.png\" alt=\"\" width=\"158\" height=\"49\" \/><\/p>\n","protected":false},"featured_media":216664,"template":"","meta":{"_et_pb_use_builder":"","_et_pb_old_content":"","_et_gb_content_width":""},"product_cat":[79,82,626,627],"product_tag":[],"_links":{"self":[{"href":"https:\/\/doremimusical.com.br\/2019\/wp-json\/wp\/v2\/product\/216663"}],"collection":[{"href":"https:\/\/doremimusical.com.br\/2019\/wp-json\/wp\/v2\/product"}],"about":[{"href":"https:\/\/doremimusical.com.br\/2019\/wp-json\/wp\/v2\/types\/product"}],"wp:featuredmedia":[{"embeddable":true,"href":"https:\/\/doremimusical.com.br\/2019\/wp-json\/wp\/v2\/media\/216664"}],"wp:attachment":[{"href":"https:\/\/doremimusical.com.br\/2019\/wp-json\/wp\/v2\/media?parent=216663"}],"wp:term":[{"taxonomy":"product_cat","embeddable":true,"href":"https:\/\/doremimusical.com.br\/2019\/wp-json\/wp\/v2\/product_cat?post=216663"},{"taxonomy":"product_tag","embeddable":true,"href":"https:\/\/doremimusical.com.br\/2019\/wp-json\/wp\/v2\/product_tag?post=216663"}],"curies":[{"name":"wp","href":"https:\/\/api.w.org\/{rel}","templated":true}]}}