{"id":216660,"date":"2021-09-18T18:35:30","date_gmt":"2021-09-18T18:35:30","guid":{"rendered":"https:\/\/doremimusical.com.br\/2019\/?post_type=product&#038;p=216660"},"modified":"2021-09-18T18:36:56","modified_gmt":"2021-09-18T18:36:56","slug":"metodo-kohler-40-locoes-op-189-orgao-eletronico","status":"publish","type":"product","link":"https:\/\/doremimusical.com.br\/2019\/produto\/metodo-kohler-40-locoes-op-189-orgao-eletronico\/","title":{"rendered":"M\u00e9todo KOHLER &#8211; 40 Lo\u00e7\u00f5es OP. 189 Org\u00e3o Eletronico"},"content":{"rendered":"<div id=\"anchor-description\" class=\"description\">\n<div class=\"description__container-text\">\n<h2 class=\"description__product-title\">M\u00e9todo Kohler 40 Li\u00e7\u00f5es Op.189 \u00d3rg\u00e3o Eletr\u00f4nico Ana Mary CN 0008 &#8211; Ricordi<\/h2>\n<p>Este material foi especialmente preparado para o ensino de \u00f3rg\u00e3o eletr\u00f4nico. Cont\u00e9m pe\u00e7as do autor K\u00f6hler adaptadas para \u00f3rg\u00e3o eletr\u00f4nico com pedaleira de uma oitava.<br \/>\nAlgumas numera\u00e7\u00f5es das li\u00e7\u00f5es do m\u00e9todo original para piano foram alteradas para que o aluno tenha uma aprendizagem construtiva referente \u00e0 dificuldade das pe\u00e7as.<br \/>\nA organista Ana Mary de Cervantes preparou uma s\u00e9rie primorosa de m\u00e9todos adaptados para o ensino e aperfei\u00e7oamento do \u00f3rg\u00e3o eletr\u00f4nico, com repert\u00f3rio maravilhoso de pe\u00e7as e li\u00e7\u00f5es importantes.<br \/>\nM\u00e9todo com a proposta organ\u00edstica que proporciona uma aprendizagem construtiva referente \u00e0s dificuldades e s\u00edmbolos musicais. Os exerc\u00edcios te\u00f3ricos s\u00e3o aplicativos e favorecem o entendimento destes sinais e s\u00edmbolos. Assim a organista tem imediata compreens\u00e3o de sua aplica\u00e7\u00e3o na pr\u00e1tica organ\u00edstica.<br \/>\nCaracter\u00edsticas:<\/p>\n<p>Autor: Ludwig K\u00f6hler;<br \/>\nAdaptado por: Ana Mary de Cervantes;<br \/>\nArranjos e Estudos para Teclado, Piano e Org\u00e3o Eletr\u00f4nico;<br \/>\nEditora: CN Ricordi;<br \/>\nC\u00f3digo da Editora: CN008;<br \/>\nIdioma: Portugu\u00eas;<br \/>\nInstrumento: Teclado, Piano ou Org\u00e3o Eletr\u00f4nico;<\/p>\n<\/div>\n<\/div>\n","protected":false},"excerpt":{"rendered":"<p><img loading=\"lazy\" class=\"alignnone size-full wp-image-216662\" src=\"https:\/\/doremimusical.com.br\/2019\/wp-content\/uploads\/2021\/09\/ricordi.png\" alt=\"\" width=\"158\" height=\"49\" \/><\/p>\n","protected":false},"featured_media":216661,"template":"","meta":{"_et_pb_use_builder":"","_et_pb_old_content":"","_et_gb_content_width":""},"product_cat":[626,627],"product_tag":[],"_links":{"self":[{"href":"https:\/\/doremimusical.com.br\/2019\/wp-json\/wp\/v2\/product\/216660"}],"collection":[{"href":"https:\/\/doremimusical.com.br\/2019\/wp-json\/wp\/v2\/product"}],"about":[{"href":"https:\/\/doremimusical.com.br\/2019\/wp-json\/wp\/v2\/types\/product"}],"wp:featuredmedia":[{"embeddable":true,"href":"https:\/\/doremimusical.com.br\/2019\/wp-json\/wp\/v2\/media\/216661"}],"wp:attachment":[{"href":"https:\/\/doremimusical.com.br\/2019\/wp-json\/wp\/v2\/media?parent=216660"}],"wp:term":[{"taxonomy":"product_cat","embeddable":true,"href":"https:\/\/doremimusical.com.br\/2019\/wp-json\/wp\/v2\/product_cat?post=216660"},{"taxonomy":"product_tag","embeddable":true,"href":"https:\/\/doremimusical.com.br\/2019\/wp-json\/wp\/v2\/product_tag?post=216660"}],"curies":[{"name":"wp","href":"https:\/\/api.w.org\/{rel}","templated":true}]}}