{"id":216161,"date":"2021-08-19T20:37:49","date_gmt":"2021-08-19T20:37:49","guid":{"rendered":"https:\/\/doremimusical.com.br\/2019\/?post_type=product&#038;p=216161"},"modified":"2021-08-19T20:41:20","modified_gmt":"2021-08-19T20:41:20","slug":"microfone-custom-sound-csms-58-com-cabo-cor-preta","status":"publish","type":"product","link":"https:\/\/doremimusical.com.br\/2019\/produto\/microfone-custom-sound-csms-58-com-cabo-cor-preta\/","title":{"rendered":"Microfone Custom Sound CSMS 58 Com Cabo Cor Preta"},"content":{"rendered":"<h2 class=\"description__product-title\">Microfone Custom Sound din\u00e2mico CSMS 58 preto com cabo 5m<\/h2>\n<p>O Microfone Profissional CSMS 58 da Custom Sound \u00e9 um microfone din\u00e2mico robusto e com visual cl\u00e1ssico. Com corpo todo em metal e com globo na cor prata, possui bot\u00e3o de liga e desliga e acompanha cabo XLR-P10 com 5 metros. Caracter\u00edsticas: Resposta de frequ\u00eancia projetada para vocal Cardioide uniforme isola a fonte principal de som e minimiza ru\u00eddos de fundo Chave on\/off Cortes sistema shock-mount pneum\u00e1tico para baixo ru\u00eddo Padr\u00e3o polar: Cardioide (unidirecional) Tipo: Din\u00e2mico Resposta de frequ\u00eancia 50 a 15.000 Hz Sensibilidade: -70 dBV \/ Pa (1,85 mV) Imped\u00e2ncia nominal de 150 ohms (300 ohms reais) para conex\u00e3o a entradas de microfone de baixa imped\u00e2ncia Conector: XLR macho (3 pinos) Pintura esmaltada em metal fundido na cor preta Globo de a\u00e7o na cor prata Acompanha cabo XLR (f\u00eamea) P10 de 5 metros Peso do microfone: 203 g Dimens\u00f5es do microfone: 17 cm de altura, Globo com 5 cm de largura Origem<\/p>\n","protected":false},"excerpt":{"rendered":"<p><img loading=\"lazy\" class=\"alignnone size-full wp-image-215991\" src=\"https:\/\/doremimusical.com.br\/2019\/wp-content\/uploads\/2021\/03\/Custom-Sound.png\" alt=\"\" width=\"110\" height=\"59\" \/><\/p>\n","protected":false},"featured_media":216163,"template":"","meta":{"_et_pb_use_builder":"","_et_pb_old_content":"","_et_gb_content_width":""},"product_cat":[79,596,358],"product_tag":[],"_links":{"self":[{"href":"https:\/\/doremimusical.com.br\/2019\/wp-json\/wp\/v2\/product\/216161"}],"collection":[{"href":"https:\/\/doremimusical.com.br\/2019\/wp-json\/wp\/v2\/product"}],"about":[{"href":"https:\/\/doremimusical.com.br\/2019\/wp-json\/wp\/v2\/types\/product"}],"wp:featuredmedia":[{"embeddable":true,"href":"https:\/\/doremimusical.com.br\/2019\/wp-json\/wp\/v2\/media\/216163"}],"wp:attachment":[{"href":"https:\/\/doremimusical.com.br\/2019\/wp-json\/wp\/v2\/media?parent=216161"}],"wp:term":[{"taxonomy":"product_cat","embeddable":true,"href":"https:\/\/doremimusical.com.br\/2019\/wp-json\/wp\/v2\/product_cat?post=216161"},{"taxonomy":"product_tag","embeddable":true,"href":"https:\/\/doremimusical.com.br\/2019\/wp-json\/wp\/v2\/product_tag?post=216161"}],"curies":[{"name":"wp","href":"https:\/\/api.w.org\/{rel}","templated":true}]}}