{"id":216152,"date":"2021-08-18T21:20:27","date_gmt":"2021-08-18T21:20:27","guid":{"rendered":"https:\/\/doremimusical.com.br\/2019\/?post_type=product&#038;p=216152"},"modified":"2021-08-18T21:20:27","modified_gmt":"2021-08-18T21:20:27","slug":"encordoamento-giannini-para-violao-de-nylon-guigo","status":"publish","type":"product","link":"https:\/\/doremimusical.com.br\/2019\/produto\/encordoamento-giannini-para-violao-de-nylon-guigo\/","title":{"rendered":"Encordoamento Giannini para Viol\u00e3o de Nylon Guigo"},"content":{"rendered":"<h2 class=\"section-title\">Descri\u00e7\u00e3o<\/h2>\n<p>A s\u00e9rie\u00a0<strong>Signature<\/strong>\u00a0traz para voc\u00ea encordoamentos desenvolvidos pelos melhores m\u00fasicos, com configura\u00e7\u00f5es e materiais escolhidos por eles para tirar o melhor som dos seus instrumentos.<\/p>\n<p>O compositor e violonista\u00a0<strong>Guinga<\/strong>\u00a0tem um curr\u00edculo invej\u00e1vel, tocando com m\u00fasicos como Clara Nunes, Beth Carvalho, Ala\u00edde Costa, Jo\u00e3o Nogueira, Cartola, e tendo suas composi\u00e7\u00f5es gravadas por Elis Regina, Cauby Peixoto, Chico Buarque, Ivan Lins, Leila Pinheiro, S\u00e9rgio Mendes, entre muito nomes da m\u00fasica brasileira.<\/p>\n<p>Com todo esse expertise, Guinga \u00e9 exigente com o som do seu viol\u00e3o. Em parceria com a Giannini, desenvolveu o encordoamento\u00a0<strong>Signature Guinga<\/strong>, revestido com Bronze 85\/15 prateado e que traz a sua 3\u00b0 corda encapada.<\/p>\n<p>Todos os encordoamentos Giannini s\u00e3o produzidos no Brasil, em nossa f\u00e1brica em Salto, interior de S\u00e3o Paulo.<\/p>\n<h3>Selo de Qualidade ISO 9001<\/h3>\n<p>Toda a linha de encordoamentos Giannini conta com a aprova\u00e7\u00e3o do selo de qualidade\u00a0<strong>ISO 9001<\/strong>. Mas o qu\u00ea \u00e9 o selo ISO 9001?<\/p>\n<p><img loading=\"lazy\" class=\"wp-image-2290 alignleft\" src=\"https:\/\/www.giannini.com.br\/wp-content\/uploads\/2021\/01\/iso9001-500x190.jpg\" alt=\"\" width=\"286\" height=\"119\" \/><\/p>\n<p>&nbsp;<\/p>\n<p>&nbsp;<\/p>\n<p>ISO 9001 \u00e9 uma s\u00e9rie de normas e regras que buscam garantir a qualidade final do seu encordoamento. Estes procedimentos englobam desde a escolha da mat\u00e9ria-prima e seus fornecedores, passando por todo o processo de produ\u00e7\u00e3o dos encordoamentos, capacita\u00e7\u00e3o da m\u00e3o-de-obra envolvida na produ\u00e7\u00e3o, sua distribui\u00e7\u00e3o, at\u00e9 o produto chegar ao lojista e \u00e0s m\u00e3os do consumidor. Estes processos e todos os envolvidos nele passam por auditorias todos os anos, para verificar se est\u00e3o sendo seguidos de acordo com a norma estabelecida, para que o selo seja renovado.<\/p>\n<p>Desde 2007 a Giannini conta com o selo ISO 9001 em sua linha de encordoamentos, sendo renovado anualmente e comprovando a qualidade de cada encordoamento que chega \u00e0 suas m\u00e3os e aos seus instrumentos.<\/p>\n","protected":false},"excerpt":{"rendered":"<p><img loading=\"lazy\" class=\"alignnone  wp-image-214352\" src=\"https:\/\/doremimusical.com.br\/2019\/wp-content\/uploads\/2019\/12\/Giannini.png\" alt=\"\" width=\"187\" height=\"36\" srcset=\"https:\/\/doremimusical.com.br\/2019\/wp-content\/uploads\/2019\/12\/Giannini.png 249w, https:\/\/doremimusical.com.br\/2019\/wp-content\/uploads\/2019\/12\/Giannini-150x29.png 150w\" sizes=\"(max-width: 187px) 100vw, 187px\" \/><\/p>\n","protected":false},"featured_media":216153,"template":"","meta":{"_et_pb_use_builder":"","_et_pb_old_content":"","_et_gb_content_width":""},"product_cat":[79,82,284,491,499,496],"product_tag":[],"_links":{"self":[{"href":"https:\/\/doremimusical.com.br\/2019\/wp-json\/wp\/v2\/product\/216152"}],"collection":[{"href":"https:\/\/doremimusical.com.br\/2019\/wp-json\/wp\/v2\/product"}],"about":[{"href":"https:\/\/doremimusical.com.br\/2019\/wp-json\/wp\/v2\/types\/product"}],"wp:featuredmedia":[{"embeddable":true,"href":"https:\/\/doremimusical.com.br\/2019\/wp-json\/wp\/v2\/media\/216153"}],"wp:attachment":[{"href":"https:\/\/doremimusical.com.br\/2019\/wp-json\/wp\/v2\/media?parent=216152"}],"wp:term":[{"taxonomy":"product_cat","embeddable":true,"href":"https:\/\/doremimusical.com.br\/2019\/wp-json\/wp\/v2\/product_cat?post=216152"},{"taxonomy":"product_tag","embeddable":true,"href":"https:\/\/doremimusical.com.br\/2019\/wp-json\/wp\/v2\/product_tag?post=216152"}],"curies":[{"name":"wp","href":"https:\/\/api.w.org\/{rel}","templated":true}]}}