{"id":216109,"date":"2021-08-17T21:29:18","date_gmt":"2021-08-17T21:29:18","guid":{"rendered":"https:\/\/doremimusical.com.br\/2019\/?post_type=product&#038;p=216109"},"modified":"2021-08-17T21:29:19","modified_gmt":"2021-08-17T21:29:19","slug":"bag-para-contra-baixo-super-luxo-ch200-avs","status":"publish","type":"product","link":"https:\/\/doremimusical.com.br\/2019\/produto\/bag-para-contra-baixo-super-luxo-ch200-avs\/","title":{"rendered":"Bag para Contra Baixo Super Luxo CH200 AVS"},"content":{"rendered":"<div id=\"comp-j9gjddgn\" class=\"_1Q9if\" data-testid=\"richTextElement\">\n<p class=\"font_8\">Modelo: CH200<\/p>\n<p class=\"font_8\">Compat\u00edvel com: Contrabaixo<\/p>\n<p class=\"font_8\">Detalhes: Al\u00e7a de costa dupla almofadada, al\u00e7a de m\u00e3o pl\u00e1stica, 2 bolsos para acess\u00f3rios, design teen, porta-cart\u00e3o, protetor de roldana.<\/p>\n<p class=\"font_8\">Especifica\u00e7\u00f5es: Tecido nylon 600, forro nylon 70 resinado, espuma de 27mm, ziper 10 para abertura lateral e ziper 6 para abertura do bolso.<\/p>\n<\/div>\n<div id=\"comp-j9gjddgp\">\n<div class=\"comp-j9gjddgp\">\n<div id=\"gallery-wrapper-comp-j9gjddgp\">\n<div id=\"pro-gallery-comp-j9gjddgp\" class=\"pro-gallery\">\n<div class=\"\" tabindex=\"-1\" data-key=\"pro-gallery-inner-container\">\n<div class=\"pro-gallery-parent-container\" role=\"application\" aria-label=\"Press the Enter key and then use the arrow keys to navigate the gallery items\" aria-roledescription=\"gallery application\">\n<div id=\"pro-gallery-container\" class=\"pro-gallery inline-styles  ltr \">\n<div id=\"pro-gallery-margin-container\">\n<div id=\"pgie508acf0d8854a15a43f1942e13f2541_0\" class=\"gallery-item-container visible clickable\" tabindex=\"0\" role=\"button\" aria-label=\"Guitarra\" data-hash=\"e508acf0-d885-4a15-a43f-1942e13f2541\" data-id=\"e508acf0-d885-4a15-a43f-1942e13f2541\" data-idx=\"0\" data-hook=\"item-container\">\n<div>\n<div id=\"item-wrapper-e508acf0-d885-4a15-a43f-1942e13f2541\" class=\"gallery-item-wrapper visible\" data-hook=\"item-wrapper\">\n<div class=\"gallery-item-content image-item gallery-item-visible gallery-item gallery-item-preloaded  load-with-color image-loaded\" data-hook=\"image-item\"><picture><source srcset=\"https:\/\/static.wixstatic.com\/media\/0217a7_0c4135064846434ba0c7b51fb32a43e1~mv2_d_3693_5540_s_4_2.jpg\/v1\/fill\/w_237,h_356,q_90\/0217a7_0c4135064846434ba0c7b51fb32a43e1~mv2_d_3693_5540_s_4_2.webp 1x, https:\/\/static.wixstatic.com\/media\/0217a7_0c4135064846434ba0c7b51fb32a43e1~mv2_d_3693_5540_s_4_2.jpg\/v1\/fill\/w_474,h_712,q_90\/0217a7_0c4135064846434ba0c7b51fb32a43e1~mv2_d_3693_5540_s_4_2.webp 2x\" type=\"image\/webp\" \/><source srcset=\"https:\/\/static.wixstatic.com\/media\/0217a7_0c4135064846434ba0c7b51fb32a43e1~mv2_d_3693_5540_s_4_2.jpg\/v1\/fill\/w_237,h_356,q_90\/0217a7_0c4135064846434ba0c7b51fb32a43e1~mv2_d_3693_5540_s_4_2.jpg 1x, https:\/\/static.wixstatic.com\/media\/0217a7_0c4135064846434ba0c7b51fb32a43e1~mv2_d_3693_5540_s_4_2.jpg\/v1\/fill\/w_474,h_712,q_90\/0217a7_0c4135064846434ba0c7b51fb32a43e1~mv2_d_3693_5540_s_4_2.jpg 2x\" type=\"image\/jpeg\" \/><\/picture><\/div>\n<\/div>\n<\/div>\n<\/div>\n<\/div>\n<\/div>\n<\/div>\n<\/div>\n<\/div>\n<\/div>\n<\/div>\n<\/div>\n","protected":false},"excerpt":{"rendered":"<p><img loading=\"lazy\" class=\"alignnone size-full wp-image-216054\" src=\"https:\/\/doremimusical.com.br\/2019\/wp-content\/uploads\/2021\/08\/aab2ab8134.jpg\" alt=\"\" width=\"150\" height=\"150\" srcset=\"https:\/\/doremimusical.com.br\/2019\/wp-content\/uploads\/2021\/08\/aab2ab8134.jpg 150w, https:\/\/doremimusical.com.br\/2019\/wp-content\/uploads\/2021\/08\/aab2ab8134-100x100.jpg 100w\" sizes=\"(max-width: 150px) 100vw, 150px\" \/><\/p>\n","protected":false},"featured_media":216111,"template":"","meta":{"_et_pb_use_builder":"","_et_pb_old_content":"","_et_gb_content_width":""},"product_cat":[79,82,586,585],"product_tag":[],"_links":{"self":[{"href":"https:\/\/doremimusical.com.br\/2019\/wp-json\/wp\/v2\/product\/216109"}],"collection":[{"href":"https:\/\/doremimusical.com.br\/2019\/wp-json\/wp\/v2\/product"}],"about":[{"href":"https:\/\/doremimusical.com.br\/2019\/wp-json\/wp\/v2\/types\/product"}],"wp:featuredmedia":[{"embeddable":true,"href":"https:\/\/doremimusical.com.br\/2019\/wp-json\/wp\/v2\/media\/216111"}],"wp:attachment":[{"href":"https:\/\/doremimusical.com.br\/2019\/wp-json\/wp\/v2\/media?parent=216109"}],"wp:term":[{"taxonomy":"product_cat","embeddable":true,"href":"https:\/\/doremimusical.com.br\/2019\/wp-json\/wp\/v2\/product_cat?post=216109"},{"taxonomy":"product_tag","embeddable":true,"href":"https:\/\/doremimusical.com.br\/2019\/wp-json\/wp\/v2\/product_tag?post=216109"}],"curies":[{"name":"wp","href":"https:\/\/api.w.org\/{rel}","templated":true}]}}