{"id":215986,"date":"2021-03-05T18:08:42","date_gmt":"2021-03-05T18:08:42","guid":{"rendered":"https:\/\/doremimusical.com.br\/2019\/?post_type=product&#038;p=215986"},"modified":"2021-03-05T18:08:42","modified_gmt":"2021-03-05T18:08:42","slug":"pedal-sustain-custom-sound-cps10","status":"publish","type":"product","link":"https:\/\/doremimusical.com.br\/2019\/produto\/pedal-sustain-custom-sound-cps10\/","title":{"rendered":"Pedal Sustain Custom Sound CPS10"},"content":{"rendered":"<p>Pedal Sustain Custom Sound CPS 10 Teclado Preto<\/p>\n<p>Pedal Sustain CPS-10 para teclado na cor preto.<\/p>\n<p>Caracter\u00edsticas e especifica\u00e7\u00f5es:<\/p>\n<p>&#8211; Pedal Sustain para teclado<br \/>\n&#8211; Compat\u00edvel com todos os modelos de teclado e piano digital<br \/>\n&#8211; Chave inversora de polaridade<br \/>\n&#8211; Cabo de 1,5 metros<br \/>\n&#8211; Conector P10<\/p>\n<p><b>Caracter\u00edsticas do Produto<\/b><\/p>\n<p>Aplica\u00e7\u00e3o: : Teclado<\/p>\n<p>Efeito: : Sustain<\/p>\n<p>Alimenta\u00e7\u00e3o: : P10<\/p>\n<p>A x L x C \/ Peso: : 25 x 9 x 7 cm \/ 435g<\/p>\n<p>Marca: : Custom Sound<\/p>\n<p>Modelo: : CPS 10<\/p>\n","protected":false},"excerpt":{"rendered":"<p><img loading=\"lazy\" class=\"alignnone  wp-image-215991\" src=\"https:\/\/doremimusical.com.br\/2019\/wp-content\/uploads\/2021\/03\/Custom-Sound.png\" alt=\"\" width=\"129\" height=\"69\" \/><\/p>\n","protected":false},"featured_media":215988,"template":"","meta":{"_et_pb_use_builder":"","_et_pb_old_content":"","_et_gb_content_width":""},"product_cat":[79,588,523,547],"product_tag":[],"_links":{"self":[{"href":"https:\/\/doremimusical.com.br\/2019\/wp-json\/wp\/v2\/product\/215986"}],"collection":[{"href":"https:\/\/doremimusical.com.br\/2019\/wp-json\/wp\/v2\/product"}],"about":[{"href":"https:\/\/doremimusical.com.br\/2019\/wp-json\/wp\/v2\/types\/product"}],"wp:featuredmedia":[{"embeddable":true,"href":"https:\/\/doremimusical.com.br\/2019\/wp-json\/wp\/v2\/media\/215988"}],"wp:attachment":[{"href":"https:\/\/doremimusical.com.br\/2019\/wp-json\/wp\/v2\/media?parent=215986"}],"wp:term":[{"taxonomy":"product_cat","embeddable":true,"href":"https:\/\/doremimusical.com.br\/2019\/wp-json\/wp\/v2\/product_cat?post=215986"},{"taxonomy":"product_tag","embeddable":true,"href":"https:\/\/doremimusical.com.br\/2019\/wp-json\/wp\/v2\/product_tag?post=215986"}],"curies":[{"name":"wp","href":"https:\/\/api.w.org\/{rel}","templated":true}]}}