{"id":215911,"date":"2021-02-25T22:29:23","date_gmt":"2021-02-25T22:29:23","guid":{"rendered":"https:\/\/doremimusical.com.br\/2019\/?post_type=product&#038;p=215911"},"modified":"2021-02-25T22:30:11","modified_gmt":"2021-02-25T22:30:11","slug":"capa-avs-para-teclado-7-8-executive","status":"publish","type":"product","link":"https:\/\/doremimusical.com.br\/2019\/produto\/capa-avs-para-teclado-7-8-executive\/","title":{"rendered":"Capa Avs Para Teclado 7\/8 Executive"},"content":{"rendered":"<p>&#8211; Modelo: Executive<br \/>\n&#8211; Compat\u00edvel com: Teclado 7\/8<br \/>\n&#8211; Detalhes: Al\u00e7a de costa dupla almofadada, al\u00e7a de m\u00e3o confort\u00e1vel, 1 bolso para acess\u00f3rios, design cl\u00e1ssico.<br \/>\n&#8211; Tecido sint\u00e9tico<br \/>\n&#8211; Forro Nylon 70 resinado<br \/>\n&#8211; Espuma de 27mm<br \/>\n&#8211; Ziper 10.<\/p>\n","protected":false},"excerpt":{"rendered":"<p><img loading=\"lazy\" class=\"alignnone wp-image-215892\" src=\"https:\/\/doremimusical.com.br\/2019\/wp-content\/uploads\/2021\/02\/Untitled-8-2.png\" alt=\"\" width=\"119\" height=\"33\" srcset=\"https:\/\/doremimusical.com.br\/2019\/wp-content\/uploads\/2021\/02\/Untitled-8-2.png 104w, https:\/\/doremimusical.com.br\/2019\/wp-content\/uploads\/2021\/02\/Untitled-8-2-100x29.png 100w\" sizes=\"(max-width: 119px) 100vw, 119px\" \/><\/p>\n","protected":false},"featured_media":215914,"template":"","meta":{"_et_pb_use_builder":"","_et_pb_old_content":"","_et_gb_content_width":""},"product_cat":[79,82,586,585],"product_tag":[],"_links":{"self":[{"href":"https:\/\/doremimusical.com.br\/2019\/wp-json\/wp\/v2\/product\/215911"}],"collection":[{"href":"https:\/\/doremimusical.com.br\/2019\/wp-json\/wp\/v2\/product"}],"about":[{"href":"https:\/\/doremimusical.com.br\/2019\/wp-json\/wp\/v2\/types\/product"}],"wp:featuredmedia":[{"embeddable":true,"href":"https:\/\/doremimusical.com.br\/2019\/wp-json\/wp\/v2\/media\/215914"}],"wp:attachment":[{"href":"https:\/\/doremimusical.com.br\/2019\/wp-json\/wp\/v2\/media?parent=215911"}],"wp:term":[{"taxonomy":"product_cat","embeddable":true,"href":"https:\/\/doremimusical.com.br\/2019\/wp-json\/wp\/v2\/product_cat?post=215911"},{"taxonomy":"product_tag","embeddable":true,"href":"https:\/\/doremimusical.com.br\/2019\/wp-json\/wp\/v2\/product_tag?post=215911"}],"curies":[{"name":"wp","href":"https:\/\/api.w.org\/{rel}","templated":true}]}}