{"id":215898,"date":"2021-02-25T21:57:09","date_gmt":"2021-02-25T21:57:09","guid":{"rendered":"https:\/\/doremimusical.com.br\/2019\/?post_type=product&#038;p=215898"},"modified":"2021-02-25T22:04:26","modified_gmt":"2021-02-25T22:04:26","slug":"favoritos-compartilhar-capa-bag-luxo-guitarra-avs-acolchoado-c-alca-mochila-e-maos","status":"publish","type":"product","link":"https:\/\/doremimusical.com.br\/2019\/produto\/favoritos-compartilhar-capa-bag-luxo-guitarra-avs-acolchoado-c-alca-mochila-e-maos\/","title":{"rendered":"Capa Bag Luxo Guitarra Avs Acolchoado C\/ Al\u00e7a Mochila E Maos"},"content":{"rendered":"<p>Modelo: Super Luxo &#8211; CH100<\/p>\n<p>Compat\u00edvel com: Guitarra.<\/p>\n<p>Detalhes: Al\u00e7a de costa dupla, Al\u00e7a de m\u00e3o em fita, 1 Bolso para<\/p>\n<p>acess\u00f3rios, Design slim.<\/p>\n<p>Especifica\u00e7\u00f5es: Tecido nylon 600, forro Tnt 80, Espuma 27mm (CH100), Ziper 8 para abertura lateral e Ziper<\/p>\n<p>6 para abertura do bolso.<\/p>\n","protected":false},"excerpt":{"rendered":"<p><img loading=\"lazy\" class=\"alignnone wp-image-215892\" src=\"https:\/\/doremimusical.com.br\/2019\/wp-content\/uploads\/2021\/02\/Untitled-8-2.png\" alt=\"\" width=\"126\" height=\"35\" srcset=\"https:\/\/doremimusical.com.br\/2019\/wp-content\/uploads\/2021\/02\/Untitled-8-2.png 104w, https:\/\/doremimusical.com.br\/2019\/wp-content\/uploads\/2021\/02\/Untitled-8-2-100x29.png 100w\" sizes=\"(max-width: 126px) 100vw, 126px\" \/><\/p>\n","protected":false},"featured_media":215900,"template":"","meta":{"_et_pb_use_builder":"","_et_pb_old_content":"","_et_gb_content_width":""},"product_cat":[79,82,586,585],"product_tag":[],"_links":{"self":[{"href":"https:\/\/doremimusical.com.br\/2019\/wp-json\/wp\/v2\/product\/215898"}],"collection":[{"href":"https:\/\/doremimusical.com.br\/2019\/wp-json\/wp\/v2\/product"}],"about":[{"href":"https:\/\/doremimusical.com.br\/2019\/wp-json\/wp\/v2\/types\/product"}],"wp:featuredmedia":[{"embeddable":true,"href":"https:\/\/doremimusical.com.br\/2019\/wp-json\/wp\/v2\/media\/215900"}],"wp:attachment":[{"href":"https:\/\/doremimusical.com.br\/2019\/wp-json\/wp\/v2\/media?parent=215898"}],"wp:term":[{"taxonomy":"product_cat","embeddable":true,"href":"https:\/\/doremimusical.com.br\/2019\/wp-json\/wp\/v2\/product_cat?post=215898"},{"taxonomy":"product_tag","embeddable":true,"href":"https:\/\/doremimusical.com.br\/2019\/wp-json\/wp\/v2\/product_tag?post=215898"}],"curies":[{"name":"wp","href":"https:\/\/api.w.org\/{rel}","templated":true}]}}