{"id":215860,"date":"2021-02-23T21:31:39","date_gmt":"2021-02-23T21:31:39","guid":{"rendered":"https:\/\/doremimusical.com.br\/2019\/?post_type=product&#038;p=215860"},"modified":"2021-02-23T21:31:39","modified_gmt":"2021-02-23T21:31:39","slug":"cubo-ativo-p-contrabaixo-fal-10-pol-70w-impact-bass-cb-100-borne","status":"publish","type":"product","link":"https:\/\/doremimusical.com.br\/2019\/produto\/cubo-ativo-p-contrabaixo-fal-10-pol-70w-impact-bass-cb-100-borne\/","title":{"rendered":"Cubo Ativo p\/ Contrabaixo Fal 10 Pol 70W Impact Bass &#8211; CB 100 Borne"},"content":{"rendered":"<p>Linha De Amplificador Para Contra-Baixo Impact Bass Cb100 Possui 2 Entradas (Ativo E Passivo), Alto-Falante De 10, Tweeter Para Real\u00e7ar Os Agudos, Pot\u00eancia De Sa\u00edda De 70w Rms.<\/p>\n<p>Constru\u00e7\u00e3o Robusta Para Maior Durabilidade, Prote\u00e7\u00e3o E Mobilidade. O Design Do Gabinete Permite Sua Utiliza\u00e7\u00e3o Na Posi\u00e7\u00e3o Inclinada, Servindo Como Retorno.<\/p>\n<p>Tipo: Amplificador Para Baixo<\/p>\n<p>Sensibilidade De Entrada: 170mv<\/p>\n<p>Alto-Falante: 10 &#8211; 8 Ohms, Espec\u00edfico Para Contra-Baixo<\/p>\n<p>Tweeter: Para Real\u00e7ar Os Agudos<\/p>\n<p>Pot\u00eancia: 70w Rms<\/p>\n<p>Entrada: Para Contra-Baixo Ativo Ou Passivo Independentes<\/p>\n<p>Prote\u00e7\u00e3o: Sim, Prote\u00e7\u00e3o T\u00e9rmica Do Circuito De Amplifica\u00e7\u00e3o<\/p>\n<p>Equaliza\u00e7\u00e3o: Ganho, Grave, M\u00e9dio, Agudo E Master<\/p>\n<p>Acabamento: Curvim Preto<\/p>\n<p>Sa\u00edda De Linha: Para Mesa Ou Grava\u00e7\u00e3o<\/p>\n<p>Design Do Gabinete: Pode Ser Utilizado Na Vertical Ou Inclinado<\/p>\n<p>Alimenta\u00e7\u00e3o: 110v\/220v<\/p>\n<p>Marca: Borne<\/p>\n<p>Conte\u00fado Da Embalagem: &#8211; 01 Amplificador Para Baixo E Manual<\/p>\n<p>Dimens\u00f5es Aproximadas Do Produto: 48 X 42 X 36 Cm<\/p>\n<p>Dimens\u00f5es Aproximadas Da Embalagem: 50 X 44 X 37 Cm<\/p>\n<p>Peso Aproximado Do Produto: 12,5 Kg<\/p>\n<p>Peso Aproximado Da Embalagem: 14 Kg<\/p>\n<p>Garantia Do Fornecedor: 12 Meses<\/p>\n<p>Informa\u00e7\u00f5es Adicionais: Para Baixo Ativo Ou Passivo<\/p>\n","protected":false},"excerpt":{"rendered":"<p><img loading=\"lazy\" class=\"alignnone size-medium wp-image-215825\" src=\"https:\/\/doremimusical.com.br\/2019\/wp-content\/uploads\/2021\/02\/bone-4-300x300.png\" alt=\"\" width=\"300\" height=\"300\" srcset=\"https:\/\/doremimusical.com.br\/2019\/wp-content\/uploads\/2021\/02\/bone-4-300x300.png 300w, https:\/\/doremimusical.com.br\/2019\/wp-content\/uploads\/2021\/02\/bone-4-400x400.png 400w, https:\/\/doremimusical.com.br\/2019\/wp-content\/uploads\/2021\/02\/bone-4-100x100.png 100w, https:\/\/doremimusical.com.br\/2019\/wp-content\/uploads\/2021\/02\/bone-4-510x510.png 510w, https:\/\/doremimusical.com.br\/2019\/wp-content\/uploads\/2021\/02\/bone-4-150x150.png 150w, https:\/\/doremimusical.com.br\/2019\/wp-content\/uploads\/2021\/02\/bone-4-768x768.png 768w, https:\/\/doremimusical.com.br\/2019\/wp-content\/uploads\/2021\/02\/bone-4.png 900w\" sizes=\"(max-width: 300px) 100vw, 300px\" \/><\/p>\n","protected":false},"featured_media":215861,"template":"","meta":{"_et_pb_use_builder":"","_et_pb_old_content":"","_et_gb_content_width":""},"product_cat":[79,357,580,527],"product_tag":[],"_links":{"self":[{"href":"https:\/\/doremimusical.com.br\/2019\/wp-json\/wp\/v2\/product\/215860"}],"collection":[{"href":"https:\/\/doremimusical.com.br\/2019\/wp-json\/wp\/v2\/product"}],"about":[{"href":"https:\/\/doremimusical.com.br\/2019\/wp-json\/wp\/v2\/types\/product"}],"wp:featuredmedia":[{"embeddable":true,"href":"https:\/\/doremimusical.com.br\/2019\/wp-json\/wp\/v2\/media\/215861"}],"wp:attachment":[{"href":"https:\/\/doremimusical.com.br\/2019\/wp-json\/wp\/v2\/media?parent=215860"}],"wp:term":[{"taxonomy":"product_cat","embeddable":true,"href":"https:\/\/doremimusical.com.br\/2019\/wp-json\/wp\/v2\/product_cat?post=215860"},{"taxonomy":"product_tag","embeddable":true,"href":"https:\/\/doremimusical.com.br\/2019\/wp-json\/wp\/v2\/product_tag?post=215860"}],"curies":[{"name":"wp","href":"https:\/\/api.w.org\/{rel}","templated":true}]}}