{"id":215666,"date":"2020-12-25T17:16:31","date_gmt":"2020-12-25T17:16:31","guid":{"rendered":"https:\/\/doremimusical.com.br\/2019\/?post_type=product&#038;p=215666"},"modified":"2020-12-25T17:16:32","modified_gmt":"2020-12-25T17:16:32","slug":"violao-tagima-paraty-nylon-classico-natural-fosco","status":"publish","type":"product","link":"https:\/\/doremimusical.com.br\/2019\/produto\/violao-tagima-paraty-nylon-classico-natural-fosco\/","title":{"rendered":"Viol\u00e3o Tagima Paraty Nylon Cl\u00e1ssico Natural Fosco"},"content":{"rendered":"<p>Viol\u00e3o Classical Non-Cutaway Nylon<\/p>\n<p><strong>BRA\u00c7O:\u00a0<\/strong>Okoume<\/p>\n<p><strong>ESCALA:\u00a0<\/strong>Technical wood 25.5\u201d<\/p>\n<p><strong>TAMPO:\u00a0<\/strong>Spruce<\/p>\n<p><strong>LATERAL \/ FUNDO:\u00a0<\/strong>Agathis<\/p>\n<p><strong>NUT:\u00a0<\/strong>50mm<\/p>\n<p><strong>TARRAXAS:\u00a0<\/strong>3+3 dourada com bot\u00f5es pretos<\/p>\n<p><strong>CORES:\u00a0<\/strong>Natural satin<\/p>\n<p><strong>VERS\u00c3O PARA CANHOTOS?\u00a0<\/strong>N\u00e3o<\/p>\n<p><strong>CAVALETE:\u00a0<\/strong>Chhlik wood<\/p>\n<p><strong>BOJO:\u00a0<\/strong>95mm X 100mm<\/p>\n","protected":false},"excerpt":{"rendered":"<p><img loading=\"lazy\" class=\"alignnone size-medium wp-image-215661\" src=\"https:\/\/doremimusical.com.br\/2019\/wp-content\/uploads\/2020\/12\/logo-tagima-1024-300x300.png\" alt=\"\" width=\"300\" height=\"300\" srcset=\"https:\/\/doremimusical.com.br\/2019\/wp-content\/uploads\/2020\/12\/logo-tagima-1024-300x300.png 300w, https:\/\/doremimusical.com.br\/2019\/wp-content\/uploads\/2020\/12\/logo-tagima-1024-400x400.png 400w, https:\/\/doremimusical.com.br\/2019\/wp-content\/uploads\/2020\/12\/logo-tagima-1024-100x100.png 100w, https:\/\/doremimusical.com.br\/2019\/wp-content\/uploads\/2020\/12\/logo-tagima-1024-510x510.png 510w, https:\/\/doremimusical.com.br\/2019\/wp-content\/uploads\/2020\/12\/logo-tagima-1024-150x150.png 150w, https:\/\/doremimusical.com.br\/2019\/wp-content\/uploads\/2020\/12\/logo-tagima-1024-768x768.png 768w, https:\/\/doremimusical.com.br\/2019\/wp-content\/uploads\/2020\/12\/logo-tagima-1024.png 1024w\" sizes=\"(max-width: 300px) 100vw, 300px\" \/><\/p>\n","protected":false},"featured_media":215667,"template":"","meta":{"_et_pb_use_builder":"","_et_pb_old_content":"","_et_gb_content_width":""},"product_cat":[79,269,85,97,86],"product_tag":[],"_links":{"self":[{"href":"https:\/\/doremimusical.com.br\/2019\/wp-json\/wp\/v2\/product\/215666"}],"collection":[{"href":"https:\/\/doremimusical.com.br\/2019\/wp-json\/wp\/v2\/product"}],"about":[{"href":"https:\/\/doremimusical.com.br\/2019\/wp-json\/wp\/v2\/types\/product"}],"wp:featuredmedia":[{"embeddable":true,"href":"https:\/\/doremimusical.com.br\/2019\/wp-json\/wp\/v2\/media\/215667"}],"wp:attachment":[{"href":"https:\/\/doremimusical.com.br\/2019\/wp-json\/wp\/v2\/media?parent=215666"}],"wp:term":[{"taxonomy":"product_cat","embeddable":true,"href":"https:\/\/doremimusical.com.br\/2019\/wp-json\/wp\/v2\/product_cat?post=215666"},{"taxonomy":"product_tag","embeddable":true,"href":"https:\/\/doremimusical.com.br\/2019\/wp-json\/wp\/v2\/product_tag?post=215666"}],"curies":[{"name":"wp","href":"https:\/\/api.w.org\/{rel}","templated":true}]}}