{"id":214596,"date":"2019-12-27T21:47:36","date_gmt":"2019-12-27T21:47:36","guid":{"rendered":"https:\/\/doremimusical.com.br\/2019\/?post_type=product&#038;p=214596"},"modified":"2019-12-27T21:48:24","modified_gmt":"2019-12-27T21:48:24","slug":"encordoamento-pagannini-viloncelo","status":"publish","type":"product","link":"https:\/\/doremimusical.com.br\/2019\/produto\/encordoamento-pagannini-viloncelo\/","title":{"rendered":"Encordoamento Pagannini Viloncelo"},"content":{"rendered":"<p>&#8211; Modelo: PE-960<\/p>\n<p>&#8211; Finalidade: Violoncelo<\/p>\n<p>&#8211; Composi\u00e7\u00e3o: n\u00facleo em a\u00e7o s\u00f3lido de alta qualidade e cobertura cromo<\/p>\n<p>&#8211; Valor referente ao conjunto com 4 cordas: 1\u00aa L\u00e1 (A), 2\u00aa R\u00e9 (D), 3\u00aa Sol (G) e 4\u00aa D\u00f3 (C)<\/p>\n<p>&#8211; Origem de fabrica\u00e7\u00e3o: Brasil<\/p>\n","protected":false},"excerpt":{"rendered":"<p><img loading=\"lazy\" class=\"alignnone wp-image-214593\" src=\"https:\/\/doremimusical.com.br\/2019\/wp-content\/uploads\/2019\/12\/Untitled-19.png\" alt=\"\" width=\"200\" height=\"29\" srcset=\"https:\/\/doremimusical.com.br\/2019\/wp-content\/uploads\/2019\/12\/Untitled-19.png 269w, https:\/\/doremimusical.com.br\/2019\/wp-content\/uploads\/2019\/12\/Untitled-19-150x22.png 150w\" sizes=\"(max-width: 200px) 100vw, 200px\" \/><\/p>\n","protected":false},"featured_media":214597,"template":"","meta":{"_et_pb_use_builder":"","_et_pb_old_content":"","_et_gb_content_width":""},"product_cat":[79,82,332,284,515,518],"product_tag":[],"_links":{"self":[{"href":"https:\/\/doremimusical.com.br\/2019\/wp-json\/wp\/v2\/product\/214596"}],"collection":[{"href":"https:\/\/doremimusical.com.br\/2019\/wp-json\/wp\/v2\/product"}],"about":[{"href":"https:\/\/doremimusical.com.br\/2019\/wp-json\/wp\/v2\/types\/product"}],"wp:featuredmedia":[{"embeddable":true,"href":"https:\/\/doremimusical.com.br\/2019\/wp-json\/wp\/v2\/media\/214597"}],"wp:attachment":[{"href":"https:\/\/doremimusical.com.br\/2019\/wp-json\/wp\/v2\/media?parent=214596"}],"wp:term":[{"taxonomy":"product_cat","embeddable":true,"href":"https:\/\/doremimusical.com.br\/2019\/wp-json\/wp\/v2\/product_cat?post=214596"},{"taxonomy":"product_tag","embeddable":true,"href":"https:\/\/doremimusical.com.br\/2019\/wp-json\/wp\/v2\/product_tag?post=214596"}],"curies":[{"name":"wp","href":"https:\/\/api.w.org\/{rel}","templated":true}]}}