{"id":214051,"date":"2019-12-02T19:49:07","date_gmt":"2019-12-02T19:49:07","guid":{"rendered":"https:\/\/doremimusical.com.br\/2019\/?post_type=product&#038;p=214051"},"modified":"2019-12-02T19:49:08","modified_gmt":"2019-12-02T19:49:08","slug":"suporte-hercules-para-trombone-de-vara","status":"publish","type":"product","link":"https:\/\/doremimusical.com.br\/2019\/produto\/suporte-hercules-para-trombone-de-vara\/","title":{"rendered":"Suporte Hercules para Trombone de Vara"},"content":{"rendered":"<p>Suporte para trombone de vara apresenta o sistema de trava ajust\u00e1vel EZ Top Bracket para encaixe perfeito em varas de qualquer espessura e trip\u00e9 dobr\u00e1vel de \u00f3tima estabilidade. C\u00f3digo Izzo: 5324<\/p>\n<p>\u2022 Material: Alum\u00ednio<br \/>\n\u2022 Trava Ajust\u00e1vel: EZ Top Bracket<br \/>\n\u2022 Trip\u00e9 Dobr\u00e1vel<br \/>\n\u2022 \u00d3tima Estabilidade<br \/>\n\u2022 Altura: 860mm<br \/>\n\u2022 Peso: 1,6kg<br \/>\n\u2022 Medidas: 785x115mm<br \/>\n\u2022 Cor: Preto<\/p>\n","protected":false},"excerpt":{"rendered":"<p><img loading=\"lazy\" class=\"alignnone size-full wp-image-214048\" src=\"https:\/\/doremimusical.com.br\/2019\/wp-content\/uploads\/2019\/12\/Hercules.png\" alt=\"\" width=\"248\" height=\"46\" srcset=\"https:\/\/doremimusical.com.br\/2019\/wp-content\/uploads\/2019\/12\/Hercules.png 248w, https:\/\/doremimusical.com.br\/2019\/wp-content\/uploads\/2019\/12\/Hercules-150x28.png 150w\" sizes=\"(max-width: 248px) 100vw, 248px\" \/><\/p>\n","protected":false},"featured_media":214052,"template":"","meta":{"_et_pb_use_builder":"","_et_pb_old_content":"","_et_gb_content_width":""},"product_cat":[79,82,419,418,333],"product_tag":[],"_links":{"self":[{"href":"https:\/\/doremimusical.com.br\/2019\/wp-json\/wp\/v2\/product\/214051"}],"collection":[{"href":"https:\/\/doremimusical.com.br\/2019\/wp-json\/wp\/v2\/product"}],"about":[{"href":"https:\/\/doremimusical.com.br\/2019\/wp-json\/wp\/v2\/types\/product"}],"wp:featuredmedia":[{"embeddable":true,"href":"https:\/\/doremimusical.com.br\/2019\/wp-json\/wp\/v2\/media\/214052"}],"wp:attachment":[{"href":"https:\/\/doremimusical.com.br\/2019\/wp-json\/wp\/v2\/media?parent=214051"}],"wp:term":[{"taxonomy":"product_cat","embeddable":true,"href":"https:\/\/doremimusical.com.br\/2019\/wp-json\/wp\/v2\/product_cat?post=214051"},{"taxonomy":"product_tag","embeddable":true,"href":"https:\/\/doremimusical.com.br\/2019\/wp-json\/wp\/v2\/product_tag?post=214051"}],"curies":[{"name":"wp","href":"https:\/\/api.w.org\/{rel}","templated":true}]}}