{"id":213696,"date":"2019-11-25T19:51:18","date_gmt":"2019-11-25T19:51:18","guid":{"rendered":"https:\/\/doremimusical.com.br\/2019\/?post_type=product&#038;p=213696"},"modified":"2019-11-25T19:51:18","modified_gmt":"2019-11-25T19:51:18","slug":"pele-encore-13-polegadas-ambassador-porosa","status":"publish","type":"product","link":"https:\/\/doremimusical.com.br\/2019\/produto\/pele-encore-13-polegadas-ambassador-porosa\/","title":{"rendered":"Pele Encore 13 Polegadas Ambassador Porosa"},"content":{"rendered":"<p>Padr\u00e3o standard da ind\u00fastria para peles batedeiras, usadas para ao vivo e est\u00fadio. A cl\u00e1ssica pele \u201cWeatherking series\u201d. Tonalidade mais aberta, ressonante e m\u00e9dia durabilidade. Filme simples de 10 mil Mylar.<\/p>\n<p>\u2022 13 Polegadas<br \/>\n\u2022 Modelo: Ambassador<br \/>\n\u2022 Pele: Porosa<br \/>\n\u2022 Filme simples: 10 mil Mylar<\/p>\n","protected":false},"excerpt":{"rendered":"<p><img loading=\"lazy\" class=\"alignnone size-full wp-image-213689\" src=\"https:\/\/doremimusical.com.br\/2019\/wp-content\/uploads\/2019\/11\/Encore-by-Remo.png\" alt=\"\" width=\"160\" height=\"77\" srcset=\"https:\/\/doremimusical.com.br\/2019\/wp-content\/uploads\/2019\/11\/Encore-by-Remo.png 160w, https:\/\/doremimusical.com.br\/2019\/wp-content\/uploads\/2019\/11\/Encore-by-Remo-150x72.png 150w\" sizes=\"(max-width: 160px) 100vw, 160px\" \/><\/p>\n","protected":false},"featured_media":213697,"template":"","meta":{"_et_pb_use_builder":"","_et_pb_old_content":"","_et_gb_content_width":""},"product_cat":[79,82,381,323,330],"product_tag":[],"_links":{"self":[{"href":"https:\/\/doremimusical.com.br\/2019\/wp-json\/wp\/v2\/product\/213696"}],"collection":[{"href":"https:\/\/doremimusical.com.br\/2019\/wp-json\/wp\/v2\/product"}],"about":[{"href":"https:\/\/doremimusical.com.br\/2019\/wp-json\/wp\/v2\/types\/product"}],"wp:featuredmedia":[{"embeddable":true,"href":"https:\/\/doremimusical.com.br\/2019\/wp-json\/wp\/v2\/media\/213697"}],"wp:attachment":[{"href":"https:\/\/doremimusical.com.br\/2019\/wp-json\/wp\/v2\/media?parent=213696"}],"wp:term":[{"taxonomy":"product_cat","embeddable":true,"href":"https:\/\/doremimusical.com.br\/2019\/wp-json\/wp\/v2\/product_cat?post=213696"},{"taxonomy":"product_tag","embeddable":true,"href":"https:\/\/doremimusical.com.br\/2019\/wp-json\/wp\/v2\/product_tag?post=213696"}],"curies":[{"name":"wp","href":"https:\/\/api.w.org\/{rel}","templated":true}]}}