{"id":213613,"date":"2019-11-22T18:37:08","date_gmt":"2019-11-22T18:37:08","guid":{"rendered":"https:\/\/doremimusical.com.br\/2019\/?post_type=product&#038;p=213613"},"modified":"2019-11-22T18:37:09","modified_gmt":"2019-11-22T18:37:09","slug":"enc-ernie-ball-012-054-p-violao-aco-earthwood-tensao-media-leve-80-20-bronze","status":"publish","type":"product","link":"https:\/\/doremimusical.com.br\/2019\/produto\/enc-ernie-ball-012-054-p-violao-aco-earthwood-tensao-media-leve-80-20-bronze\/","title":{"rendered":"Enc. Ernie Ball 012-054 P\/ Violao Aco Earthwood Tensao Media Leve 80\/20 Bronze"},"content":{"rendered":"<p>Feita com fio de 80% de cobre e 20% de zinco, envolto em torno de um fio hexagonal de a\u00e7o banhado \u00e0 estanho. As cordas de viol\u00e3o mais populares, fornecem um som n\u00edtido, com um toque agrad\u00e1vel.<\/p>\n","protected":false},"excerpt":{"rendered":"<p><img loading=\"lazy\" class=\"alignnone size-full wp-image-213597\" src=\"https:\/\/doremimusical.com.br\/2019\/wp-content\/uploads\/2019\/11\/Ernie-Ball.png\" alt=\"\" width=\"214\" height=\"56\" srcset=\"https:\/\/doremimusical.com.br\/2019\/wp-content\/uploads\/2019\/11\/Ernie-Ball.png 214w, https:\/\/doremimusical.com.br\/2019\/wp-content\/uploads\/2019\/11\/Ernie-Ball-150x39.png 150w\" sizes=\"(max-width: 214px) 100vw, 214px\" \/><\/p>\n","protected":false},"featured_media":213614,"template":"","meta":{"_et_pb_use_builder":"","_et_pb_old_content":"","_et_gb_content_width":""},"product_cat":[79,82,332,284,367,370],"product_tag":[],"_links":{"self":[{"href":"https:\/\/doremimusical.com.br\/2019\/wp-json\/wp\/v2\/product\/213613"}],"collection":[{"href":"https:\/\/doremimusical.com.br\/2019\/wp-json\/wp\/v2\/product"}],"about":[{"href":"https:\/\/doremimusical.com.br\/2019\/wp-json\/wp\/v2\/types\/product"}],"wp:featuredmedia":[{"embeddable":true,"href":"https:\/\/doremimusical.com.br\/2019\/wp-json\/wp\/v2\/media\/213614"}],"wp:attachment":[{"href":"https:\/\/doremimusical.com.br\/2019\/wp-json\/wp\/v2\/media?parent=213613"}],"wp:term":[{"taxonomy":"product_cat","embeddable":true,"href":"https:\/\/doremimusical.com.br\/2019\/wp-json\/wp\/v2\/product_cat?post=213613"},{"taxonomy":"product_tag","embeddable":true,"href":"https:\/\/doremimusical.com.br\/2019\/wp-json\/wp\/v2\/product_tag?post=213613"}],"curies":[{"name":"wp","href":"https:\/\/api.w.org\/{rel}","templated":true}]}}