{"id":213600,"date":"2019-11-22T18:12:56","date_gmt":"2019-11-22T18:12:56","guid":{"rendered":"https:\/\/doremimusical.com.br\/2019\/?post_type=product&#038;p=213600"},"modified":"2019-11-22T18:12:56","modified_gmt":"2019-11-22T18:12:56","slug":"enc-ernie-ball-009-042-p-guitarra-super-slink-niquel","status":"publish","type":"product","link":"https:\/\/doremimusical.com.br\/2019\/produto\/enc-ernie-ball-009-042-p-guitarra-super-slink-niquel\/","title":{"rendered":"Enc. Ernie Ball 009-042 P\/ Guitarra Super Slink Niquel"},"content":{"rendered":"<p>As Cordas Super Slinky s\u00e3o usadas por Jimmy Page, Jeff Beck e Angus Young. Estas cordas s\u00e3o fabricadas com precis\u00e3o para os mais altos padr\u00f5es e especifica\u00e7\u00f5es mais exigentes, garantindo a consist\u00eancia, desempenho ideal e durabilidade. Cordas Super Slinky s\u00e3o feitas de fio de a\u00e7o niquelado envolto em torno de um fio hexagonal de a\u00e7o no n\u00facleo. As cordas lisas s\u00e3o feitas de a\u00e7o carbono temperado banhado \u00e0 estanho, produzindo um tom bem equilibrado para a sua guitarra<\/p>\n","protected":false},"excerpt":{"rendered":"<p><img loading=\"lazy\" class=\"alignnone size-full wp-image-213597\" src=\"https:\/\/doremimusical.com.br\/2019\/wp-content\/uploads\/2019\/11\/Ernie-Ball.png\" alt=\"\" width=\"214\" height=\"56\" srcset=\"https:\/\/doremimusical.com.br\/2019\/wp-content\/uploads\/2019\/11\/Ernie-Ball.png 214w, https:\/\/doremimusical.com.br\/2019\/wp-content\/uploads\/2019\/11\/Ernie-Ball-150x39.png 150w\" sizes=\"(max-width: 214px) 100vw, 214px\" \/><\/p>\n","protected":false},"featured_media":213601,"template":"","meta":{"_et_pb_use_builder":"","_et_pb_old_content":"","_et_gb_content_width":""},"product_cat":[79,82,332,284,367,369],"product_tag":[],"_links":{"self":[{"href":"https:\/\/doremimusical.com.br\/2019\/wp-json\/wp\/v2\/product\/213600"}],"collection":[{"href":"https:\/\/doremimusical.com.br\/2019\/wp-json\/wp\/v2\/product"}],"about":[{"href":"https:\/\/doremimusical.com.br\/2019\/wp-json\/wp\/v2\/types\/product"}],"wp:featuredmedia":[{"embeddable":true,"href":"https:\/\/doremimusical.com.br\/2019\/wp-json\/wp\/v2\/media\/213601"}],"wp:attachment":[{"href":"https:\/\/doremimusical.com.br\/2019\/wp-json\/wp\/v2\/media?parent=213600"}],"wp:term":[{"taxonomy":"product_cat","embeddable":true,"href":"https:\/\/doremimusical.com.br\/2019\/wp-json\/wp\/v2\/product_cat?post=213600"},{"taxonomy":"product_tag","embeddable":true,"href":"https:\/\/doremimusical.com.br\/2019\/wp-json\/wp\/v2\/product_tag?post=213600"}],"curies":[{"name":"wp","href":"https:\/\/api.w.org\/{rel}","templated":true}]}}