{"id":213598,"date":"2019-11-22T18:05:14","date_gmt":"2019-11-22T18:05:14","guid":{"rendered":"https:\/\/doremimusical.com.br\/2019\/?post_type=product&#038;p=213598"},"modified":"2019-11-22T19:22:57","modified_gmt":"2019-11-22T19:22:57","slug":"enc-040-125-p-baixo-5-cordas-super-slinky-niquel-p02824-ernie-ball","status":"publish","type":"product","link":"https:\/\/doremimusical.com.br\/2019\/produto\/enc-040-125-p-baixo-5-cordas-super-slinky-niquel-p02824-ernie-ball\/","title":{"rendered":"Enc. Ernie Ball 040-125 P\/ Baixo 5 Cordas Super Slinky Niquel P02824 Ernie Ball"},"content":{"rendered":"<p>As cordas para baixo Ernie Ball Super Slinky 5 String s\u00e3o enroladas para um som brilhante e balanceado. Cada corda \u00e9 fabricada com as melhores mat\u00e9rias-primas no belo Coachella Valley, no sul da Calif\u00f3rnia. A lista de endorsees das cordas de baixo Ernie Ball \u00e9 uma lista dos artistas mais vendidos<\/p>\n","protected":false},"excerpt":{"rendered":"<p><img loading=\"lazy\" class=\"alignnone size-full wp-image-213597\" src=\"https:\/\/doremimusical.com.br\/2019\/wp-content\/uploads\/2019\/11\/Ernie-Ball.png\" alt=\"\" width=\"214\" height=\"56\" srcset=\"https:\/\/doremimusical.com.br\/2019\/wp-content\/uploads\/2019\/11\/Ernie-Ball.png 214w, https:\/\/doremimusical.com.br\/2019\/wp-content\/uploads\/2019\/11\/Ernie-Ball-150x39.png 150w\" sizes=\"(max-width: 214px) 100vw, 214px\" \/><\/p>\n","protected":false},"featured_media":213599,"template":"","meta":{"_et_pb_use_builder":"","_et_pb_old_content":"","_et_gb_content_width":""},"product_cat":[79,82,368,332,284,367],"product_tag":[],"_links":{"self":[{"href":"https:\/\/doremimusical.com.br\/2019\/wp-json\/wp\/v2\/product\/213598"}],"collection":[{"href":"https:\/\/doremimusical.com.br\/2019\/wp-json\/wp\/v2\/product"}],"about":[{"href":"https:\/\/doremimusical.com.br\/2019\/wp-json\/wp\/v2\/types\/product"}],"wp:featuredmedia":[{"embeddable":true,"href":"https:\/\/doremimusical.com.br\/2019\/wp-json\/wp\/v2\/media\/213599"}],"wp:attachment":[{"href":"https:\/\/doremimusical.com.br\/2019\/wp-json\/wp\/v2\/media?parent=213598"}],"wp:term":[{"taxonomy":"product_cat","embeddable":true,"href":"https:\/\/doremimusical.com.br\/2019\/wp-json\/wp\/v2\/product_cat?post=213598"},{"taxonomy":"product_tag","embeddable":true,"href":"https:\/\/doremimusical.com.br\/2019\/wp-json\/wp\/v2\/product_tag?post=213598"}],"curies":[{"name":"wp","href":"https:\/\/api.w.org\/{rel}","templated":true}]}}