{"id":213536,"date":"2019-11-21T20:24:49","date_gmt":"2019-11-21T20:24:49","guid":{"rendered":"https:\/\/doremimusical.com.br\/2019\/?post_type=product&#038;p=213536"},"modified":"2019-11-21T20:24:49","modified_gmt":"2019-11-21T20:24:49","slug":"capitador-sipirit-contra-baixo-jb-alnico-bridge-jba-4c","status":"publish","type":"product","link":"https:\/\/doremimusical.com.br\/2019\/produto\/capitador-sipirit-contra-baixo-jb-alnico-bridge-jba-4c\/","title":{"rendered":"Capitador Sipirit Contra Baixo JB Alnico Bridge JBA 4C"},"content":{"rendered":"<div><strong>Captador para Baixo<\/strong><\/div>\n<div>Boa defini\u00e7\u00e3o de freq\u00fc\u00eancias, timbre definido e boa sustenta\u00e7\u00e3o.<\/div>\n<div><\/div>\n<div>\u2022 Preto<br \/>\n\u2022 Extens\u00f5es polares fixas e planas<br \/>\n\u2022 \u00cdm\u00e3 em alnico<br \/>\n\u2022 2 condutores<br \/>\n\u2022 Resist\u00eancia Ponte: 7.95K<br \/>\n\u2022 Resist\u00eancia Bra\u00e7o: 7.60K<\/div>\n<div><\/div>\n<div><img loading=\"lazy\" class=\"alignnone size-medium wp-image-213540\" src=\"https:\/\/doremimusical.com.br\/2019\/wp-content\/uploads\/2019\/11\/Capitador-Sipirit-Contra-Baixo-JB-Alnico-Bridge-JBA-4C-2-300x162.png\" alt=\"\" width=\"300\" height=\"162\" srcset=\"https:\/\/doremimusical.com.br\/2019\/wp-content\/uploads\/2019\/11\/Capitador-Sipirit-Contra-Baixo-JB-Alnico-Bridge-JBA-4C-2-300x162.png 300w, https:\/\/doremimusical.com.br\/2019\/wp-content\/uploads\/2019\/11\/Capitador-Sipirit-Contra-Baixo-JB-Alnico-Bridge-JBA-4C-2-510x276.png 510w, https:\/\/doremimusical.com.br\/2019\/wp-content\/uploads\/2019\/11\/Capitador-Sipirit-Contra-Baixo-JB-Alnico-Bridge-JBA-4C-2-150x81.png 150w, https:\/\/doremimusical.com.br\/2019\/wp-content\/uploads\/2019\/11\/Capitador-Sipirit-Contra-Baixo-JB-Alnico-Bridge-JBA-4C-2-768x416.png 768w, https:\/\/doremimusical.com.br\/2019\/wp-content\/uploads\/2019\/11\/Capitador-Sipirit-Contra-Baixo-JB-Alnico-Bridge-JBA-4C-2.png 857w\" sizes=\"(max-width: 300px) 100vw, 300px\" \/><\/div>\n<div><img loading=\"lazy\" class=\"alignnone size-medium wp-image-213539\" src=\"https:\/\/doremimusical.com.br\/2019\/wp-content\/uploads\/2019\/11\/Capitador-Sipirit-Contra-Baixo-JB-Alnico-Bridge-JBA-4C-1-300x64.png\" alt=\"\" width=\"300\" height=\"64\" srcset=\"https:\/\/doremimusical.com.br\/2019\/wp-content\/uploads\/2019\/11\/Capitador-Sipirit-Contra-Baixo-JB-Alnico-Bridge-JBA-4C-1-300x64.png 300w, https:\/\/doremimusical.com.br\/2019\/wp-content\/uploads\/2019\/11\/Capitador-Sipirit-Contra-Baixo-JB-Alnico-Bridge-JBA-4C-1-510x109.png 510w, https:\/\/doremimusical.com.br\/2019\/wp-content\/uploads\/2019\/11\/Capitador-Sipirit-Contra-Baixo-JB-Alnico-Bridge-JBA-4C-1-150x32.png 150w, https:\/\/doremimusical.com.br\/2019\/wp-content\/uploads\/2019\/11\/Capitador-Sipirit-Contra-Baixo-JB-Alnico-Bridge-JBA-4C-1.png 742w\" sizes=\"(max-width: 300px) 100vw, 300px\" \/><\/div>\n<div>\n<p><a href=\"http:\/\/www2.musical-express.com.br\/beta\/wp-content\/blogs.dir\/13\/files\/2011\/02\/JB_alnico_bridge.pdf\" target=\"_blank\" rel=\"noopener noreferrer\">Download do esquema<\/a><\/p>\n<\/div>\n","protected":false},"excerpt":{"rendered":"<p><img loading=\"lazy\" class=\"alignnone size-full wp-image-213402\" src=\"https:\/\/doremimusical.com.br\/2019\/wp-content\/uploads\/2019\/11\/Spirit.png\" alt=\"\" width=\"220\" height=\"62\" srcset=\"https:\/\/doremimusical.com.br\/2019\/wp-content\/uploads\/2019\/11\/Spirit.png 220w, https:\/\/doremimusical.com.br\/2019\/wp-content\/uploads\/2019\/11\/Spirit-150x42.png 150w\" sizes=\"(max-width: 220px) 100vw, 220px\" \/><\/p>\n","protected":false},"featured_media":213537,"template":"","meta":{"_et_pb_use_builder":"","_et_pb_old_content":"","_et_gb_content_width":""},"product_cat":[79,82,360,361],"product_tag":[],"_links":{"self":[{"href":"https:\/\/doremimusical.com.br\/2019\/wp-json\/wp\/v2\/product\/213536"}],"collection":[{"href":"https:\/\/doremimusical.com.br\/2019\/wp-json\/wp\/v2\/product"}],"about":[{"href":"https:\/\/doremimusical.com.br\/2019\/wp-json\/wp\/v2\/types\/product"}],"wp:featuredmedia":[{"embeddable":true,"href":"https:\/\/doremimusical.com.br\/2019\/wp-json\/wp\/v2\/media\/213537"}],"wp:attachment":[{"href":"https:\/\/doremimusical.com.br\/2019\/wp-json\/wp\/v2\/media?parent=213536"}],"wp:term":[{"taxonomy":"product_cat","embeddable":true,"href":"https:\/\/doremimusical.com.br\/2019\/wp-json\/wp\/v2\/product_cat?post=213536"},{"taxonomy":"product_tag","embeddable":true,"href":"https:\/\/doremimusical.com.br\/2019\/wp-json\/wp\/v2\/product_tag?post=213536"}],"curies":[{"name":"wp","href":"https:\/\/api.w.org\/{rel}","templated":true}]}}