{"id":213529,"date":"2019-11-21T19:40:53","date_gmt":"2019-11-21T19:40:53","guid":{"rendered":"https:\/\/doremimusical.com.br\/2019\/?post_type=product&#038;p=213529"},"modified":"2024-05-30T01:19:26","modified_gmt":"2024-05-30T01:19:26","slug":"microfone-shure-sm58-lc-com-fio","status":"publish","type":"product","link":"https:\/\/doremimusical.com.br\/2019\/produto\/microfone-shure-sm58-lc-com-fio\/","title":{"rendered":"Microfone Shure SM58-LC Com Fio"},"content":{"rendered":"<h3>COMO FUNCIONA?<\/h3>\n<p>Feito para lidar com a voz com clareza, o padr\u00e3o polar cardioide uniforme reproduz todas as notas como planejado. E deixa o ru\u00eddo de fundo para tr\u00e1s. Em qualquer palco \u2013 do show ao est\u00e1dio \u2013, o SM58 oferece um som quente e n\u00edtido repetidas vezes.<\/p>\n<h3>POR QUE \u00c9 O MELHOR?<\/h3>\n<h6>Agite sem interfer\u00eancias<\/h6>\n<p>O ru\u00eddo de manuseio \u00e9 absorvido pelo shock mount, mantendo o som livre de vibra\u00e7\u00f5es.<\/p>\n<h6>Filtra o ar indesejado<\/h6>\n<p>Quando o vento e o som de consoantes \u201cp\u201d e \u201cb\u201d tentam assumir o controle, a grade esf\u00e9rica e o filtro anti pop embutido os deixam fora da mixagem.<\/p>\n<h6>Robusto para a estrada \u00e0 frente<\/h6>\n<p>Saindo com em turn\u00ea? A constru\u00e7\u00e3o dur\u00e1vel do microfone e o adaptador de suporte mant\u00eam o SM58 funcionando sob as condi\u00e7\u00f5es mais dif\u00edceis \u2013 como a chuva.<\/p>\n<p>&nbsp;<\/p>\n","protected":false},"excerpt":{"rendered":"<p><img loading=\"lazy\" class=\"alignnone size-full wp-image-213522\" src=\"https:\/\/doremimusical.com.br\/2019\/wp-content\/uploads\/2019\/11\/Shure.png\" alt=\"\" width=\"187\" height=\"34\" srcset=\"https:\/\/doremimusical.com.br\/2019\/wp-content\/uploads\/2019\/11\/Shure.png 187w, https:\/\/doremimusical.com.br\/2019\/wp-content\/uploads\/2019\/11\/Shure-150x27.png 150w\" sizes=\"(max-width: 187px) 100vw, 187px\" \/><\/p>\n","protected":false},"featured_media":213531,"template":"","meta":{"_et_pb_use_builder":"","_et_pb_old_content":"","_et_gb_content_width":""},"product_cat":[79,357,358,359],"product_tag":[],"_links":{"self":[{"href":"https:\/\/doremimusical.com.br\/2019\/wp-json\/wp\/v2\/product\/213529"}],"collection":[{"href":"https:\/\/doremimusical.com.br\/2019\/wp-json\/wp\/v2\/product"}],"about":[{"href":"https:\/\/doremimusical.com.br\/2019\/wp-json\/wp\/v2\/types\/product"}],"wp:featuredmedia":[{"embeddable":true,"href":"https:\/\/doremimusical.com.br\/2019\/wp-json\/wp\/v2\/media\/213531"}],"wp:attachment":[{"href":"https:\/\/doremimusical.com.br\/2019\/wp-json\/wp\/v2\/media?parent=213529"}],"wp:term":[{"taxonomy":"product_cat","embeddable":true,"href":"https:\/\/doremimusical.com.br\/2019\/wp-json\/wp\/v2\/product_cat?post=213529"},{"taxonomy":"product_tag","embeddable":true,"href":"https:\/\/doremimusical.com.br\/2019\/wp-json\/wp\/v2\/product_tag?post=213529"}],"curies":[{"name":"wp","href":"https:\/\/api.w.org\/{rel}","templated":true}]}}