{"id":213378,"date":"2019-11-18T18:01:00","date_gmt":"2019-11-18T18:01:00","guid":{"rendered":"https:\/\/doremimusical.com.br\/2019\/?post_type=product&#038;p=213378"},"modified":"2019-11-18T18:06:02","modified_gmt":"2019-11-18T18:06:02","slug":"213378","status":"publish","type":"product","link":"https:\/\/doremimusical.com.br\/2019\/produto\/213378\/","title":{"rendered":"Pele Evans Caixa-Tom 14&#8221; Polegada Batedeira Porosa"},"content":{"rendered":"<p>A G14 possui um \u00fanico filme com espessura de 14mil que proporciona grande durabilidade, combinada com a resposta din\u00e2mica que s\u00f3 uma pele de filme simples pode oferecer. Ideal em situa\u00e7\u00f5es que necessitam alto volume, a G14 resiste a pegadas mais fortes, proporcionando ao mesmo tempo som encorpado e volume.<br \/>\nO revestimento poroso patenteado pela EVANS proporciona uma tonalidade mais quente aos toms. J\u00e1 na vers\u00e3o transparente, a G14 proporciona uma proje\u00e7\u00e3o m\u00e1xima em sua frequ\u00eancia.<\/p>\n<table border=\"0\" width=\"491\" cellspacing=\"0\" cellpadding=\"0\">\n<tbody>\n<tr>\n<td class=\"xl68\" width=\"99\" height=\"28\"><strong>PRODUTO<\/strong><\/td>\n<td class=\"xl68\" width=\"328\"><strong>NOME<\/strong><\/td>\n<td class=\"xl68\" width=\"64\"><strong>C\u00d3DIGO<\/strong><\/td>\n<\/tr>\n<\/tbody>\n<\/table>\n<table border=\"0\" width=\"491\" cellspacing=\"0\" cellpadding=\"0\">\n<tbody>\n<tr>\n<td class=\"xl65\" height=\"28\">B14G14<\/td>\n<td class=\"xl67\" width=\"328\">G14 POROSA CAIXA\/TOM\u00a014\u2033<\/td>\n<td class=\"xl66\">022601<\/td>\n<\/tr>\n<\/tbody>\n<\/table>\n<p>&nbsp;<\/p>\n<p><iframe loading=\"lazy\" title=\"Destaques da Musical Express: Pele G14 para caixa e tom - Evans\" width=\"1080\" height=\"608\" src=\"https:\/\/www.youtube.com\/embed\/rE9wFX4UkoA?feature=oembed\" frameborder=\"0\" allow=\"accelerometer; autoplay; encrypted-media; gyroscope; picture-in-picture\" allowfullscreen><\/iframe><\/p>\n","protected":false},"excerpt":{"rendered":"<p><img loading=\"lazy\" class=\"alignnone size-full wp-image-213374\" src=\"https:\/\/doremimusical.com.br\/2019\/wp-content\/uploads\/2019\/11\/Evans.png\" alt=\"\" width=\"188\" height=\"80\" srcset=\"https:\/\/doremimusical.com.br\/2019\/wp-content\/uploads\/2019\/11\/Evans.png 188w, https:\/\/doremimusical.com.br\/2019\/wp-content\/uploads\/2019\/11\/Evans-150x64.png 150w\" sizes=\"(max-width: 188px) 100vw, 188px\" \/><\/p>\n","protected":false},"featured_media":213379,"template":"","meta":{"_et_pb_use_builder":"","_et_pb_old_content":"","_et_gb_content_width":""},"product_cat":[79,82,331,323,330],"product_tag":[],"_links":{"self":[{"href":"https:\/\/doremimusical.com.br\/2019\/wp-json\/wp\/v2\/product\/213378"}],"collection":[{"href":"https:\/\/doremimusical.com.br\/2019\/wp-json\/wp\/v2\/product"}],"about":[{"href":"https:\/\/doremimusical.com.br\/2019\/wp-json\/wp\/v2\/types\/product"}],"wp:featuredmedia":[{"embeddable":true,"href":"https:\/\/doremimusical.com.br\/2019\/wp-json\/wp\/v2\/media\/213379"}],"wp:attachment":[{"href":"https:\/\/doremimusical.com.br\/2019\/wp-json\/wp\/v2\/media?parent=213378"}],"wp:term":[{"taxonomy":"product_cat","embeddable":true,"href":"https:\/\/doremimusical.com.br\/2019\/wp-json\/wp\/v2\/product_cat?post=213378"},{"taxonomy":"product_tag","embeddable":true,"href":"https:\/\/doremimusical.com.br\/2019\/wp-json\/wp\/v2\/product_tag?post=213378"}],"curies":[{"name":"wp","href":"https:\/\/api.w.org\/{rel}","templated":true}]}}