{"id":213372,"date":"2019-11-18T17:46:30","date_gmt":"2019-11-18T17:46:30","guid":{"rendered":"https:\/\/doremimusical.com.br\/2019\/?post_type=product&#038;p=213372"},"modified":"2021-10-14T17:27:44","modified_gmt":"2021-10-14T17:27:44","slug":"pele-uno-caixa-tom-hidraulica-08-polegada-batedeira","status":"publish","type":"product","link":"https:\/\/doremimusical.com.br\/2019\/produto\/pele-uno-caixa-tom-hidraulica-08-polegada-batedeira\/","title":{"rendered":"Pele Uno Caixa-Tom hidr\u00e1ulica 08&#8221; Polegada Batedeira"},"content":{"rendered":"<p>Um som cl\u00e1ssico, com sustain curto. Ajuste esta pele mais apertada para um som realmente \u201csurdo\u201d ou um pouco mais frouxa para um som \u201cestalado\u201d. Dois filmes comprimem uma fina camada de \u00f3leo que suprime harm\u00f4nicos indesejados. Como resultado, as Hydraulic s\u00e3o\u00a0particularmente eficientes para fazer com que kits para iniciantes soem bem. Elas \u201ccorrigem\u201d as imperfei\u00e7\u00f5es como bordas com instabilidades no corte, e nos cascos deformados.<br \/>\nOs pacotes para tons da Evans oferecem aos bateristas de todos os n\u00edveis a oportunidade de trocar um jogo de tr\u00eas peles de tom com um desconto consider\u00e1vel, quando comparados ao pre\u00e7o da compra das peles individualmente.<\/p>\n<p>&nbsp;<\/p>\n<table border=\"0\" width=\"491\" cellspacing=\"0\" cellpadding=\"0\">\n<tbody>\n<tr>\n<td width=\"99\" height=\"20\"><strong>PRODUTO<\/strong><\/td>\n<td width=\"328\"><strong>NOME<\/strong><\/td>\n<td width=\"64\"><strong>C\u00d3DIGO<\/strong><\/td>\n<\/tr>\n<\/tbody>\n<\/table>\n<table border=\"0\" width=\"491\" cellspacing=\"0\" cellpadding=\"0\">\n<tbody>\n<tr>\n<td height=\"20\">TT08HG<\/td>\n<td width=\"328\">PELE PARA CAIXA \/ TOM TRANSPARENTE 08\u2033<\/td>\n<td>013503<\/td>\n<\/tr>\n<\/tbody>\n<\/table>\n","protected":false},"excerpt":{"rendered":"<p><img loading=\"lazy\" class=\"alignnone wp-image-213374\" src=\"https:\/\/doremimusical.com.br\/2019\/wp-content\/uploads\/2019\/11\/Evans.png\" alt=\"\" width=\"157\" height=\"67\" srcset=\"https:\/\/doremimusical.com.br\/2019\/wp-content\/uploads\/2019\/11\/Evans.png 188w, https:\/\/doremimusical.com.br\/2019\/wp-content\/uploads\/2019\/11\/Evans-150x64.png 150w\" sizes=\"(max-width: 157px) 100vw, 157px\" \/><\/p>\n","protected":false},"featured_media":213373,"template":"","meta":{"_et_pb_use_builder":"","_et_pb_old_content":"","_et_gb_content_width":""},"product_cat":[79,82,331,323,330],"product_tag":[],"_links":{"self":[{"href":"https:\/\/doremimusical.com.br\/2019\/wp-json\/wp\/v2\/product\/213372"}],"collection":[{"href":"https:\/\/doremimusical.com.br\/2019\/wp-json\/wp\/v2\/product"}],"about":[{"href":"https:\/\/doremimusical.com.br\/2019\/wp-json\/wp\/v2\/types\/product"}],"wp:featuredmedia":[{"embeddable":true,"href":"https:\/\/doremimusical.com.br\/2019\/wp-json\/wp\/v2\/media\/213373"}],"wp:attachment":[{"href":"https:\/\/doremimusical.com.br\/2019\/wp-json\/wp\/v2\/media?parent=213372"}],"wp:term":[{"taxonomy":"product_cat","embeddable":true,"href":"https:\/\/doremimusical.com.br\/2019\/wp-json\/wp\/v2\/product_cat?post=213372"},{"taxonomy":"product_tag","embeddable":true,"href":"https:\/\/doremimusical.com.br\/2019\/wp-json\/wp\/v2\/product_tag?post=213372"}],"curies":[{"name":"wp","href":"https:\/\/api.w.org\/{rel}","templated":true}]}}