{"id":213358,"date":"2019-11-18T15:17:52","date_gmt":"2019-11-18T15:17:52","guid":{"rendered":"https:\/\/doremimusical.com.br\/2019\/?post_type=product&#038;p=213358"},"modified":"2021-10-14T17:30:47","modified_gmt":"2021-10-14T17:30:47","slug":"pele-uno-caixa-13-polegadas-batedeira","status":"publish","type":"product","link":"https:\/\/doremimusical.com.br\/2019\/produto\/pele-uno-caixa-13-polegadas-batedeira\/","title":{"rendered":"Pele Uno Caixa 13&#8221; Polegadas Batedeira"},"content":{"rendered":"<div><strong>DESCRI\u00c7\u00c3O DO PRODUTO<\/strong><\/div>\n<div>\u2022pele caixa Uno 13\u00a0By Evans Genera HD UB13HD Duplo Filme com Anel Abafador Interno<\/div>\n<div>\u2022 A UNO HD permite um rimshot agressivo e resposta equilibrada. Esta duradoura pele de camada dupla [filme externo: 7.5 mil (0,18mm) e filme interno: 5mil (0,13mm)] possui um anel de controle de harm\u00f4nicos com 2 mil (0,5mm) de espessura. A UNO HD &#8220;fala forte&#8221; ao vivo e ainda assim \u00e9 ideal para est\u00fadio. As peles UNO s\u00e3o presas de forma plissada em um anel de alta qualidade.<\/div>\n<div><\/div>\n<div>\u2022 Modelo: Uno By Evans Genera HD UB13HD<\/div>\n<div>\u2022 Marca: uno by Evans<\/div>\n<div>\u2022 Cor: Porosa Branca<\/div>\n<div>\u2022 Pele Filme duplo e Anel Abafador interno<\/div>\n<div>\u2022 Duas camadas 7.5 mil + Anel abafador de 2 mil<\/div>\n<div>\u2022 Boa durabilidade<\/div>\n<div>\u2022 Ampla resposta aberta e, inegavelmente<\/div>\n<div>\u2022 Sonoridade aveludada e seca<\/div>\n<div>\u2022 Som limp\u00edssimo e controlado<\/div>\n<div>\u2022 Poucos harm\u00f4nicos<\/div>\n<div>\u2022 Bom volume e ataque<\/div>\n","protected":false},"excerpt":{"rendered":"<p><img loading=\"lazy\" class=\"alignnone size-full wp-image-213315\" src=\"https:\/\/doremimusical.com.br\/2019\/wp-content\/uploads\/2019\/11\/Uno.png\" alt=\"\" width=\"110\" height=\"72\" \/><\/p>\n","protected":false},"featured_media":213357,"template":"","meta":{"_et_pb_use_builder":"","_et_pb_old_content":"","_et_gb_content_width":""},"product_cat":[79,82,331,323],"product_tag":[],"_links":{"self":[{"href":"https:\/\/doremimusical.com.br\/2019\/wp-json\/wp\/v2\/product\/213358"}],"collection":[{"href":"https:\/\/doremimusical.com.br\/2019\/wp-json\/wp\/v2\/product"}],"about":[{"href":"https:\/\/doremimusical.com.br\/2019\/wp-json\/wp\/v2\/types\/product"}],"wp:featuredmedia":[{"embeddable":true,"href":"https:\/\/doremimusical.com.br\/2019\/wp-json\/wp\/v2\/media\/213357"}],"wp:attachment":[{"href":"https:\/\/doremimusical.com.br\/2019\/wp-json\/wp\/v2\/media?parent=213358"}],"wp:term":[{"taxonomy":"product_cat","embeddable":true,"href":"https:\/\/doremimusical.com.br\/2019\/wp-json\/wp\/v2\/product_cat?post=213358"},{"taxonomy":"product_tag","embeddable":true,"href":"https:\/\/doremimusical.com.br\/2019\/wp-json\/wp\/v2\/product_tag?post=213358"}],"curies":[{"name":"wp","href":"https:\/\/api.w.org\/{rel}","templated":true}]}}