{"id":213230,"date":"2019-11-14T20:56:16","date_gmt":"2019-11-14T20:56:16","guid":{"rendered":"https:\/\/doremimusical.com.br\/2019\/?post_type=product&#038;p=213230"},"modified":"2019-11-14T20:56:17","modified_gmt":"2019-11-14T20:56:17","slug":"lubrificante-rico-royal-cork-grease-rcrkgr01","status":"publish","type":"product","link":"https:\/\/doremimusical.com.br\/2019\/produto\/lubrificante-rico-royal-cork-grease-rcrkgr01\/","title":{"rendered":"Lubrificante Rico Royal (Cork Grease) RCRKGR01"},"content":{"rendered":"<p>CARACTER\u00cdSTICAS:<br \/>\n&#8211; Lubrificante para instrumentos de sopro (Cork Grease) Rico.<br \/>\n&#8211; Para lubirifica\u00e7\u00e3o de corti\u00e7as e demais encaixes do sax, flauta transversal, clarineta, clarone, fagote, obo\u00e9, etc.<br \/>\n&#8211; Produto novo, original, com NF e garantia.<\/p>\n","protected":false},"excerpt":{"rendered":"<p><img loading=\"lazy\" class=\"alignnone size-full wp-image-213188\" src=\"https:\/\/doremimusical.com.br\/2019\/wp-content\/uploads\/2019\/11\/Untitled-25.png\" alt=\"\" width=\"117\" height=\"83\" \/><\/p>\n","protected":false},"featured_media":213231,"template":"","meta":{"_et_pb_use_builder":"","_et_pb_old_content":"","_et_gb_content_width":""},"product_cat":[79,82,314,315],"product_tag":[],"_links":{"self":[{"href":"https:\/\/doremimusical.com.br\/2019\/wp-json\/wp\/v2\/product\/213230"}],"collection":[{"href":"https:\/\/doremimusical.com.br\/2019\/wp-json\/wp\/v2\/product"}],"about":[{"href":"https:\/\/doremimusical.com.br\/2019\/wp-json\/wp\/v2\/types\/product"}],"wp:featuredmedia":[{"embeddable":true,"href":"https:\/\/doremimusical.com.br\/2019\/wp-json\/wp\/v2\/media\/213231"}],"wp:attachment":[{"href":"https:\/\/doremimusical.com.br\/2019\/wp-json\/wp\/v2\/media?parent=213230"}],"wp:term":[{"taxonomy":"product_cat","embeddable":true,"href":"https:\/\/doremimusical.com.br\/2019\/wp-json\/wp\/v2\/product_cat?post=213230"},{"taxonomy":"product_tag","embeddable":true,"href":"https:\/\/doremimusical.com.br\/2019\/wp-json\/wp\/v2\/product_tag?post=213230"}],"curies":[{"name":"wp","href":"https:\/\/api.w.org\/{rel}","templated":true}]}}