{"id":213134,"date":"2019-11-14T12:47:49","date_gmt":"2019-11-14T12:47:49","guid":{"rendered":"https:\/\/doremimusical.com.br\/2019\/?post_type=product&#038;p=213134"},"modified":"2019-11-14T12:47:49","modified_gmt":"2019-11-14T12:47:49","slug":"encordoamento-daddario-pro-arte-violao-naylon-ej45","status":"publish","type":"product","link":"https:\/\/doremimusical.com.br\/2019\/produto\/encordoamento-daddario-pro-arte-violao-naylon-ej45\/","title":{"rendered":"Encordoamento D&#8217;addario Pr\u00f3 Art\u00e9 Viol\u00e3o Naylon EJ45"},"content":{"rendered":"<p>As EJ45, de tens\u00e3o m\u00e9dia, s\u00e3o as mais vendidas entre os sets cl\u00e1ssicos D\u2019Addario, preferidas por seu equil\u00edbrio entre timbres ricos, pegada confort\u00e1vel e proje\u00e7\u00e3o din\u00e2mica.<\/p>\n<p>&nbsp;<\/p>\n<p>As Pro-Art\u00e9 s\u00e3o nossas cordas mais vendidas no mundo e oferecem qualidade Premium para viol\u00f5es de nailon. Todas as cordas agudas s\u00e3o selecionadas por sofisticadas m\u00e1quinas a lazer controladas por computador,\u00a0 que realizam medi\u00e7\u00f5es de di\u00e2metro e tens\u00e3o e checam a qualidade, assegurando uma sonoridade absoluta \u00e0s cordas primas em cada jogo. Os bord\u00f5es da Pro-Art\u00e9 s\u00e3o constitu\u00eddos de enrolamento feito de cobre com banho de prata sobre uma alma formada por m\u00faltiplos filamentos de nailon, proporcionando um timbre quente e consistente com \u00f3tima proje\u00e7\u00e3o.<\/p>\n<table border=\"0\">\n<tbody>\n<tr>\n<td valign=\"top\"><strong>C\u00f3digo<\/strong><\/td>\n<td valign=\"top\"><strong>Nota<\/strong><\/td>\n<td valign=\"top\"><strong>pol<\/strong><\/td>\n<td valign=\"top\"><strong>mm<\/strong><\/td>\n<td valign=\"top\"><strong>lbs.<\/strong><\/td>\n<td><strong>kg<\/strong><\/td>\n<\/tr>\n<tr>\n<td>J4501<\/td>\n<td>E<\/td>\n<td>0.028<\/td>\n<td>0.711<\/td>\n<td>15.3<\/td>\n<td>6.94<\/td>\n<\/tr>\n<tr>\n<td>J4502<\/td>\n<td>B<\/td>\n<td>0.0322<\/td>\n<td>0.818<\/td>\n<td>11.6<\/td>\n<td>5.26<\/td>\n<\/tr>\n<tr>\n<td>J4503<\/td>\n<td>G<\/td>\n<td>0.0403<\/td>\n<td>1.024<\/td>\n<td>12.1<\/td>\n<td>5.49<\/td>\n<\/tr>\n<tr>\n<td>J4504<\/td>\n<td>D<\/td>\n<td>0.029<\/td>\n<td>0.74<\/td>\n<td>15.6<\/td>\n<td>7.08<\/td>\n<\/tr>\n<tr>\n<td>J4505<\/td>\n<td>A<\/td>\n<td>0.035<\/td>\n<td>0.89<\/td>\n<td>15.0<\/td>\n<td>6.80<\/td>\n<\/tr>\n<tr>\n<td>J4506<\/td>\n<td>E<\/td>\n<td>0.043<\/td>\n<td>1.09<\/td>\n<td>14.0<\/td>\n<td>6.35<\/td>\n<\/tr>\n<\/tbody>\n<\/table>\n","protected":false},"excerpt":{"rendered":"<p><img loading=\"lazy\" class=\"alignnone size-full wp-image-213070\" src=\"https:\/\/doremimusical.com.br\/2019\/wp-content\/uploads\/2019\/11\/Daddario.png\" alt=\"\" width=\"200\" height=\"37\" srcset=\"https:\/\/doremimusical.com.br\/2019\/wp-content\/uploads\/2019\/11\/Daddario.png 200w, https:\/\/doremimusical.com.br\/2019\/wp-content\/uploads\/2019\/11\/Daddario-150x28.png 150w\" sizes=\"(max-width: 200px) 100vw, 200px\" \/><\/p>\n","protected":false},"featured_media":213136,"template":"","meta":{"_et_pb_use_builder":"","_et_pb_old_content":"","_et_gb_content_width":""},"product_cat":[79,82,285,284,288],"product_tag":[],"_links":{"self":[{"href":"https:\/\/doremimusical.com.br\/2019\/wp-json\/wp\/v2\/product\/213134"}],"collection":[{"href":"https:\/\/doremimusical.com.br\/2019\/wp-json\/wp\/v2\/product"}],"about":[{"href":"https:\/\/doremimusical.com.br\/2019\/wp-json\/wp\/v2\/types\/product"}],"wp:featuredmedia":[{"embeddable":true,"href":"https:\/\/doremimusical.com.br\/2019\/wp-json\/wp\/v2\/media\/213136"}],"wp:attachment":[{"href":"https:\/\/doremimusical.com.br\/2019\/wp-json\/wp\/v2\/media?parent=213134"}],"wp:term":[{"taxonomy":"product_cat","embeddable":true,"href":"https:\/\/doremimusical.com.br\/2019\/wp-json\/wp\/v2\/product_cat?post=213134"},{"taxonomy":"product_tag","embeddable":true,"href":"https:\/\/doremimusical.com.br\/2019\/wp-json\/wp\/v2\/product_tag?post=213134"}],"curies":[{"name":"wp","href":"https:\/\/api.w.org\/{rel}","templated":true}]}}