{"id":213132,"date":"2019-11-14T12:43:01","date_gmt":"2019-11-14T12:43:01","guid":{"rendered":"https:\/\/doremimusical.com.br\/2019\/?post_type=product&#038;p=213132"},"modified":"2019-11-14T12:43:01","modified_gmt":"2019-11-14T12:43:01","slug":"encordoamento-daddario-violao-naylon-ej27h","status":"publish","type":"product","link":"https:\/\/doremimusical.com.br\/2019\/produto\/encordoamento-daddario-violao-naylon-ej27h\/","title":{"rendered":"Encordoamento D&#8217;addario Viol\u00e3o Naylon EJ27H"},"content":{"rendered":"<p>As cordas para viol\u00e3o de nailon J27 s\u00e3o \u00f3timas para iniciantes e estudantes. O jogo cont\u00e9m 3 primas de nailon transl\u00facido e 3 bord\u00f5es com enrolamento de fios de cobre com banho de prata sobre uma base de nailon, proporcionando um timbre encorpado e duradouro.<\/p>\n<p>&nbsp;<\/p>\n<p>As cordas D\u2019Addario Student s\u00e3o indicadas para estudantes e iniciantes. Proporcionam um timbre excelente e oferecem grande durabilidade.<\/p>\n<p>&nbsp;<\/p>\n<table border=\"0\">\n<tbody>\n<tr>\n<td valign=\"top\"><strong>C\u00f3digo<\/strong><\/td>\n<td valign=\"top\"><strong>Nota<\/strong><\/td>\n<td valign=\"top\"><strong>pol<\/strong><\/td>\n<td valign=\"top\"><strong>mm<\/strong><\/td>\n<td valign=\"top\"><strong>lbs.<\/strong><\/td>\n<td><strong>kg<\/strong><\/td>\n<\/tr>\n<tr>\n<td>J27H01<\/td>\n<td>E<\/td>\n<td>0.029<\/td>\n<td>0.72<\/td>\n<td>15.8<\/td>\n<td>7.17<\/td>\n<\/tr>\n<tr>\n<td>J27H02<\/td>\n<td>B<\/td>\n<td>0.033<\/td>\n<td>0.83<\/td>\n<td>12.0<\/td>\n<td>5.44<\/td>\n<\/tr>\n<tr>\n<td>J27H03<\/td>\n<td>G<\/td>\n<td>0.041<\/td>\n<td>1.04<\/td>\n<td>12.4<\/td>\n<td>5.62<\/td>\n<\/tr>\n<tr>\n<td>J27H04<\/td>\n<td>D<\/td>\n<td>0.030<\/td>\n<td>0.76<\/td>\n<td>16.3<\/td>\n<td>7.39<\/td>\n<\/tr>\n<tr>\n<td>J27H05<\/td>\n<td>A<\/td>\n<td>0.036<\/td>\n<td>0.91<\/td>\n<td>15.9<\/td>\n<td>7.21<\/td>\n<\/tr>\n<tr>\n<td>J27H06<\/td>\n<td>E<\/td>\n<td>0.044<\/td>\n<td>1.12<\/td>\n<td>14.5<\/td>\n<td>6.58<\/td>\n<\/tr>\n<\/tbody>\n<\/table>\n","protected":false},"excerpt":{"rendered":"<p><img loading=\"lazy\" class=\"alignnone size-full wp-image-213070\" src=\"https:\/\/doremimusical.com.br\/2019\/wp-content\/uploads\/2019\/11\/Daddario.png\" alt=\"\" width=\"200\" height=\"37\" srcset=\"https:\/\/doremimusical.com.br\/2019\/wp-content\/uploads\/2019\/11\/Daddario.png 200w, https:\/\/doremimusical.com.br\/2019\/wp-content\/uploads\/2019\/11\/Daddario-150x28.png 150w\" sizes=\"(max-width: 200px) 100vw, 200px\" \/><\/p>\n","protected":false},"featured_media":213133,"template":"","meta":{"_et_pb_use_builder":"","_et_pb_old_content":"","_et_gb_content_width":""},"product_cat":[79,82,285,284,288],"product_tag":[],"_links":{"self":[{"href":"https:\/\/doremimusical.com.br\/2019\/wp-json\/wp\/v2\/product\/213132"}],"collection":[{"href":"https:\/\/doremimusical.com.br\/2019\/wp-json\/wp\/v2\/product"}],"about":[{"href":"https:\/\/doremimusical.com.br\/2019\/wp-json\/wp\/v2\/types\/product"}],"wp:featuredmedia":[{"embeddable":true,"href":"https:\/\/doremimusical.com.br\/2019\/wp-json\/wp\/v2\/media\/213133"}],"wp:attachment":[{"href":"https:\/\/doremimusical.com.br\/2019\/wp-json\/wp\/v2\/media?parent=213132"}],"wp:term":[{"taxonomy":"product_cat","embeddable":true,"href":"https:\/\/doremimusical.com.br\/2019\/wp-json\/wp\/v2\/product_cat?post=213132"},{"taxonomy":"product_tag","embeddable":true,"href":"https:\/\/doremimusical.com.br\/2019\/wp-json\/wp\/v2\/product_tag?post=213132"}],"curies":[{"name":"wp","href":"https:\/\/api.w.org\/{rel}","templated":true}]}}