{"id":213120,"date":"2019-11-13T20:40:08","date_gmt":"2019-11-13T20:40:08","guid":{"rendered":"https:\/\/doremimusical.com.br\/2019\/?post_type=product&#038;p=213120"},"modified":"2019-11-13T20:40:08","modified_gmt":"2019-11-13T20:40:08","slug":"encordoamento-daddario-violao-aco-011-ej26","status":"publish","type":"product","link":"https:\/\/doremimusical.com.br\/2019\/produto\/encordoamento-daddario-violao-aco-011-ej26\/","title":{"rendered":"Encordoamento D&#8217;addario Viol\u00e3o A\u00e7o 011 EJ26"},"content":{"rendered":"<p>Conhecidas como Custom Light, as EJ26 s\u00e3o as h\u00edbridas originais D\u2019Addario e um compromisso confort\u00e1vel para m\u00fasicos que desejam a profundidade e proje\u00e7\u00e3o de bord\u00f5es leves, mas uma tens\u00e3o menor nas cordas agudas para bends f\u00e1ceis.<\/p>\n<p>&nbsp;<\/p>\n<p>As cordas D\u2019Addario Phosphor Bronze s\u00e3o mundialmente reconhecidas por profissionais e amadores por seu timbre duradouro.\u00a0O Phosphor Bronze foi introduzido na fabrica\u00e7\u00e3o de cordas pela D\u2019Addario em 1974. A partir de ent\u00e3o tornou-se a escolha preferencial de grandes m\u00fasicos em todo o mundo, tanto para palco, como para est\u00fadio. As cordas D\u2019Addario Phosphor Bronze s\u00e3o uma\u00a0refer\u00eancia para todas as cordas de viol\u00e3o.<\/p>\n<table border=\"0\">\n<tbody>\n<tr>\n<td valign=\"top\"><strong>C\u00f3digo<\/strong><\/td>\n<td valign=\"top\"><strong>Nota<\/strong><\/td>\n<td valign=\"top\"><strong>pol<\/strong><\/td>\n<td valign=\"top\"><strong>mm<\/strong><\/td>\n<td valign=\"top\"><strong>lbs.<\/strong><\/td>\n<td><strong>kg<\/strong><\/td>\n<\/tr>\n<tr>\n<td>PL011<\/td>\n<td>E<\/td>\n<td>0.011<\/td>\n<td>0.28<\/td>\n<td>19.6<\/td>\n<td>8.89<\/td>\n<\/tr>\n<tr>\n<td>PL015<\/td>\n<td>B<\/td>\n<td>0.015<\/td>\n<td>0.38<\/td>\n<td>20.5<\/td>\n<td>9.30<\/td>\n<\/tr>\n<tr>\n<td>PB022<\/td>\n<td>G<\/td>\n<td>0.022<\/td>\n<td>0.56<\/td>\n<td>25.5<\/td>\n<td>11.56<\/td>\n<\/tr>\n<tr>\n<td>PB032<\/td>\n<td>D<\/td>\n<td>0.032<\/td>\n<td>0.81<\/td>\n<td>30.5<\/td>\n<td>13.83<\/td>\n<\/tr>\n<tr>\n<td>PB042<\/td>\n<td>A<\/td>\n<td>0.042<\/td>\n<td>1.07<\/td>\n<td>29.9<\/td>\n<td>13.56<\/td>\n<\/tr>\n<tr>\n<td>PB052<\/td>\n<td>E<\/td>\n<td>0.052<\/td>\n<td>1.32<\/td>\n<td>25.2<\/td>\n<td>11.43<\/td>\n<\/tr>\n<\/tbody>\n<\/table>\n","protected":false},"excerpt":{"rendered":"<p><img loading=\"lazy\" class=\"alignnone size-full wp-image-213070\" src=\"https:\/\/doremimusical.com.br\/2019\/wp-content\/uploads\/2019\/11\/Daddario.png\" alt=\"\" width=\"200\" height=\"37\" srcset=\"https:\/\/doremimusical.com.br\/2019\/wp-content\/uploads\/2019\/11\/Daddario.png 200w, https:\/\/doremimusical.com.br\/2019\/wp-content\/uploads\/2019\/11\/Daddario-150x28.png 150w\" sizes=\"(max-width: 200px) 100vw, 200px\" \/><\/p>\n","protected":false},"featured_media":213121,"template":"","meta":{"_et_pb_use_builder":"","_et_pb_old_content":"","_et_gb_content_width":""},"product_cat":[79,82,285,284,288],"product_tag":[],"_links":{"self":[{"href":"https:\/\/doremimusical.com.br\/2019\/wp-json\/wp\/v2\/product\/213120"}],"collection":[{"href":"https:\/\/doremimusical.com.br\/2019\/wp-json\/wp\/v2\/product"}],"about":[{"href":"https:\/\/doremimusical.com.br\/2019\/wp-json\/wp\/v2\/types\/product"}],"wp:featuredmedia":[{"embeddable":true,"href":"https:\/\/doremimusical.com.br\/2019\/wp-json\/wp\/v2\/media\/213121"}],"wp:attachment":[{"href":"https:\/\/doremimusical.com.br\/2019\/wp-json\/wp\/v2\/media?parent=213120"}],"wp:term":[{"taxonomy":"product_cat","embeddable":true,"href":"https:\/\/doremimusical.com.br\/2019\/wp-json\/wp\/v2\/product_cat?post=213120"},{"taxonomy":"product_tag","embeddable":true,"href":"https:\/\/doremimusical.com.br\/2019\/wp-json\/wp\/v2\/product_tag?post=213120"}],"curies":[{"name":"wp","href":"https:\/\/api.w.org\/{rel}","templated":true}]}}