{"id":213105,"date":"2019-11-13T19:56:32","date_gmt":"2019-11-13T19:56:32","guid":{"rendered":"https:\/\/doremimusical.com.br\/2019\/?post_type=product&#038;p=213105"},"modified":"2019-11-13T20:01:04","modified_gmt":"2019-11-13T20:01:04","slug":"encordoamento-daddario-guitarra-011-exl115","status":"publish","type":"product","link":"https:\/\/doremimusical.com.br\/2019\/produto\/encordoamento-daddario-guitarra-011-exl115\/","title":{"rendered":"Encordoamento D&#8217;addario Guitarra 011 EXL115"},"content":{"rendered":"<p>Durabilidade de 3 a 5 vezes maior.<br \/>\nA tecnologia de revestimento EXP, contra oxida\u00e7\u00e3o, aumenta a vida \u00fatil da corda em at\u00e9 5 vezes. Diferente de\u00a0outras\u00a0cordas revestidas, as cordas da linha EXP recebem o banho no fio antes do enrolamento, o que mant\u00e9m o mesmo brilho das cordas n\u00e3o revestidas.<br \/>\nAs cordas D\u2019Addario EXP agora possuem o n\u00facleo com a revolucion\u00e1ria tecnologia NY Steel. Elaboradas, aperfei\u00e7oadas e fabricadas pela D\u2019Addario em Nova York, o n\u00facleo hexagonal de a\u00e7o e alta concentra\u00e7\u00e3o de carbono foram meticulosamente projetados para deixar a nova EXP mais resistente e mais consistente do que qualquer outra corda tradicional, levando a um produto de alta performance e maior estabilidade de afina\u00e7\u00e3o.<br \/>\n&#8211; Melhor estabilidade de afina\u00e7\u00e3o comparada \u00e0s cordas tradicionais \u2013 Afine mais r\u00e1pido, melhor e mantenha-se afinado por mais tempo.<br \/>\n&#8211; Fabricada com ligas de a\u00e7o com alta concentra\u00e7\u00e3o de carbono exclusivamente pela D\u2019Addario em Nova York.<br \/>\n&#8211; Feitas com materiais de alta qualidade, desenhadas com precis\u00e3o e microrrevestidas em equipamentos de ponta.<br \/>\n&#8211; A nova EXP mant\u00e9m a tonalidade caracter\u00edstica dos encordoamentos n\u00e3o revestidos com uma durabilidade de 3 a 5 vezes maior.<br \/>\n&#8211; A tecnologia da NY Steel est\u00e1 dispon\u00edvel em todos os jogos de encordoamentos EXP para guitarra el\u00e9trica, ac\u00fastica e mandolin.<\/p>\n<table border=\"0\">\n<tbody>\n<tr>\n<td valign=\"top\"><strong>C\u00f3digo<\/strong><\/td>\n<td valign=\"top\"><strong>Nota<\/strong><\/td>\n<td valign=\"top\"><strong>pol<\/strong><\/td>\n<td valign=\"top\"><strong>mm<\/strong><\/td>\n<td valign=\"top\"><strong>lbs.<\/strong><\/td>\n<td><strong>kg<\/strong><\/td>\n<\/tr>\n<tr>\n<td>PL011<\/td>\n<td>E<\/td>\n<td>0.011<\/td>\n<td>0.28<\/td>\n<td>19.6<\/td>\n<td>8.89<\/td>\n<\/tr>\n<tr>\n<td>PL014<\/td>\n<td>B<\/td>\n<td>0.014<\/td>\n<td>0.36<\/td>\n<td>17.8<\/td>\n<td>8.07<\/td>\n<\/tr>\n<tr>\n<td>PL018<\/td>\n<td>G<\/td>\n<td>0.018<\/td>\n<td>0.46<\/td>\n<td>18.6<\/td>\n<td>8.44<\/td>\n<\/tr>\n<tr>\n<td>NW028<\/td>\n<td>D<\/td>\n<td>0.028<\/td>\n<td>0.71<\/td>\n<td>21.3<\/td>\n<td>9.66<\/td>\n<\/tr>\n<tr>\n<td>NW038<\/td>\n<td>A<\/td>\n<td>0.038<\/td>\n<td>0.97<\/td>\n<td>21.6<\/td>\n<td>9.80<\/td>\n<\/tr>\n<tr>\n<td>NW049<\/td>\n<td>E<\/td>\n<td>0.049<\/td>\n<td>1.24<\/td>\n<td>19.7<\/td>\n<td>8.93<\/td>\n<\/tr>\n<\/tbody>\n<\/table>\n","protected":false},"excerpt":{"rendered":"<p><img loading=\"lazy\" class=\"alignnone size-full wp-image-213070\" src=\"https:\/\/doremimusical.com.br\/2019\/wp-content\/uploads\/2019\/11\/Daddario.png\" alt=\"\" width=\"200\" height=\"37\" srcset=\"https:\/\/doremimusical.com.br\/2019\/wp-content\/uploads\/2019\/11\/Daddario.png 200w, https:\/\/doremimusical.com.br\/2019\/wp-content\/uploads\/2019\/11\/Daddario-150x28.png 150w\" sizes=\"(max-width: 200px) 100vw, 200px\" \/><\/p>\n","protected":false},"featured_media":213107,"template":"","meta":{"_et_pb_use_builder":"","_et_pb_old_content":"","_et_gb_content_width":""},"product_cat":[79,82,285,284,287],"product_tag":[],"_links":{"self":[{"href":"https:\/\/doremimusical.com.br\/2019\/wp-json\/wp\/v2\/product\/213105"}],"collection":[{"href":"https:\/\/doremimusical.com.br\/2019\/wp-json\/wp\/v2\/product"}],"about":[{"href":"https:\/\/doremimusical.com.br\/2019\/wp-json\/wp\/v2\/types\/product"}],"wp:featuredmedia":[{"embeddable":true,"href":"https:\/\/doremimusical.com.br\/2019\/wp-json\/wp\/v2\/media\/213107"}],"wp:attachment":[{"href":"https:\/\/doremimusical.com.br\/2019\/wp-json\/wp\/v2\/media?parent=213105"}],"wp:term":[{"taxonomy":"product_cat","embeddable":true,"href":"https:\/\/doremimusical.com.br\/2019\/wp-json\/wp\/v2\/product_cat?post=213105"},{"taxonomy":"product_tag","embeddable":true,"href":"https:\/\/doremimusical.com.br\/2019\/wp-json\/wp\/v2\/product_tag?post=213105"}],"curies":[{"name":"wp","href":"https:\/\/api.w.org\/{rel}","templated":true}]}}