{"id":212569,"date":"2019-10-15T20:15:35","date_gmt":"2019-10-15T20:15:35","guid":{"rendered":"https:\/\/doremimusical.com.br\/2019\/?post_type=product&#038;p=212569"},"modified":"2019-10-15T20:15:35","modified_gmt":"2019-10-15T20:15:35","slug":"par-de-straplock-ergo-plastico-preto","status":"publish","type":"product","link":"https:\/\/doremimusical.com.br\/2019\/produto\/par-de-straplock-ergo-plastico-preto\/","title":{"rendered":"Par de Straplock Ergo Pl\u00e1stico Preto"},"content":{"rendered":"<p>Ergo Lok Strap, sistema de reten\u00e7\u00e3o de correias simples em poliuretano. Perfeito para guitarras e baixos, mas muito \u00fatil para viol\u00f5es. C\u00f3digo Izzo: 3204<br \/>\n\u2022 Material: Poliuretano<br \/>\n\u2022 Cor: Preto<\/p>\n","protected":false},"excerpt":{"rendered":"<p><img loading=\"lazy\" class=\"alignnone  wp-image-212355\" src=\"https:\/\/doremimusical.com.br\/2019\/wp-content\/uploads\/2019\/09\/Dunlop.png\" alt=\"\" width=\"174\" height=\"46\" srcset=\"https:\/\/doremimusical.com.br\/2019\/wp-content\/uploads\/2019\/09\/Dunlop.png 201w, https:\/\/doremimusical.com.br\/2019\/wp-content\/uploads\/2019\/09\/Dunlop-150x40.png 150w\" sizes=\"(max-width: 174px) 100vw, 174px\" \/><\/p>\n","protected":false},"featured_media":212570,"template":"","meta":{"_et_pb_use_builder":"","_et_pb_old_content":"","_et_gb_content_width":""},"product_cat":[79,82,250,248],"product_tag":[],"_links":{"self":[{"href":"https:\/\/doremimusical.com.br\/2019\/wp-json\/wp\/v2\/product\/212569"}],"collection":[{"href":"https:\/\/doremimusical.com.br\/2019\/wp-json\/wp\/v2\/product"}],"about":[{"href":"https:\/\/doremimusical.com.br\/2019\/wp-json\/wp\/v2\/types\/product"}],"wp:featuredmedia":[{"embeddable":true,"href":"https:\/\/doremimusical.com.br\/2019\/wp-json\/wp\/v2\/media\/212570"}],"wp:attachment":[{"href":"https:\/\/doremimusical.com.br\/2019\/wp-json\/wp\/v2\/media?parent=212569"}],"wp:term":[{"taxonomy":"product_cat","embeddable":true,"href":"https:\/\/doremimusical.com.br\/2019\/wp-json\/wp\/v2\/product_cat?post=212569"},{"taxonomy":"product_tag","embeddable":true,"href":"https:\/\/doremimusical.com.br\/2019\/wp-json\/wp\/v2\/product_tag?post=212569"}],"curies":[{"name":"wp","href":"https:\/\/api.w.org\/{rel}","templated":true}]}}