{"id":212565,"date":"2019-10-09T22:41:03","date_gmt":"2019-10-09T22:41:03","guid":{"rendered":"https:\/\/doremimusical.com.br\/2019\/?post_type=product&#038;p=212565"},"modified":"2019-10-09T22:41:03","modified_gmt":"2019-10-09T22:41:03","slug":"strap-lock-prata-trava-de-correia-guitarra-violao","status":"publish","type":"product","link":"https:\/\/doremimusical.com.br\/2019\/produto\/strap-lock-prata-trava-de-correia-guitarra-violao\/","title":{"rendered":"Strap Lock Prata Trava de Correia Guitarra &#8211; Viol\u00e3o"},"content":{"rendered":"<p>Strap Lock \u00e9 um produto que permite acoplar a correia do instrumento de maneira pr\u00e1tica e segura. Ele evita que sua correia solte no momento de uso do instrumento.<br \/>\nIndicado para uso em Guitarra, Viol\u00e3o e Contra Baixo<br \/>\nPara liberar sua correia basta puxar o pino do Strap Lock .<\/p>\n<p>O AN\u00daNCIO CORRESPONDE \u00c0:<br \/>\n1 Embalagem contendo \u2013 01 Par de Strap Lock Prata \/ cromado com Travas e Arruelas.<\/p>\n","protected":false},"excerpt":{"rendered":"<p><img loading=\"lazy\" class=\"alignnone size-full wp-image-212566\" src=\"https:\/\/doremimusical.com.br\/2019\/wp-content\/uploads\/2019\/10\/Vintage-AII-Parts.png\" alt=\"\" width=\"118\" height=\"61\" \/><\/p>\n","protected":false},"featured_media":212567,"template":"","meta":{"_et_pb_use_builder":"","_et_pb_old_content":"","_et_gb_content_width":""},"product_cat":[79,82,248,249],"product_tag":[],"_links":{"self":[{"href":"https:\/\/doremimusical.com.br\/2019\/wp-json\/wp\/v2\/product\/212565"}],"collection":[{"href":"https:\/\/doremimusical.com.br\/2019\/wp-json\/wp\/v2\/product"}],"about":[{"href":"https:\/\/doremimusical.com.br\/2019\/wp-json\/wp\/v2\/types\/product"}],"wp:featuredmedia":[{"embeddable":true,"href":"https:\/\/doremimusical.com.br\/2019\/wp-json\/wp\/v2\/media\/212567"}],"wp:attachment":[{"href":"https:\/\/doremimusical.com.br\/2019\/wp-json\/wp\/v2\/media?parent=212565"}],"wp:term":[{"taxonomy":"product_cat","embeddable":true,"href":"https:\/\/doremimusical.com.br\/2019\/wp-json\/wp\/v2\/product_cat?post=212565"},{"taxonomy":"product_tag","embeddable":true,"href":"https:\/\/doremimusical.com.br\/2019\/wp-json\/wp\/v2\/product_tag?post=212565"}],"curies":[{"name":"wp","href":"https:\/\/api.w.org\/{rel}","templated":true}]}}