{"id":212462,"date":"2019-10-03T19:09:46","date_gmt":"2019-10-03T19:09:46","guid":{"rendered":"https:\/\/doremimusical.com.br\/2019\/?post_type=product&#038;p=212462"},"modified":"2019-10-03T19:09:46","modified_gmt":"2019-10-03T19:09:46","slug":"torreli-guiro-merengue-tg532","status":"publish","type":"product","link":"https:\/\/doremimusical.com.br\/2019\/produto\/torreli-guiro-merengue-tg532\/","title":{"rendered":"Torreli Guiro Merengue TG532"},"content":{"rendered":"<p>Grande Guiro de a\u00e7o inoxid\u00e1vel possui um design oco com abertura nas extremidades e uma superf\u00edcie levemente texturizada que oferece um som raspado com harm\u00f4nicos brilhantes.<br \/>\nVolume mais alto, mais robusto e mais \u00e1spero.<br \/>\nAl\u00e7a de metal oferece conforto e funcionalidade em qualquer posi\u00e7\u00e3o.<\/p>\n<hr \/>\n<p>Caracter\u00edsticas:<br \/>\n&#8211; Marca: Torelli<br \/>\n&#8211; Modelo: TG532<\/p>\n<p>Especifica\u00e7\u00f5es:<\/p>\n<p>&#8211; A\u00e7o Inoxid\u00e1vel.<\/p>\n<p>&#8211; Al\u00e7a Confortavel<\/p>\n<div>&#8211; 33 cm Comprimento<\/div>\n<p>&#8211; 11 cm de diametro<\/p>\n<p>Conte\u00fado da Embalagem:<\/p>\n<p>&#8211; 1 Guiro e uma Baqueta Pente<\/p>\n<p>Garantia<br \/>\n-3 meses de garantia<br \/>\nPeso<br \/>\n-575 gramas Guiro<\/p>\n<p>-65 gramas Baqueta<\/p>\n","protected":false},"excerpt":{"rendered":"<p><img loading=\"lazy\" class=\"alignnone  wp-image-212463\" src=\"https:\/\/doremimusical.com.br\/2019\/wp-content\/uploads\/2019\/10\/Torreli.png\" alt=\"\" width=\"165\" height=\"56\" srcset=\"https:\/\/doremimusical.com.br\/2019\/wp-content\/uploads\/2019\/10\/Torreli.png 200w, https:\/\/doremimusical.com.br\/2019\/wp-content\/uploads\/2019\/10\/Torreli-150x51.png 150w\" sizes=\"(max-width: 165px) 100vw, 165px\" \/><\/p>\n","protected":false},"featured_media":212466,"template":"","meta":{"_et_pb_use_builder":"","_et_pb_old_content":"","_et_gb_content_width":""},"product_cat":[79,191,85,146,192],"product_tag":[],"_links":{"self":[{"href":"https:\/\/doremimusical.com.br\/2019\/wp-json\/wp\/v2\/product\/212462"}],"collection":[{"href":"https:\/\/doremimusical.com.br\/2019\/wp-json\/wp\/v2\/product"}],"about":[{"href":"https:\/\/doremimusical.com.br\/2019\/wp-json\/wp\/v2\/types\/product"}],"wp:featuredmedia":[{"embeddable":true,"href":"https:\/\/doremimusical.com.br\/2019\/wp-json\/wp\/v2\/media\/212466"}],"wp:attachment":[{"href":"https:\/\/doremimusical.com.br\/2019\/wp-json\/wp\/v2\/media?parent=212462"}],"wp:term":[{"taxonomy":"product_cat","embeddable":true,"href":"https:\/\/doremimusical.com.br\/2019\/wp-json\/wp\/v2\/product_cat?post=212462"},{"taxonomy":"product_tag","embeddable":true,"href":"https:\/\/doremimusical.com.br\/2019\/wp-json\/wp\/v2\/product_tag?post=212462"}],"curies":[{"name":"wp","href":"https:\/\/api.w.org\/{rel}","templated":true}]}}