{"id":212418,"date":"2019-09-27T20:27:38","date_gmt":"2019-09-27T20:27:38","guid":{"rendered":"https:\/\/doremimusical.com.br\/2019\/?post_type=product&#038;p=212418"},"modified":"2019-09-27T20:27:38","modified_gmt":"2019-09-27T20:27:38","slug":"rebolo-contemporanea-aluminio-conico-45x12-56c-2","status":"publish","type":"product","link":"https:\/\/doremimusical.com.br\/2019\/produto\/rebolo-contemporanea-aluminio-conico-45x12-56c-2\/","title":{"rendered":"Rebolo Contempor\u00e3nea Alum\u00ednio C\u00f4nico 45&#215;12 56c"},"content":{"rendered":"<p>Corpo de alum\u00ednio<\/p>\n<p>Espessura de 1,0 (mil\u00edmetro)<\/p>\n<p>Pele de napa sint\u00e9tica<\/p>\n<p>Aro confort\u00e1vel dobrado<\/p>\n<p>6 (seis) tarraxas de afina\u00e7\u00e3o<\/p>\n<p>Chave de afina\u00e7\u00e3o<\/p>\n<p>Dimens\u00f5es:altura 45cm X di\u00e2metro 12&#8243;<\/p>\n<p>Peso: 4 kg<\/p>\n<p>Dimens\u00f5es da embalagem: altura da caixa 47cm , largura 36cm, comp. 35cm<\/p>\n","protected":false},"excerpt":{"rendered":"<p><img loading=\"lazy\" class=\"alignnone size-full wp-image-212416\" src=\"https:\/\/doremimusical.com.br\/2019\/wp-content\/uploads\/2019\/09\/Contempor\u00e2nea.png\" alt=\"\" width=\"118\" height=\"74\" \/><\/p>\n","protected":false},"featured_media":212417,"template":"","meta":{"_et_pb_use_builder":"","_et_pb_old_content":"","_et_gb_content_width":""},"product_cat":[79,169,85,146,164],"product_tag":[],"_links":{"self":[{"href":"https:\/\/doremimusical.com.br\/2019\/wp-json\/wp\/v2\/product\/212418"}],"collection":[{"href":"https:\/\/doremimusical.com.br\/2019\/wp-json\/wp\/v2\/product"}],"about":[{"href":"https:\/\/doremimusical.com.br\/2019\/wp-json\/wp\/v2\/types\/product"}],"wp:featuredmedia":[{"embeddable":true,"href":"https:\/\/doremimusical.com.br\/2019\/wp-json\/wp\/v2\/media\/212417"}],"wp:attachment":[{"href":"https:\/\/doremimusical.com.br\/2019\/wp-json\/wp\/v2\/media?parent=212418"}],"wp:term":[{"taxonomy":"product_cat","embeddable":true,"href":"https:\/\/doremimusical.com.br\/2019\/wp-json\/wp\/v2\/product_cat?post=212418"},{"taxonomy":"product_tag","embeddable":true,"href":"https:\/\/doremimusical.com.br\/2019\/wp-json\/wp\/v2\/product_tag?post=212418"}],"curies":[{"name":"wp","href":"https:\/\/api.w.org\/{rel}","templated":true}]}}