{"id":211361,"date":"2019-05-27T13:33:53","date_gmt":"2019-05-27T13:33:53","guid":{"rendered":"https:\/\/doremimusical.com.br\/2019\/?page_id=211361"},"modified":"2024-05-24T15:37:30","modified_gmt":"2024-05-24T15:37:30","slug":"home","status":"publish","type":"page","link":"https:\/\/doremimusical.com.br\/2019\/","title":{"rendered":"Home"},"content":{"rendered":"<p>[et_pb_section fb_built=&#8221;1&#8243; fullwidth=&#8221;on&#8221; disabled_on=&#8221;on|on|off&#8221; _builder_version=&#8221;4.10.7&#8243; custom_margin=&#8221;0px||0px&#8221; custom_padding=&#8221;0px||0px&#8221; bottom_divider_style=&#8221;curve&#8221; bottom_divider_color=&#8221;#fbb318&#8243; bottom_divider_height=&#8221;72px&#8221; bottom_divider_flip=&#8221;horizontal&#8221; animation_style=&#8221;slide&#8221; animation_direction=&#8221;top&#8221; global_colors_info=&#8221;{}&#8221;][et_pb_fullwidth_slider show_pagination=&#8221;off&#8221; disabled_on=&#8221;off|off|&#8221; admin_label=&#8221;Banner&#8221; _builder_version=&#8221;4.10.7&#8243; custom_margin=&#8221;0px||0px&#8221; custom_padding=&#8221;||&#8221; auto=&#8221;on&#8221; auto_speed=&#8221;3500&#8243; auto_ignore_hover=&#8221;on&#8221; global_colors_info=&#8221;{}&#8221;][et_pb_slide use_bg_overlay=&#8221;off&#8221; use_text_overlay=&#8221;off&#8221; admin_title=&#8221;Santo Angelo&#8221; _builder_version=&#8221;4.10.7&#8243; background_image=&#8221;https:\/\/doremimusical.com.br\/2019\/wp-content\/uploads\/2021\/10\/a7bd5c36-6c26-4f6d-b66a-3b0c8073008d.jpg&#8221; background_enable_image=&#8221;on&#8221; background_size=&#8221;contain&#8221; button_on_hover=&#8221;on&#8221; link_option_url=&#8221;https:\/\/doremimusical.com.br\/2019\/produto\/amplificador-borne-guitarra-strike-preto-g30-borne-15w\/&#8221; global_colors_info=&#8221;{}&#8221; sticky_transition=&#8221;on&#8221;][\/et_pb_slide][et_pb_slide use_bg_overlay=&#8221;off&#8221; use_text_overlay=&#8221;off&#8221; admin_title=&#8221;Ukulele Honu&#8221; _builder_version=&#8221;4.10.7&#8243; background_image=&#8221;https:\/\/doremimusical.com.br\/2019\/wp-content\/uploads\/2021\/09\/Untitled-7.png&#8221; background_enable_image=&#8221;on&#8221; background_size=&#8221;contain&#8221; link_option_url=&#8221;https:\/\/doremimusical.com.br\/2019\/loja\/ukulele-tagima-honu\/&#8221; global_colors_info=&#8221;{}&#8221; sticky_transition=&#8221;on&#8221;][\/et_pb_slide][\/et_pb_fullwidth_slider][\/et_pb_section][et_pb_section fb_built=&#8221;1&#8243; fullwidth=&#8221;on&#8221; disabled_on=&#8221;||on&#8221; _builder_version=&#8221;3.22&#8243; custom_margin=&#8221;0px||0px&#8221; custom_padding=&#8221;0px||0||false|false&#8221; bottom_divider_color=&#8221;#fbb318&#8243; bottom_divider_height=&#8221;72px&#8221; bottom_divider_flip=&#8221;horizontal&#8221; animation_style=&#8221;slide&#8221; animation_direction=&#8221;top&#8221; global_colors_info=&#8221;{}&#8221;][et_pb_fullwidth_slider show_pagination=&#8221;off&#8221; disabled_on=&#8221;off|off|&#8221; admin_label=&#8221;Banner mobile&#8221; _builder_version=&#8221;4.10.7&#8243; custom_margin=&#8221;0px||0px&#8221; custom_padding=&#8221;||&#8221; auto=&#8221;on&#8221; auto_speed=&#8221;3500&#8243; auto_ignore_hover=&#8221;on&#8221; global_colors_info=&#8221;{}&#8221;][et_pb_slide button_link=&#8221;https:\/\/doremimusical.com.br\/2019\/produto\/amplificador-borne-guitarra-strike-preto-g30-borne-15w\/&#8221; image=&#8221;https:\/\/doremimusical.com.br\/2019\/wp-content\/uploads\/2021\/09\/Untitled-7.png&#8221; use_bg_overlay=&#8221;off&#8221; use_text_overlay=&#8221;off&#8221; admin_title=&#8221;zildijian&#8221; _builder_version=&#8221;4.10.7&#8243; background_image=&#8221;https:\/\/doremimusical.com.br\/2019\/wp-content\/uploads\/2021\/10\/LOGO.png&#8221; background_enable_image=&#8221;on&#8221; button_on_hover=&#8221;on&#8221; global_colors_info=&#8221;{}&#8221; sticky_transition=&#8221;on&#8221;][\/et_pb_slide][et_pb_slide use_bg_overlay=&#8221;off&#8221; use_text_overlay=&#8221;off&#8221; admin_title=&#8221;korg&#8221; _builder_version=&#8221;4.10.7&#8243; background_image=&#8221;https:\/\/doremimusical.com.br\/2019\/wp-content\/uploads\/2021\/10\/491727e1-db2b-4ec2-948e-594e08d500af.jpg&#8221; background_enable_image=&#8221;on&#8221; button_on_hover=&#8221;on&#8221; global_colors_info=&#8221;{}&#8221; sticky_transition=&#8221;on&#8221;][\/et_pb_slide][et_pb_slide use_bg_overlay=&#8221;off&#8221; use_text_overlay=&#8221;off&#8221; admin_title=&#8221;waza craft&#8221; _builder_version=&#8221;4.10.7&#8243; background_image=&#8221;https:\/\/doremimusical.com.br\/2019\/wp-content\/uploads\/2021\/10\/f78db47a-2da9-496f-b1c4-c9c6cdb27a61-1.jpg&#8221; background_enable_image=&#8221;on&#8221; background_size=&#8221;contain&#8221; button_on_hover=&#8221;on&#8221; global_colors_info=&#8221;{}&#8221; sticky_transition=&#8221;on&#8221;][\/et_pb_slide][et_pb_slide _builder_version=&#8221;4.10.7&#8243; _module_preset=&#8221;default&#8221; background_image=&#8221;https:\/\/doremimusical.com.br\/2019\/wp-content\/uploads\/2021\/10\/37f055af-d170-4f4b-a086-c5ce37fba1fc.jpg&#8221; background_enable_image=&#8221;on&#8221; global_colors_info=&#8221;{}&#8221; sticky_transition=&#8221;on&#8221;][\/et_pb_slide][et_pb_slide _builder_version=&#8221;4.10.7&#8243; _module_preset=&#8221;default&#8221; background_image=&#8221;https:\/\/doremimusical.com.br\/2019\/wp-content\/uploads\/2021\/09\/capa-2.png&#8221; background_enable_image=&#8221;on&#8221; global_colors_info=&#8221;{}&#8221; sticky_transition=&#8221;on&#8221;][\/et_pb_slide][\/et_pb_fullwidth_slider][\/et_pb_section][et_pb_section fb_built=&#8221;1&#8243; fullwidth=&#8221;on&#8221; disabled_on=&#8221;||on&#8221; _builder_version=&#8221;3.22&#8243; background_color=&#8221;#fbb318&#8243; global_colors_info=&#8221;{}&#8221;][et_pb_fullwidth_slider show_arrows=&#8221;off&#8221; show_pagination=&#8221;off&#8221; admin_label=&#8221;marcas mobile&#8221; _builder_version=&#8221;4.10.7&#8243; max_width=&#8221;80%&#8221; module_alignment=&#8221;center&#8221; custom_padding=&#8221;50px||50px|&#8221; auto=&#8221;on&#8221; auto_speed=&#8221;3500&#8243; auto_ignore_hover=&#8221;on&#8221; hover_enabled=&#8221;0&#8243; global_colors_info=&#8221;{}&#8221; sticky_enabled=&#8221;0&#8243;][et_pb_slide use_bg_overlay=&#8221;off&#8221; use_text_overlay=&#8221;off&#8221; _builder_version=&#8221;4.10.7&#8243; background_color=&#8221;rgba(255,255,255,0)&#8221; background_image=&#8221;https:\/\/doremimusical.com.br\/2019\/wp-content\/uploads\/2021\/09\/marcas-02.png&#8221; background_enable_image=&#8221;on&#8221; button_on_hover=&#8221;on&#8221; global_colors_info=&#8221;{}&#8221; sticky_transition=&#8221;on&#8221;][\/et_pb_slide][et_pb_slide use_bg_overlay=&#8221;off&#8221; use_text_overlay=&#8221;off&#8221; _builder_version=&#8221;4.10.7&#8243; background_enable_color=&#8221;off&#8221; background_image=&#8221;https:\/\/doremimusical.com.br\/2019\/wp-content\/uploads\/2021\/09\/dfagsdfgscsrthxrfhcsfghcxhv-5.png&#8221; background_enable_image=&#8221;on&#8221; button_on_hover=&#8221;on&#8221; global_colors_info=&#8221;{}&#8221; sticky_transition=&#8221;on&#8221;][\/et_pb_slide][et_pb_slide use_bg_overlay=&#8221;off&#8221; use_text_overlay=&#8221;off&#8221; _builder_version=&#8221;4.10.7&#8243; background_color=&#8221;rgba(255,255,255,0)&#8221; background_image=&#8221;https:\/\/doremimusical.com.br\/2019\/wp-content\/uploads\/2024\/05\/asdasfsadffg1.fw_.png&#8221; background_enable_image=&#8221;on&#8221; button_on_hover=&#8221;on&#8221; hover_enabled=&#8221;0&#8243; global_colors_info=&#8221;{}&#8221; sticky_transition=&#8221;on&#8221; title_text=&#8221;asdasfsadffg1.fw&#8221; sticky_enabled=&#8221;0&#8243;][\/et_pb_slide][et_pb_slide use_bg_overlay=&#8221;off&#8221; use_text_overlay=&#8221;off&#8221; _builder_version=&#8221;4.10.7&#8243; background_color=&#8221;rgba(255,255,255,0)&#8221; background_image=&#8221;https:\/\/doremimusical.com.br\/2019\/wp-content\/uploads\/2021\/09\/dfagsdfgscsrthxrfhcsfghcxhv-3-1.png&#8221; background_enable_image=&#8221;on&#8221; button_on_hover=&#8221;on&#8221; global_colors_info=&#8221;{}&#8221; sticky_transition=&#8221;on&#8221;][\/et_pb_slide][et_pb_slide use_bg_overlay=&#8221;off&#8221; use_text_overlay=&#8221;off&#8221; _builder_version=&#8221;4.10.7&#8243; background_color=&#8221;rgba(255,255,255,0)&#8221; background_image=&#8221;https:\/\/doremimusical.com.br\/2019\/wp-content\/uploads\/2021\/09\/dfagsdfgscsrthxrfhcsfghcxhv-2-1.png&#8221; background_enable_image=&#8221;on&#8221; button_on_hover=&#8221;on&#8221; global_colors_info=&#8221;{}&#8221; sticky_transition=&#8221;on&#8221;][\/et_pb_slide][et_pb_slide use_bg_overlay=&#8221;off&#8221; use_text_overlay=&#8221;off&#8221; _builder_version=&#8221;4.10.7&#8243; background_color=&#8221;rgba(255,255,255,0)&#8221; background_image=&#8221;https:\/\/doremimusical.com.br\/2019\/wp-content\/uploads\/2021\/09\/dfagsdfgscsrthxrfhcsfghcxhv-1-1.png&#8221; background_enable_image=&#8221;on&#8221; button_on_hover=&#8221;on&#8221; global_colors_info=&#8221;{}&#8221; sticky_transition=&#8221;on&#8221;][\/et_pb_slide][\/et_pb_fullwidth_slider][\/et_pb_section][et_pb_section fb_built=&#8221;1&#8243; disabled_on=&#8221;on|on|&#8221; _builder_version=&#8221;4.10.7&#8243; background_color=&#8221;#fbb318&#8243; custom_padding=&#8221;0|0px|0|0px|false|false&#8221; top_divider_color=&#8221;#fbb318&#8243; top_divider_flip=&#8221;horizontal|vertical&#8221; top_divider_arrangement=&#8221;above_content&#8221; global_module=&#8221;212755&#8243; saved_tabs=&#8221;all&#8221; global_colors_info=&#8221;{}&#8221;][et_pb_row column_structure=&#8221;1_6,1_6,1_6,1_6,1_6,1_6&#8243; use_custom_gutter=&#8221;on&#8221; gutter_width=&#8221;1&#8243; _builder_version=&#8221;3.25&#8243; width=&#8221;95%&#8221; max_width=&#8221;95%&#8221; module_alignment=&#8221;center&#8221; custom_padding=&#8221;8px|0px|4px|0px|false|false&#8221; use_custom_width=&#8221;on&#8221; width_unit=&#8221;off&#8221; custom_width_percent=&#8221;95%&#8221; collapsed=&#8221;on&#8221; global_colors_info=&#8221;{}&#8221;][et_pb_column type=&#8221;1_6&#8243; _builder_version=&#8221;3.25&#8243; custom_padding=&#8221;|||&#8221; global_colors_info=&#8221;{}&#8221; custom_padding__hover=&#8221;|||&#8221;][et_pb_image src=&#8221;https:\/\/doremimusical.com.br\/2019\/wp-content\/uploads\/2021\/09\/marcas-02.png&#8221; title_text=&#8221;marcas-02&#8243; align_tablet=&#8221;center&#8221; align_phone=&#8221;&#8221; align_last_edited=&#8221;on|desktop&#8221; _builder_version=&#8221;4.10.7&#8243; global_colors_info=&#8221;{}&#8221;][\/et_pb_image][\/et_pb_column][et_pb_column type=&#8221;1_6&#8243; _builder_version=&#8221;3.25&#8243; custom_padding=&#8221;|||&#8221; global_colors_info=&#8221;{}&#8221; custom_padding__hover=&#8221;|||&#8221;][et_pb_image src=&#8221;https:\/\/doremimusical.com.br\/2019\/wp-content\/uploads\/2021\/09\/dfagsdfgscsrthxrfhcsfghcxhv-5.png&#8221; title_text=&#8221;dfagsdfgscsrthxrfhcsfghcxhv-5&#8243; align_tablet=&#8221;center&#8221; align_phone=&#8221;&#8221; align_last_edited=&#8221;on|desktop&#8221; _builder_version=&#8221;4.10.7&#8243; global_colors_info=&#8221;{}&#8221;][\/et_pb_image][\/et_pb_column][et_pb_column type=&#8221;1_6&#8243; _builder_version=&#8221;3.25&#8243; custom_padding=&#8221;|||&#8221; global_colors_info=&#8221;{}&#8221; custom_padding__hover=&#8221;|||&#8221;][et_pb_image src=&#8221;https:\/\/doremimusical.com.br\/2019\/wp-content\/uploads\/2021\/09\/dfagsdfgscsrthxrfhcsfghcxhv-4-1.png&#8221; title_text=&#8221;dfagsdfgscsrthxrfhcsfghcxhv-4-1&#8243; align_tablet=&#8221;center&#8221; align_phone=&#8221;&#8221; align_last_edited=&#8221;on|desktop&#8221; _builder_version=&#8221;4.10.7&#8243; global_colors_info=&#8221;{}&#8221;][\/et_pb_image][\/et_pb_column][et_pb_column type=&#8221;1_6&#8243; _builder_version=&#8221;3.25&#8243; custom_padding=&#8221;|||&#8221; global_colors_info=&#8221;{}&#8221; custom_padding__hover=&#8221;|||&#8221;][et_pb_image src=&#8221;https:\/\/doremimusical.com.br\/2019\/wp-content\/uploads\/2021\/09\/dfagsdfgscsrthxrfhcsfghcxhv-3-1.png&#8221; title_text=&#8221;dfagsdfgscsrthxrfhcsfghcxhv-3-1&#8243; align_tablet=&#8221;center&#8221; align_phone=&#8221;&#8221; align_last_edited=&#8221;on|desktop&#8221; _builder_version=&#8221;4.10.7&#8243; global_colors_info=&#8221;{}&#8221;][\/et_pb_image][\/et_pb_column][et_pb_column type=&#8221;1_6&#8243; _builder_version=&#8221;3.25&#8243; custom_padding=&#8221;|||&#8221; global_colors_info=&#8221;{}&#8221; custom_padding__hover=&#8221;|||&#8221;][et_pb_image src=&#8221;https:\/\/doremimusical.com.br\/2019\/wp-content\/uploads\/2021\/09\/dfagsdfgscsrthxrfhcsfghcxhv-2-1.png&#8221; title_text=&#8221;dfagsdfgscsrthxrfhcsfghcxhv-2-1&#8243; align_tablet=&#8221;center&#8221; align_phone=&#8221;&#8221; align_last_edited=&#8221;on|desktop&#8221; _builder_version=&#8221;4.10.7&#8243; global_colors_info=&#8221;{}&#8221;][\/et_pb_image][\/et_pb_column][et_pb_column type=&#8221;1_6&#8243; _builder_version=&#8221;3.25&#8243; custom_padding=&#8221;|||&#8221; global_colors_info=&#8221;{}&#8221; custom_padding__hover=&#8221;|||&#8221;][et_pb_image src=&#8221;https:\/\/doremimusical.com.br\/2019\/wp-content\/uploads\/2021\/09\/dfagsdfgscsrthxrfhcsfghcxhv-1-1.png&#8221; title_text=&#8221;dfagsdfgscsrthxrfhcsfghcxhv-1-1&#8243; align_tablet=&#8221;center&#8221; align_phone=&#8221;&#8221; align_last_edited=&#8221;on|desktop&#8221; _builder_version=&#8221;4.10.7&#8243; global_colors_info=&#8221;{}&#8221;][\/et_pb_image][\/et_pb_column][\/et_pb_row][\/et_pb_section][et_pb_section fb_built=&#8221;1&#8243; _builder_version=&#8221;4.10.6&#8243; _module_preset=&#8221;default&#8221; background_color=&#8221;#333333&#8243; custom_padding=&#8221;||0px|||&#8221; global_colors_info=&#8221;{}&#8221;][et_pb_row column_structure=&#8221;1_4,1_4,1_2&#8243; use_custom_gutter=&#8221;on&#8221; gutter_width=&#8221;4&#8243; _builder_version=&#8221;4.10.6&#8243; _module_preset=&#8221;default&#8221; width=&#8221;94%&#8221; custom_margin=&#8221;23px|auto||auto||&#8221; global_colors_info=&#8221;{}&#8221;][et_pb_column type=&#8221;1_4&#8243; _builder_version=&#8221;4.10.6&#8243; _module_preset=&#8221;default&#8221; global_colors_info=&#8221;{}&#8221;][et_pb_blurb title=&#8221;A escola&#8221; use_icon=&#8221;on&#8221; font_icon=&#8221;%%377%%&#8221; icon_color=&#8221;#FFFFFF&#8221; _builder_version=&#8221;4.10.6&#8243; _dynamic_attributes=&#8221;link_option_url&#8221; text_orientation=&#8221;center&#8221; background_layout=&#8221;dark&#8221; custom_margin=&#8221;30px||0px|||&#8221; custom_padding=&#8221;0px||0px&#8221; animation_style=&#8221;slide&#8221; animation_direction=&#8221;left&#8221; link_option_url=&#8221;@ET-DC@eyJkeW5hbWljIjp0cnVlLCJjb250ZW50IjoicG9zdF9saW5rX3VybF9wYWdlIiwic2V0dGluZ3MiOnsicG9zdF9pZCI6IjIxMTQxNyJ9fQ==@&#8221; global_colors_info=&#8221;{}&#8221;][\/et_pb_blurb][\/et_pb_column][et_pb_column type=&#8221;1_4&#8243; _builder_version=&#8221;4.10.6&#8243; _module_preset=&#8221;default&#8221; global_colors_info=&#8221;{}&#8221;][et_pb_blurb title=&#8221;A loja&#8221; use_icon=&#8221;on&#8221; font_icon=&#8221;%%114%%&#8221; icon_color=&#8221;#FFFFFF&#8221; _builder_version=&#8221;4.10.6&#8243; _dynamic_attributes=&#8221;link_option_url&#8221; _module_preset=&#8221;default&#8221; header_text_color=&#8221;#FFFFFF&#8221; text_orientation=&#8221;center&#8221; custom_margin=&#8221;||1px|||&#8221; custom_padding=&#8221;24px|||||&#8221; link_option_url=&#8221;@ET-DC@eyJkeW5hbWljIjp0cnVlLCJjb250ZW50IjoicG9zdF9saW5rX3VybF9wYWdlIiwic2V0dGluZ3MiOnsicG9zdF9pZCI6IjIxMTQzMSJ9fQ==@&#8221; global_colors_info=&#8221;{}&#8221;][\/et_pb_blurb][\/et_pb_column][et_pb_column type=&#8221;1_2&#8243; _builder_version=&#8221;4.10.6&#8243; _module_preset=&#8221;default&#8221; global_colors_info=&#8221;{}&#8221;][et_pb_text _builder_version=&#8221;4.10.6&#8243; _module_preset=&#8221;default&#8221; text_text_color=&#8221;#FFFFFF&#8221; header_text_color=&#8221;#FFFFFF&#8221; background_color=&#8221;#B22026&#8243; custom_padding=&#8221;20px|30px|20px|30px|false|false&#8221; border_radii=&#8221;off|20px|20px|60px|20px&#8221; global_colors_info=&#8221;{}&#8221;]<\/p>\n<h1>NOSSA HIST\u00d3RIA<\/h1>\n<p>A Do-Re-Mi Musical est\u00e1 h\u00e1 mais de 30 anos no mercado com a escola de ensino musical e com sua loja oferecendo produtos que atendem \u00e0 necessidade de m\u00fasicos dos mais diversos estilos, visando sempre a qualidade e o bom pre\u00e7o, que s\u00e3o os pontos fortes da empresa.<\/p>\n<p>[\/et_pb_text][\/et_pb_column][\/et_pb_row][et_pb_row _builder_version=&#8221;4.10.6&#8243; _module_preset=&#8221;default&#8221; global_colors_info=&#8221;{}&#8221;][et_pb_column type=&#8221;4_4&#8243; _builder_version=&#8221;4.10.6&#8243; _module_preset=&#8221;default&#8221; global_colors_info=&#8221;{}&#8221;][et_pb_divider color=&#8221;#fbb318&#8243; divider_style=&#8221;dashed&#8221; _builder_version=&#8221;3.19.18&#8243; global_colors_info=&#8221;{}&#8221;][\/et_pb_divider][\/et_pb_column][\/et_pb_row][\/et_pb_section]<\/p>\n","protected":false},"excerpt":{"rendered":"<p>NOSSA HIST\u00d3RIA A Do-Re-Mi Musical est\u00e1 h\u00e1 mais de 30 anos no mercado com a escola de ensino musical e com sua loja oferecendo produtos que atendem \u00e0 necessidade de m\u00fasicos dos mais diversos estilos, visando sempre a qualidade e o bom pre\u00e7o, que s\u00e3o os pontos fortes da empresa.<\/p>\n","protected":false},"author":1,"featured_media":0,"parent":0,"menu_order":0,"comment_status":"closed","ping_status":"closed","template":"","meta":{"_et_pb_use_builder":"on","_et_pb_old_content":"","_et_gb_content_width":""},"_links":{"self":[{"href":"https:\/\/doremimusical.com.br\/2019\/wp-json\/wp\/v2\/pages\/211361"}],"collection":[{"href":"https:\/\/doremimusical.com.br\/2019\/wp-json\/wp\/v2\/pages"}],"about":[{"href":"https:\/\/doremimusical.com.br\/2019\/wp-json\/wp\/v2\/types\/page"}],"author":[{"embeddable":true,"href":"https:\/\/doremimusical.com.br\/2019\/wp-json\/wp\/v2\/users\/1"}],"replies":[{"embeddable":true,"href":"https:\/\/doremimusical.com.br\/2019\/wp-json\/wp\/v2\/comments?post=211361"}],"version-history":[{"count":140,"href":"https:\/\/doremimusical.com.br\/2019\/wp-json\/wp\/v2\/pages\/211361\/revisions"}],"predecessor-version":[{"id":217232,"href":"https:\/\/doremimusical.com.br\/2019\/wp-json\/wp\/v2\/pages\/211361\/revisions\/217232"}],"wp:attachment":[{"href":"https:\/\/doremimusical.com.br\/2019\/wp-json\/wp\/v2\/media?parent=211361"}],"curies":[{"name":"wp","href":"https:\/\/api.w.org\/{rel}","templated":true}]}}